{"id":101,"date":"2011-06-09T09:19:17","date_gmt":"2011-06-09T13:19:17","guid":{"rendered":"http:\/\/agoratheque.yprovencal.ep.profweb.qc.ca\/?page_id=101"},"modified":"2011-06-09T09:19:17","modified_gmt":"2011-06-09T13:19:17","slug":"a-la-recherche-de-dieu-premiere-partie","status":"publish","type":"page","link":"http:\/\/agoratheque.3zcom.com\/?page_id=101","title":{"rendered":"\u00c0 la recherche de Dieu (premi\u00e8re partie)"},"content":{"rendered":"<p>Note\u00a0: Les noms des personnages de ce forum sont fictifs. Toute co\u00efncidence n\u2019est attribuable qu\u2019au hasard bien qu\u2019il soit possible que les pr\u00e9noms\u00a0et les noms de famille reproduisent ceux d\u2019\u00e9tudiants r\u00e9els.\u00a0<\/p>\n<p><em>\u00a0\u00a0\u00a0\u00a0\u00a0\u00a0\u00a0\u00a0\u00a0\u00a0\u00a0 Deux \u00e9tudiants ont demand\u00e9 de faire un forum dont le th\u00e8me g\u00e9n\u00e9ral serait l\u2019avenir de la religion et de la croyance en Dieu. L\u2019un croit en Dieu et se veut chr\u00e9tien d\u2019abord et avant tout. L\u2019autre est ind\u00e9cis. En fait, il voit aussi bien des raisons d\u2019\u00eatre ath\u00e9e, qu\u2019agnostique ou\u00a0croyant. Leur but est, sinon de parvenir, au moins de tenter d\u2019arriver \u00e0 une fa\u00e7on commune de comprendre Dieu et la religion. <\/em><\/p>\n<p><strong><em>Conna\u00eet-on aujourd\u2019hui de bonnes raisons de croire en Dieu\u00a0?<\/em><\/strong>\u00a0<\/p>\n<p>Maxime Beauregard\u00a0:\u00a0\u00a0<\/p>\n<p>Pour ma part, il n\u2019y a\u00a0pas de doute. Je crois en Dieu et je pr\u00e9tends que tous devraient croire en Dieu.\u00a0<\/p>\n<p>Marc-Andr\u00e9 Duclos\u00a0:<\/p>\n<p>\u00a0\u00a0\u00a0\u00a0\u00a0\u00a0\u00a0\u00a0\u00a0\u00a0\u00a0 Ma position est tr\u00e8s diff\u00e9rente. Je ne vois que de bonnes raisons de douter. Par exemple, la science moderne est tellement bien \u00e9tablie que je vois mal comment quelqu\u2019un, \u00e0 notre \u00e9poque, peut encore croire en Dieu.\u00a0<\/p>\n<p>Maxime B.\u00a0:\u00a0\u00a0<\/p>\n<p>\u00a0\u00a0\u00a0\u00a0\u00a0\u00a0\u00a0\u00a0\u00a0\u00a0\u00a0 Ton argument est tr\u00e8s pertinent. On pourrait en effet croire que la science moderne a r\u00e9ponse \u00e0 tout. Mais en fait, tel n\u2019est pas le cas. La science moderne explique les processus observables et, de ce fait, elle ne fait aucune th\u00e9orie sur Dieu. La plupart des scientifiques te diront, Maxime, que la connaissance scientifique est compatible aussi bien avec la croyance en Dieu qu\u2019avec la non-croyance.\u00a0<\/p>\n<p>Marc-Andr\u00e9 D.\u00a0:\u00a0<\/p>\n<p>\u00a0\u00a0\u00a0\u00a0\u00a0\u00a0\u00a0\u00a0\u00a0\u00a0\u00a0 D\u2019accord, mais peux-tu me donner une seule bonne raison de croire en Dieu, \u00e0 moi qui n\u2019en voit aucune\u00a0?\u00a0<\/p>\n<p>Maxime B.\u00a0:\u00a0<\/p>\n<p>\u00a0\u00a0\u00a0\u00a0\u00a0\u00a0\u00a0\u00a0\u00a0\u00a0\u00a0 J\u2019en vois plusieurs. Il y a par exemple l\u2019argument du pari. Si Dieu existe et que tu paries sur sa non-existence, tu perdras la vie \u00e9ternelle. Et, si Dieu n\u2019existe pas, ce que tu gagnes est que tu auras eu raison contre d\u2019autres. Si, \u00e0 l\u2019inverse, tu paries que Dieu existe et qu\u2019effectivement il existe, tu auras la vie \u00e9ternelle en plus d\u2019avoir eu raison. Et, si Dieu n\u2019existe pas, alors tu auras eu tort, mais tu resteras sans le savoir de fa\u00e7on s\u00fbre. Tu vois que, logiquement, il est plus avantageux de croire parce qu\u2019ainsi, on a beaucoup moins \u00e0 perdre.\u00a0<\/p>\n<p>Marc-Andr\u00e9 D.\u00a0:\u00a0<\/p>\n<p>\u00a0\u00a0\u00a0\u00a0\u00a0\u00a0\u00a0\u00a0\u00a0\u00a0\u00a0 Logiquement, l\u2019argument du pari semble te donner raison, Maxime. Il est n\u00e9anmoins insuffisant et je parierais (justement\u00a0!) que ce n\u2019est pas pour cette raison que tu crois en Dieu. Pour ma part, cela pourrait m&rsquo;int\u00e9resser concr\u00e8tement si j&rsquo;avais des chances de gagner 200\u00a0000 $ ou un voyage en Chine. Mais gagner la vie \u00e9ternelle demeure pour moi une id\u00e9e abstraite. Cela ne me dit rien du tout puisque j\u2019ignore ce que c\u2019est.\u00a0<\/p>\n<p>Maxime B.\u00a0:\u00a0\u00a0<\/p>\n<p>\u00a0\u00a0\u00a0\u00a0\u00a0\u00a0\u00a0\u00a0\u00a0\u00a0\u00a0 L\u00e0-dessus, tu as raison Marc-Andr\u00e9, ce n\u2019est pas la raison principale pour laquelle je crois en Dieu\u00a0; je la trouve moi-m\u00eame tr\u00e8s insuffisante. Ma raison principale de croire en Dieu serait tout autre chose. J\u2019ai la conviction que le message chr\u00e9tien est celui qui fait le plus de sens m\u00eame aujourd\u2019hui, non seulement pour moi mais pour quiconque. La science moderne, par exemple, ne me donne pas de raison d\u2019esp\u00e9rer quelque chose de vraiment int\u00e9ressant pour l\u2019avenir. Il semble bien que, d\u2019apr\u00e8s la science, ma seule destin\u00e9e est de mourir un jour et il en va de m\u00eame de tout ce que j\u2019aime. Tout devra dispara\u00eetre un jour sans laisser de trace. Des philosophes modernes ont bien fait de parler du caract\u00e8re absurde de l\u2019existence humaine lorsqu&rsquo;on la regarde comme d\u00e9pourvue de foi religieuse. En revanche, le Dieu auquel je crois est un Dieu bon, dont l\u2019id\u00e9e \u00e9claire mes jours et me nourrit int\u00e9rieurement mieux que toute autre chose, que ce soit la science, les arts ou la philosophie, par exemple.<\/p>\n<p>Marc-Andr\u00e9 D.\u00a0:<\/p>\n<p>\u00a0\u00a0\u00a0\u00a0\u00a0\u00a0\u00a0\u00a0\u00a0\u00a0\u00a0 Bon, justement. J\u2019aimerais te poser quelques questions sur cette id\u00e9e de Dieu et sur le message catholique en particulier, puisque tu te dis catholique, je crois. Tu ne te sens pas g\u00ean\u00e9 de la fa\u00e7on dont l\u2019\u00c9glise catholique a dans l\u2019histoire pers\u00e9cut\u00e9 les croyants des autres confessions, les h\u00e9r\u00e9tiques, les libertins ou les libres penseurs\u00a0?<\/p>\n<p>Maxime B.\u00a0:<\/p>\n<p>\u00a0\u00a0\u00a0\u00a0\u00a0\u00a0\u00a0\u00a0\u00a0\u00a0\u00a0 Je l\u2019avoue, ce sont l\u00e0 des faits g\u00eanants pour tout catholique qui se respecte. Je pourrais te r\u00e9pondre en remarquant que l\u2019\u00c9glise catholique est loin d\u2019\u00eatre la seule organisation religieuse ou politique \u00e0 s\u2019\u00eatre comport\u00e9e de fa\u00e7on plus que critiquable. Les protestants ont aussi pers\u00e9cut\u00e9 des libres penseurs ou des dissidents. L\u2019Islam s\u2019est \u00e9tendu par la violence arm\u00e9e. En outre, certaines organisations qui ne sont pas religieuses ont \u00e9t\u00e9 intol\u00e9rantes et violentes \u00e0 l\u2019extr\u00eame, comme les fascistes ou les stalinistes. L\u2019\u00c9glise catholique a tout de m\u00eame accept\u00e9 les critiques \u00e0 cet \u00e9gard et pos\u00e9 certains gestes significatifs de regret comme dans le cas de Galil\u00e9e. L\u2019\u00c9glise a reconnu ses torts \u00e9galement \u00e0 l\u2019\u00e9gard des juifs. Je suis s\u00fbr que, de nos jours, elle ne fermerait plus\u00a0les yeux sur les graves injustices dont les juifs ont \u00e9t\u00e9 victimes.<\/p>\n<p>Joanie Laporte\u00a0:<\/p>\n<p>\u00a0\u00a0\u00a0\u00a0\u00a0\u00a0\u00a0\u00a0\u00a0\u00a0\u00a0 Je me sens un peu oblig\u00e9e de venir d\u00e9fendre le point de vue des femmes dans ce forum qui n\u2019est s\u00fbrement pas r\u00e9serv\u00e9 \u00e0 la gent masculine, n\u2019est-ce pas\u00a0? Que faut-il penser de chefs religieux \u2014 je pense aux papes Jean-Paul II et Beno\u00eet XVI \u2014 qui s\u2019ent\u00eatent \u00e0 condamner l\u2019avortement et qui persistent \u00e0 maintenir les femmes catholiques en \u00e9tat de subordination, sans compter la fa\u00e7on dont ils traitent les homosexuels\u00a0?<\/p>\n<p>Maxime B.\u00a0:<\/p>\n<p>\u00a0\u00a0\u00a0\u00a0\u00a0\u00a0\u00a0\u00a0\u00a0\u00a0\u00a0 L\u00e0-dessus, Joanie, je partage ton insatisfaction. Je ne suis pas satisfait de ce que l\u2019autorit\u00e9 catholique a fait jusqu\u2019\u00e0 pr\u00e9sent en ce qui concerne la reconnaissance des femmes et des homosexuels comme des humains \u00e0 part enti\u00e8re. Je pense, n\u00e9anmoins, que je peux esp\u00e9rer une v\u00e9ritable prise de conscience de mon \u00c9glise l\u00e0-dessus et sur d\u2019autres sujets, mais plus tard, dans l\u2019avenir.<\/p>\n<p><strong><em>L\u2019\u00e9volution possible de l\u2019\u00c9glise dans l\u2019avenir<\/em><\/strong>\u00a0<\/p>\n<p>Marc-Andr\u00e9 D.\u00a0:\u00a0<\/p>\n<p>\u00a0\u00a0\u00a0\u00a0\u00a0\u00a0\u00a0\u00a0\u00a0\u00a0\u00a0 Pourtant Maxime, si j\u2019ai bien compris, tu reconnais l\u2019autorit\u00e9 catholique actuelle et tu acceptes de te soumettre \u00e0 ses prescriptions\u00a0?\u00a0<\/p>\n<p>Maxime B.\u00a0:\u00a0<\/p>\n<p>\u00a0\u00a0\u00a0\u00a0\u00a0\u00a0\u00a0\u00a0\u00a0\u00a0\u00a0 C\u2019est vrai. Mais je tiens \u00e0 dire que je demeure libre de penser de fa\u00e7on critique \u00e0 l\u2019\u00e9gard de ces autorit\u00e9s que je reconnais. C\u2019est un peu comme un citoyen qui n\u2019admet pas le bien-fond\u00e9 d\u2019une loi en vigueur mais qui accepte quand m\u00eame de s\u2019y conformer en attendant qu\u2019\u00e9ventuellement cette loi soit abrog\u00e9e.\u00a0<\/p>\n<p>Marc-Andr\u00e9 D.\u00a0:\u00a0<\/p>\n<p>\u00a0\u00a0\u00a0\u00a0\u00a0\u00a0\u00a0\u00a0\u00a0\u00a0\u00a0 Tu esp\u00e8res donc qu\u2019il y ait une \u00e9volution qui rendra caducs un certain nombre de r\u00e8gles qui sont aujourd\u2019hui en vigueur dans l\u2019\u00c9glise\u00a0? Dans ce cas, il serait int\u00e9ressant de consid\u00e9rer de quelle fa\u00e7on elle pourrait changer dans l\u2019avenir\u00a0afin que la croyance catholique devienne vraiment int\u00e9ressante pour quelqu\u2019un comme moi. Es-tu de mon avis, Maxime\u00a0?<\/p>\n<p>Maxime B.\u00a0:<\/p>\n<p>\u00a0\u00a0\u00a0\u00a0\u00a0\u00a0\u00a0\u00a0\u00a0\u00a0\u00a0 Oui, je crois que je serais capable d\u2019envisager des changements dans la mentalit\u00e9 catholique actuelle et dans la fa\u00e7on de penser des dirigeants, en particulier. Par exemple, il est s\u00fbr que j\u2019approuverais un changement du dogme \u00e0 l\u2019\u00e9gard de la place des femmes ou des homosexuels dans l\u2019\u00c9glise. Sur la question des valeurs \u00e0 partager, je crois que nous pourrions nous entendre tous les deux, mis \u00e0 part le fait que tu refuses la foi. Cependant, comme je crois que l&rsquo;\u00c9glise peut changer, je crois \u00e9galement que les incroyants pourront changer leur point de vue dans l&rsquo;avenir si\u00a0certains changements de ce type \u00e9taient apport\u00e9s dans la fa\u00e7on dont\u00a0l&rsquo;\u00c9glise comprend elle-m\u00eame son message.<\/p>\n<p><strong><em>Marc-Andr\u00e9 pose\u00a0\u00e0 Maxime une question redoutable pour tout croyant<\/em><\/strong>\u00a0<\/p>\n<p>Marc-Andr\u00e9 D.\u00a0:\u00a0<\/p>\n<p>\u00a0\u00a0\u00a0\u00a0\u00a0\u00a0\u00a0\u00a0\u00a0\u00a0\u00a0 Hum, je me demande si l\u2019\u00e9volution que tu envisagerais volontiers pourrait aller jusqu\u2019\u00e0 me satisfaire. Par exemple, lorsqu\u2019on dit, chez les catholiques comme chez bien d\u2019autres, que Dieu est \u00e0 la fois le cr\u00e9ateur du monde, qu\u2019il est omniscient, infiniment bon et tout-puissant, j\u2019y vois une contradiction profonde. Je ne peux comprendre comment Dieu, s\u2019il a vraiment cr\u00e9\u00e9 ce monde et s\u2019il est vraiment tout-puissant et omniscient, peut \u00eatre en m\u00eame innocent\u00e9 de tout le mal qui s\u2019y est produit et qui se produit encore. Faut-il vraiment croire que toute la responsabilit\u00e9 revient \u00e0 l\u2019humain malgr\u00e9 son ignorance et ses faiblesses\u00a0?\u00a0<\/p>\n<p>Maxime B.\u00a0:\u00a0<\/p>\n<p>\u00a0\u00a0\u00a0\u00a0\u00a0\u00a0\u00a0\u00a0\u00a0\u00a0\u00a0 On ne peut tenir Dieu responsable du mal qui se produit dans sa cr\u00e9ation. Une premi\u00e8re raison est que Dieu a voulu cr\u00e9er l\u2019humain libre, c\u2019est-\u00e0-dire responsable des cons\u00e9quences de ses agissements. Si un humain maltraite un autre humain, c\u2019est donc l\u2019humain qui en est responsable et non Dieu. Par ailleurs, il nous faut accepter les limites de notre compr\u00e9hension. Nous ne pouvons pas tout comprendre, c\u2019est un fait. Il nous faut \u00eatre r\u00e9aliste et accepter ce fait.<\/p>\n<p>Marc-Andr\u00e9 D.\u00a0:<\/p>\n<p>\u00a0\u00a0\u00a0\u00a0\u00a0\u00a0\u00a0\u00a0\u00a0\u00a0\u00a0 Franchement, Maxime, j\u2019estime que ta r\u00e9ponse est insuffisante. D\u2019abord, il n\u2019y a pas que les maux dont on peut juger l\u2019humain responsable. Il y en a bien d\u2019autres et non des moindres. Par exemple, que dire des catastrophes naturelles telles que les s\u00e9ismes ou les tsunamis\u00a0? Que dire de ces souffrances que des masses d\u2019humains doivent supporter et qui ne d\u00e9coulent d\u2019aucune d\u00e9cision humaine d\u00e9lib\u00e9r\u00e9e, telles que les accidents, la maladie, la vieillesse et la mort in\u00e9vitable\u00a0? Que dire de la perte d\u2019\u00eatres chers qui repr\u00e9sentent souvent ce qu\u2019il y a de plus pr\u00e9cieux pour un humain\u00a0? Tu invoques le myst\u00e8re des desseins divins. Je suis d\u2019accord pour accepter de ne pas tout comprendre. Cependant je ne peux me r\u00e9soudre \u00e0 accepter ce que ma raison me fait voir comme inacceptable. Pourquoi ce Dieu auquel tu crois ne veut pas au moins accepter une part de responsabilit\u00e9 dans ce dont nous ne sommes certainement pas responsables de fa\u00e7on consciente\u00a0? Es-tu s\u00fbr que ta r\u00e9ponse respecte vraiment l\u2019humain sinc\u00e8re qui, apr\u00e8s tout, a le droit de se questionner sur les intentions profondes de la divinit\u00e9 qui l\u2019a cr\u00e9\u00e9, en supposant bien s\u00fbr que cette divinit\u00e9 existe\u00a0?<\/p>\n<p>Maxime B.\u00a0:<\/p>\n<p>C\u2019est une question difficile et m\u00eame redoutable pour le croyant que tu poses l\u00e0, Maxime. Je ne veux pas faire comme si de rien n\u2019\u00e9tait. Je suis sensible \u00e0 de telles questions. Et je peux t\u2019avouer qu&rsquo;il arrive parfois qu&rsquo;un doute fasse surface dans mon esprit et, alors,\u00a0cela prend la forme de ce type de questionnement. Comment faire la distinction entre ce qu\u2019on doit accepter de ne pas comprendre et ce qu\u2019on doit au contraire s\u2019efforcer de comprendre\u00a0? Car il y a des difficult\u00e9s que je me dois de tenter de r\u00e9soudre, que nous les croyants, nous nous devons de tenter de r\u00e9soudre, ne serait-ce que parce que c\u2019est le genre de difficult\u00e9 qui \u00e9loigne pour de bon une personne raisonnable de la croyance en Dieu.<\/p>\n<p>Marc-Andr\u00e9 D.\u00a0:<\/p>\n<p>\u00a0\u00a0\u00a0\u00a0\u00a0\u00a0\u00a0\u00a0\u00a0\u00a0\u00a0 J\u2019ai lu un philosophe qui pr\u00e9tend que Dieu n\u2019est pas tout-puissant et que, peut-\u00eatre, il est tout bonnement incapable d\u2019emp\u00eacher le mal d\u2019exister, surtout lorsqu\u2019il s\u2019agit d\u2019un mal atroce, du mal absolu comme par exemple le mal de l\u2019Holocauste<a name=\"_ftnref1\" href=\"https:\/\/lms2.decclic.qc.ca\/Pub\/F38E337E-4AB4-4459-8A51-E3429AA48AD9\/83FD98EB-35A6-4D5F-BF79-1E7DDD33661E#_ftn1\">[1]<\/a>. Je pense qu\u2019il faudrait que plus de croyants envisagent des solutions de ce type. Je veux dire qu\u2019il faudra sans doute remettre profond\u00e9ment en question les croyances traditionnelles en ce qui concerne Dieu.<\/p>\n<p>Maxime B.\u00a0:<\/p>\n<p>\u00a0\u00a0\u00a0\u00a0\u00a0\u00a0\u00a0\u00a0\u00a0\u00a0\u00a0 Je crois aussi que ce sera quelque chose \u00e0 envisager t\u00f4t ou tard. Cependant je pr\u00e9f\u00e8re laisser \u00e0 d\u2019autres, plus savants que moi, le soin d\u2019envisager des solutions aussi radicales. Car si on accepte de modifier les attributs de Dieu, o\u00f9 s\u2019arr\u00eatera-t-on\u00a0? Par exemple, faudrait-il aussi remettre en question l\u2019omniscience et, \u00e0 ce compte, m\u00eame l\u2019unicit\u00e9 de Dieu\u00a0? Nous risquerions fort de r\u00e9gresser au lieu d\u2019avancer.<\/p>\n<p><strong><em>Marc-Andr\u00e9 et Maxime font ensemble des hypoth\u00e8ses sur ce que serait un Dieu bon<\/em><\/strong><\/p>\n<p>Marc-Andr\u00e9 D.\u00a0:\u00a0<\/p>\n<p>\u00a0\u00a0\u00a0\u00a0\u00a0\u00a0\u00a0\u00a0\u00a0\u00a0\u00a0 En tout cas, je pense que ce serait un progr\u00e8s pour notre connaissance de Dieu de supposer qu\u2019il n\u2019est pas absolument tout-puissant. Il est vrai qu\u2019alors, il se pose tout de suite d\u2019autres questions un peu embarrassantes. Si Dieu n\u2019est pas capable de tout faire, alors que peut-il faire\u00a0? Il me semble qu\u2019il peut quand m\u00eame avoir \u00e9t\u00e9 assez puissant pour cr\u00e9er l\u2019Univers et tout ce qui existe dans cet Univers\u00a0? Qu\u2019en penses-tu, Maxime\u00a0?\u00a0<\/p>\n<p>Maxime B.\u00a0:\u00a0\u00a0<\/p>\n<p>\u00a0\u00a0\u00a0\u00a0\u00a0\u00a0\u00a0\u00a0\u00a0\u00a0\u00a0 Oui, ce serait une hypoth\u00e8se \u00e0 envisager. Mais comment expliquer dans ce cas qu\u2019un \u00eatre soit assez puissant pour cr\u00e9er l\u2019Univers sans \u00eatre tout-puissant\u00a0? Je ne connais personne qui ait envisag\u00e9 une telle hypoth\u00e8se. Cette situation me donne un peu le vertige.<\/p>\n<p>Marc-Andr\u00e9 D.\u00a0:<\/p>\n<p>\u00a0\u00a0\u00a0\u00a0\u00a0\u00a0\u00a0\u00a0\u00a0\u00a0\u00a0 D\u2019accord, c\u2019est vertigineux, mais c\u2019est aussi exaltant quand m\u00eame d\u2019exercer une telle libert\u00e9 de questionnement. Je crois dans mon for int\u00e9rieur que Dieu, s\u2019il existe, ne serait pas en d\u00e9saccord avec ce que nous faisons. Car, apr\u00e8s tout, c\u2019est peut-\u00eatre de cette fa\u00e7on que je pourrai croire en lui.<\/p>\n<p>(\u2026)\u00a0<\/p>\n<p>Joseph Hoang\u00a0:\u00a0<\/p>\n<p>\u00a0\u00a0\u00a0\u00a0\u00a0\u00a0\u00a0\u00a0\u00a0\u00a0\u00a0 Je suis tomb\u00e9 par hasard sur votre dialogue. Je ne comprends pas bien votre motivation. Pourquoi s\u2019interroger sur une entit\u00e9 aussi abstraite\u00a0? Si encore il s\u2019agissait d\u2019une formule math\u00e9matique, cela pourrait faire avancer la science. Faire des hypoth\u00e8ses sur Dieu, c\u2019est comme se demander si le p\u00e8re No\u00ebl, s&rsquo;il devait vraiment exister,\u00a0resterait habill\u00e9 en rouge toute l\u2019ann\u00e9e.<\/p>\n<p>(\u2026)<\/p>\n<p>Marc-Andr\u00e9\u00a0D. :\u00a0<\/p>\n<p>\u00a0\u00a0\u00a0\u00a0\u00a0\u00a0\u00a0\u00a0\u00a0\u00a0\u00a0 Si jamais tu repasses par ici, Joseph, tu pourras peut-\u00eatre voir \u00e0 quoi une telle discussion pourrait servir. C\u2019est d\u2019abord une recherche gratuite, comme la recherche pure de connaissance et de compr\u00e9hension. Je pense que les math\u00e9maticiens et les physiciens th\u00e9oriciens savent que cela est tr\u00e8s motivant en soi. Et puis, trouver une nouvelle conception de Dieu qui serait meilleure que toutes celles qui sont connues actuellement, il me semble que c\u2019est tr\u00e8s important pour l\u2019avenir. Plus les humains trouveront du sens \u00e0 ce qu\u2019ils sont et \u00e0 ce dont ils proviennent, plus ils pourront \u00eatre motiv\u00e9s pour agir de fa\u00e7on constructive.\u00a0<\/p>\n<p>\u00a0\u00a0\u00a0\u00a0\u00a0\u00a0\u00a0\u00a0\u00a0\u00a0\u00a0 Tu as \u00e9crit, Maxime,\u00a0sur le fait que d\u2019autres, plus savants que nous, seraient mieux plac\u00e9s pour faire des hypoth\u00e8ses valables. Ce n\u2019est pas faux, mais je pense qu\u2019ils nous approuveraient de chercher quand m\u00eame\u00a0\u00e0 comprendre d\u2019abord par nous-m\u00eames, quitte \u00e0 demander ensuite \u00e0 d\u2019autres ce qu\u2019ils en pensent.\u00a0<\/p>\n<p>Maxime B.\u00a0:\u00a0<\/p>\n<p>\u00a0\u00a0\u00a0\u00a0\u00a0\u00a0\u00a0\u00a0\u00a0\u00a0\u00a0 Moi aussi, j\u2019ai r\u00e9fl\u00e9chi et je pense que tu as raison. Il nous faudra seulement \u00e9viter de croire avoir atteint seuls la v\u00e9rit\u00e9 absolue sans raison suffisante. Je crois que cela vaut la peine de continuer. Peut-\u00eatre pourras-tu ainsi croire en Dieu et pourrai-je moi-m\u00eame me sentir plus en accord avec moi-m\u00eame.<\/p>\n<p><strong><em>Le mod\u00e8le du parent et de l\u2019enfant<\/em><\/strong>\u00a0<\/p>\n<p>Marc-Andr\u00e9 D.\u00a0:\u00a0<\/p>\n<p>\u00a0\u00a0\u00a0\u00a0\u00a0\u00a0\u00a0\u00a0\u00a0\u00a0\u00a0 Il m\u2019est venu une id\u00e9e qui est peut-\u00eatre originale. Il y a peut-\u00eatre un moyen de mieux comprendre ce que serait Dieu, s\u2019il existe vraiment. Imagine-le comme un p\u00e8re ou mieux, une m\u00e8re, dont nous sommes l\u2019enfant. Je veux dire que nous tous, les humains, serions vu par Dieu comme un p\u00e8re ou une m\u00e8re voit son enfant. Et vice versa. L\u2019humanit\u00e9 actuelle verrait Dieu comme un enfant verrait son p\u00e8re ou sa m\u00e8re. Cette analogie peut nous aider \u00e0 comprendre comment Dieu peut \u00eatre \u00e0 la fois assez puissant pour nous avoir cr\u00e9\u00e9s, nous et cet univers, et quand m\u00eame pas assez puissant pour emp\u00eacher totalement que nous nous fassions du mal ou que nous souffrions de diff\u00e9rentes fa\u00e7ons. Comme un p\u00e8re ou une m\u00e8re, il souffrirait lui-m\u00eame de nous voir souffrir et, comme un p\u00e8re ou une m\u00e8re, il accepterait pourtant le fait que nous souffrons. En effet, pour la m\u00e8re par exemple, elle ne s\u2019inqui\u00e8te pas exag\u00e9r\u00e9ment si l\u2019enfant pleure parfois\u00a0; elle tente de le soulager mais n\u2019y parvient pas toujours.\u00a0\u00a0<\/p>\n<p>Maxime B.\u00a0:\u00a0<\/p>\n<p>\u00a0\u00a0\u00a0\u00a0\u00a0\u00a0\u00a0\u00a0\u00a0\u00a0\u00a0 Je trouve int\u00e9ressante ton id\u00e9e de comparer Dieu \u00e0 un parent qui serait en relation avec un enfant qu\u2019il aurait \u00ab\u00a0mis au monde\u00a0\u00bb, c\u2019est-\u00e0-dire qu\u2019il aurait fait exister. Je suis all\u00e9 voir le professeur afin de savoir si, selon lui, l\u2019id\u00e9e \u00e9tait nouvelle. Il m\u2019a r\u00e9pondu qu\u2019une id\u00e9e semblable a \u00e9t\u00e9 d\u00e9velopp\u00e9e d\u00e9j\u00e0 par le philosophe Richard Swinburne. Il m\u2019a expliqu\u00e9 que notre id\u00e9e serait probablement originale si nous supposions que l\u2019enfant est encore tr\u00e8s jeune. Si tel est le cas, l\u2019enfant tend \u00e0 croire ses parents tout-puissants et ce n\u2019est que progressivement qu\u2019il en arrive \u00e0 comprendre qu\u2019ils ne sont pas capables de tout faire. Ils ne peuvent faire en sorte que leur enfant ne ressente aucune souffrance lorsque, par exemple, il se fait les dents. Cela sugg\u00e8re que l\u2019enfant serait encore un b\u00e9b\u00e9, je dirais, d\u2019environ deux ou trois ans.\u00a0<\/p>\n<p>Marc-Andr\u00e9 D.\u00a0:\u00a0<\/p>\n<p>\u00a0\u00a0\u00a0\u00a0\u00a0\u00a0\u00a0\u00a0\u00a0\u00a0\u00a0 Ainsi, d\u2019apr\u00e8s ce mod\u00e8le de l\u2019enfant, attribuer une puissance tr\u00e8s grande bien que limit\u00e9e \u00e0 Dieu serait une progression de la compr\u00e9hension humaine de ce que Dieu est. De plus, nous pouvons voir que Dieu ne peut faire en sorte que nous comprenions tout de suite ce qu\u2019il est, tout comme les parents ne peuvent faire en sorte que leur enfant sache tout de suite ce qu\u2019ils sont et la fa\u00e7on dont ils sont limit\u00e9s.\u00a0<\/p>\n<p>Maxime B.\u00a0:\u00a0<\/p>\n<p>\u00a0\u00a0\u00a0\u00a0\u00a0\u00a0\u00a0\u00a0\u00a0\u00a0\u00a0 Oui, ce mod\u00e8le semble apte \u00e0 nous faire avancer dans notre compr\u00e9hension de la divinit\u00e9. Cependant il ne faut pas nous imaginer qu\u2019un tel mod\u00e8le analogique nous fera tout comprendre tout de suite. D\u2019ailleurs, c\u2019est coh\u00e9rent puisque l\u2019enfant non plus ne peut \u00eatre capable de comprendre imm\u00e9diatement ce que sont ses parents de leur propre point de vue.\u00a0<\/p>\n<p>Marc-Andr\u00e9 D.\u00a0:\u00a0<\/p>\n<p>\u00a0\u00a0\u00a0\u00a0\u00a0\u00a0\u00a0\u00a0\u00a0\u00a0\u00a0 Je verrais pour ma part ce mod\u00e8le comme apte \u00e0 nous faire d\u00e9couvrir de nouvelles hypoth\u00e8ses en ce qui concerne l\u2019identit\u00e9 de Dieu, ce qu\u2019il pense et ce qu\u2019il veut. Et, en m\u00eame temps, ce mod\u00e8le nous aide \u00e0 mieux comprendre ce que nous sommes et les limitations de notre capacit\u00e9 de comprendre et de juger.\u00a0<\/p>\n<p>Maxime B.\u00a0:\u00a0<\/p>\n<p>\u00a0\u00a0\u00a0\u00a0\u00a0\u00a0\u00a0\u00a0\u00a0\u00a0\u00a0 Sais-tu, Maxime, que, plus j\u2019y pense, plus je trouve ce mod\u00e8le int\u00e9ressant. Voyons notre position par rapport \u00e0 Dieu. Nous sommes son enfant. Il est donc en un sens notre \u00ab\u00a0cr\u00e9ateur\u00a0\u00bb. Nous sommes curieux de ce qu\u2019il est, mais nous ne sommes pas encore en mesure de bien comprendre ses raisons. De son point de vue, Dieu consid\u00e8re comme normal que nous nous trompions sur lui, mais il esp\u00e8re que nous deviendrons capables de le comprendre de mieux en mieux. Loin de nous bl\u00e2mer parce que nous sommes curieux de savoir ce qu\u2019il est, il est content de voir que nous sommes capables de remettre en questions nos \u00ab\u00a0connaissances\u00a0\u00bb ant\u00e9rieures sur lui.\u00a0<\/p>\n<p><em>\u00a0\u00a0\u00a0\u00a0\u00a0\u00a0\u00a0\u00a0\u00a0\u00a0\u00a0 \u00c9pilogue\u00a0: Les deux \u00e9tudiants ont voulu en quelque sorte consacrer l\u2019aboutissement de leur dialogue par un autre geste commun.<\/em>\u00a0<\/p>\n<p>\u00a0\u00a0\u00a0\u00a0\u00a0\u00a0\u00a0\u00a0\u00a0\u00a0 <em>\u00ab\u00a0Manifeste pour Dieu\u00a0\u00bb<\/em>\u00a0<\/p>\n<p>\u00a0\u00a0\u00a0\u00a0\u00a0\u00a0\u00a0\u00a0\u00a0\u00a0\u00a0 <em>\u00ab\u00a0Ce manifeste pour Dieu est le manifeste d\u2019une recherche de Dieu sur de nouvelles bases.<\/em><\/p>\n<div class=\"edit-link\"><a class=\"post-edit-link\" href=\"\">modifier<\/a><\/div>","protected":false},"excerpt":{"rendered":"<p>Note\u00a0: Les noms des personnages de ce forum sont fictifs. Toute co\u00efncidence n\u2019est attribuable qu\u2019au hasard bien qu\u2019il soit possible que les pr\u00e9noms\u00a0et les noms de famille reproduisent ceux d\u2019\u00e9tudiants r\u00e9els.\u00a0 \u00a0\u00a0\u00a0\u00a0\u00a0\u00a0\u00a0\u00a0\u00a0\u00a0\u00a0 Deux \u00e9tudiants ont demand\u00e9 de faire un forum dont le th\u00e8me&#8230;<\/p>\n","protected":false},"author":3,"featured_media":0,"parent":74,"menu_order":0,"comment_status":"open","ping_status":"open","template":"","meta":[],"tags":[],"_links":{"self":[{"href":"http:\/\/agoratheque.3zcom.com\/index.php?rest_route=\/wp\/v2\/pages\/101"}],"collection":[{"href":"http:\/\/agoratheque.3zcom.com\/index.php?rest_route=\/wp\/v2\/pages"}],"about":[{"href":"http:\/\/agoratheque.3zcom.com\/index.php?rest_route=\/wp\/v2\/types\/page"}],"author":[{"embeddable":true,"href":"http:\/\/agoratheque.3zcom.com\/index.php?rest_route=\/wp\/v2\/users\/3"}],"replies":[{"embeddable":true,"href":"http:\/\/agoratheque.3zcom.com\/index.php?rest_route=%2Fwp%2Fv2%2Fcomments&post=101"}],"version-history":[{"count":1,"href":"http:\/\/agoratheque.3zcom.com\/index.php?rest_route=\/wp\/v2\/pages\/101\/revisions"}],"predecessor-version":[{"id":102,"href":"http:\/\/agoratheque.3zcom.com\/index.php?rest_route=\/wp\/v2\/pages\/101\/revisions\/102"}],"up":[{"embeddable":true,"href":"http:\/\/agoratheque.3zcom.com\/index.php?rest_route=\/wp\/v2\/pages\/74"}],"wp:attachment":[{"href":"http:\/\/agoratheque.3zcom.com\/index.php?rest_route=%2Fwp%2Fv2%2Fmedia&parent=101"}],"wp:term":[{"taxonomy":"post_tag","embeddable":true,"href":"http:\/\/agoratheque.3zcom.com\/index.php?rest_route=%2Fwp%2Fv2%2Ftags&post=101"}],"curies":[{"name":"wp","href":"https:\/\/api.w.org\/{rel}","templated":true}]}}