{"id":116,"date":"2011-06-09T09:48:47","date_gmt":"2011-06-09T13:48:47","guid":{"rendered":"http:\/\/agoratheque.yprovencal.ep.profweb.qc.ca\/?page_id=116"},"modified":"2011-07-23T18:29:21","modified_gmt":"2011-07-23T22:29:21","slug":"la-diabolisation-des-nazis","status":"publish","type":"page","link":"http:\/\/agoratheque.3zcom.com\/?page_id=116","title":{"rendered":"La diabolisation des nazis"},"content":{"rendered":"<div>\n<p>Note\u00a0: Les noms des personnages de ce forum sont fictifs. Toute co\u00efncidence n\u2019est attribuable qu\u2019au hasard bien qu\u2019il soit possible que les pr\u00e9noms\u00a0et les noms de famille reproduisent ceux d\u2019\u00e9tudiants r\u00e9els.<\/p>\n<p><span style=\"font-size: small;\"><span style=\"font-size: small;\"><em>\u00a0\u00a0\u00a0\u00a0\u00a0\u00a0\u00a0<span style=\"font-size: small;\"><span style=\"font-size: small;\"><em>La diabolisation est une forme d\u2019irrespect envers l\u2019humain. Un \u00e9tudiant tente de montrer la validit\u00e9 d\u2019un tel \u00e9nonc\u00e9\u00a0g\u00e9n\u00e9ral mais dans le cas des nazis en particulier. Cet \u00e9tudiant a \u00e9t\u00e9 averti qu&rsquo;il s&rsquo;agissait d&rsquo;un cas des plus difficiles.<\/em><\/span><\/span><\/em><\/span><\/span><\/p>\n<p><span style=\"font-size: small;\"><span style=\"font-size: small;\"><em><\/em><\/span><\/span>Fr\u00e9d\u00e9ric Poirier\u00a0:<\/p>\n<p>\u00a0\u00a0\u00a0\u00a0\u00a0\u00a0\u00a0\u00a0\u00a0\u00a0\u00a0\u00a0\u00a0\u00a0\u00a0Pour la dissertation j\u2019ai choisi le sujet de la diabolisation des nazis. Comme le professeur me l\u2019a recommand\u00e9, j\u2019ai lu le chapitre 8 de <em>La diabolisation<a id=\"ref-1\" href=\"#note-1\"><sup>1<\/sup><\/a><\/em>. J\u2019aimerais avoir l\u2019avis des autres \u00e9tudiants sur certaines questions que je me suis pos\u00e9es en lisant ce chapitre\u00a0:\u00a0<\/p>\n<ul type=\"disc\">\n<li>Pouvons-nous dire que les nazis sont diabolis\u00e9s\u00a0? Plus particuli\u00e8rement, pouvons-nous dire qu\u2019Hitler est diabolis\u00e9\u00a0?\u00a0\u00a0\u00a0\u00a0\u00a0\u00a0\u00a0<\/li>\n<li>Est-il correct de diaboliser les nazis et, en particulier, Adolf Hitler\u00a0?\u00a0<\/li>\n<li>Peut-on cesser de diaboliser les nazis sans risquer d\u2019encourager la violence\u00a0?<\/li>\n<\/ul>\n<p>\u00a0<\/p>\n<p>Pascal Duclos\u00a0:\u00a0<\/p>\n<p>\u00a0\u00a0\u00a0\u00a0\u00a0\u00a0\u00a0\u00a0\u00a0\u00a0\u00a0 Pour ma part, je pense que les nazis sont diabolis\u00e9s et que c\u2019est correct de le faire. Je ne vois pas pourquoi il faudrait cesser de les diaboliser\u00a0; ce serait m\u00eame irresponsable de cesser parce que cela donnerait l\u2019impression qu\u2019on peut faire des g\u00e9nocides sans que cela soit vu comme quelque chose de mal.\u00a0<\/p>\n<p>Jo\u00ebl Dubois\u00a0:\u00a0\u00a0<\/p>\n<p>J\u2019affirme, pour ma part, que les nazis ont agi de fa\u00e7on criminelle et m\u00eame diabolique. J\u2019ai lu plusieurs livres l\u00e0-dessus (sur les nazis ou sur Hitler) et ils sont tous d\u2019accord pour d\u00e9crire les nazis et surtout Hitler comme des monstres inhumains. D\u2019ailleurs n\u2019est-ce pas les nazis qui ont tu\u00e9 six millions de Juifs\u00a0dans les chambres \u00e0 gaz ?\u00a0<\/p>\n<p>Fr\u00e9d\u00e9ric P.\u00a0:\u00a0\u00a0<\/p>\n<p>\u00a0\u00a0\u00a0\u00a0\u00a0\u00a0\u00a0\u00a0\u00a0\u00a0\u00a0 Mon point de vue personnel l\u00e0-dessus est que les nazis \u00e9taient des \u00eatres humains et, donc, qu\u2019ils ne pouvaient pas \u00eatre diaboliques, c\u2019est-\u00e0-dire qu\u2019ils ne pouvaient pas \u00eatre la m\u00eame chose que des d\u00e9mons. Je pense donc qu\u2019il est incorrect et injuste de les diaboliser et qu\u2019on devrait cesser de le faire.\u00a0<\/p>\n<p>Max\u00a0:\u00a0<\/p>\n<p>\u00a0\u00a0\u00a0\u00a0\u00a0\u00a0\u00a0\u00a0\u00a0\u00a0\u00a0 Fr\u00e9d\u00e9ric ne sait pas de quoi il parle. Moi, j\u2019ai lu en masse sur les Allemands et les Juifs. Je suis s\u00fbr que le parti National Socialiste avait raison. Il fallait \u00e0 tout prix mettre une fin \u00e0 la mainmise des Juifs sur les m\u00e9dias et les emp\u00eacher de continuer leur propagande haineuse contre les Allemands.\u00a0<\/p>\n<p>Fr\u00e9d\u00e9ric P.\u00a0:\u00a0<\/p>\n<p>\u00a0\u00a0\u00a0\u00a0\u00a0\u00a0\u00a0\u00a0\u00a0\u00a0\u00a0 Pourrais-tu d\u2019abord t\u2019identifier, Max, es-tu un \u00e9tudiant\u00a0?<\/p>\n<p>Max\u00a0:<\/p>\n<p>\u00a0\u00a0\u00a0\u00a0\u00a0\u00a0\u00a0\u00a0\u00a0\u00a0\u00a0 Oui, je suis un \u00e9tudiant, mais vous ne me connaissez pas. Je ne peux pas donner mon vrai nom parce que ce serait trop risqu\u00e9 pour ma s\u00e9curit\u00e9. Je suis s\u00fbr qu\u2019il y en a qui vont lire ce que je dis en d\u00e9formant mes paroles. Mon but est de vous donner l\u2019heure juste sur les Juifs et sur les Nazis.<\/p>\n<p>Fr\u00e9d\u00e9ric P.\u00a0:<\/p>\n<p>\u00a0\u00a0\u00a0\u00a0\u00a0\u00a0\u00a0\u00a0\u00a0\u00a0\u00a0 Pourquoi en veux-tu aux juifs\u00a0?<\/p>\n<p>Max\u00a0:<\/p>\n<p>\u00a0\u00a0\u00a0\u00a0\u00a0\u00a0\u00a0\u00a0\u00a0\u00a0\u00a0 \u00c0 moi, ils n\u2019ont rien fait, mais je suis certain qu\u2019ils sont de vrais d\u00e9mons. Vous avez lu les \u00c9vangiles\u00a0? J\u00e9sus appelle les Juifs \u00ab\u00a0fils de Satan\u00a0\u00bb.<\/p>\n<p>Fr\u00e9d\u00e9ric P.\u00a0:<\/p>\n<p>\u00a0\u00a0\u00a0\u00a0\u00a0\u00a0\u00a0\u00a0\u00a0\u00a0\u00a0 Mais J\u00e9sus \u00e9tait lui-m\u00eame un juif.<\/p>\n<p>Max\u00a0:<\/p>\n<p>\u00a0\u00a0\u00a0\u00a0\u00a0\u00a0\u00a0\u00a0\u00a0\u00a0\u00a0 Je ne pense pas que J\u00e9sus \u00e9tait vraiment un Juif. En tout cas, s\u2019il l\u2019\u00e9tait, c\u2019\u00e9tait une exception.<\/p>\n<p>Fr\u00e9d\u00e9ric P.\u00a0:<\/p>\n<p>\u00a0\u00a0\u00a0\u00a0\u00a0\u00a0\u00a0\u00a0\u00a0\u00a0\u00a0 Je te propose, Max, de lire l\u2019\u00e9change que j\u2019aurai ici avec les \u00e9tudiants de mon groupe. Et, apr\u00e8s cela, tu nous diras si tu es toujours du m\u00eame avis.<\/p>\n<p>(\u2026)<\/p>\n<p>Pascal D.\u00a0:<\/p>\n<p>\u00a0\u00a0\u00a0\u00a0\u00a0\u00a0\u00a0\u00a0\u00a0\u00a0\u00a0 En admettant, Fr\u00e9d\u00e9ric, que tu aies raison et qu\u2019il ne soit pas conforme \u00e0 la v\u00e9rit\u00e9 de diaboliser les nazis, tu n\u2019aurais pas peur que cela encourage d\u2019autres personnes aussi dangereuses \u00e0 tuer et \u00e0 massacrer des gens comme ils l\u2019ont fait\u00a0?<\/p>\n<p>Fr\u00e9d\u00e9ric P.\u00a0:<\/p>\n<p>\u00a0\u00a0\u00a0\u00a0\u00a0\u00a0\u00a0\u00a0\u00a0\u00a0\u00a0 C\u2019est une bonne question que tu poses l\u00e0, Pascal. Faire ce que tu sugg\u00e8res revient \u00e0 faire un calcul utilitariste, c\u2019est-\u00e0-dire \u00e0 \u00e9valuer les risques et si les risques sont trop grands, on conclut qu\u2019il ne faut pas dire la v\u00e9rit\u00e9. Cependant qu\u2019est-ce qui prouve qu\u2019il y aurait plus de violence si on cessait de diaboliser les gens et cela, m\u00eame lorsqu\u2019il s\u2019agit de gens dangereux. Ce que je crois, pour ma part, c\u2019est que, si les nazis ont \u00e9t\u00e9 si dangereux, c\u2019est pr\u00e9cis\u00e9ment parce qu\u2019ils ont diabolis\u00e9 ceux qui allaient \u00eatre leurs victimes. Ne faisons pas comme eux. Cessons de diaboliser et nous serons moins violents.<\/p>\n<p>(\u2026)<\/p>\n<p>Jo\u00ebl D.\u00a0:<\/p>\n<p>\u00a0\u00a0\u00a0\u00a0\u00a0\u00a0\u00a0\u00a0\u00a0\u00a0\u00a0 Je reconnais le fait que les nazis \u00e9taient humains, mais ils se sont comport\u00e9s de fa\u00e7on diabolique. Un humain peut tr\u00e8s bien devenir un criminel capable de tuer de fa\u00e7on sadique. Est-ce que cela ne suffit pas \u00e0 voir cet humain comme diabolique\u00a0?<\/p>\n<p>Fr\u00e9d\u00e9ric P.\u00a0:<\/p>\n<p>\u00a0\u00a0\u00a0\u00a0\u00a0\u00a0\u00a0\u00a0\u00a0\u00a0\u00a0 Non, justement. Faire souffrir quelqu\u2019un ou m\u00eame le tuer d\u2019une fa\u00e7on sadique n\u2019implique pas qu\u2019on soit diabolique. La preuve, c\u2019est que moi-m\u00eame, lorsque j\u2019avais environ 12 ans, j\u2019ai fait expr\u00e8s pour qu\u2019un autre gar\u00e7on se fasse mal. Je me souviens aussi d\u2019avoir vu des gamins malmener un chat juste pour le plaisir. Cela signifie-t-il que moi ou ces gamins \u00e9taient diaboliques\u00a0?<\/p>\n<p>Sergio Perez-Boudreau\u00a0:<\/p>\n<p>\u00a0\u00a0\u00a0\u00a0\u00a0\u00a0\u00a0\u00a0\u00a0\u00a0\u00a0 Je pense, Fr\u00e9d\u00e9ric, que tu t\u2019\u00e9loignes de la question. Lorsque des enfants font du mal par plaisir \u00e0 un animal, ce n\u2019est pas du tout la m\u00eame chose que lorsque ce sont des adultes qui posent des actes sadiques envers des humains. Les nazis n\u2019\u00e9taient pas des enfants. Certains d\u2019entre eux \u00e9taient m\u00eame des chefs. Le pire de tous, c\u2019est \u00e9vident, \u00e9tait Hitler.<\/p>\n<p>Fr\u00e9d\u00e9ric P.\u00a0:<\/p>\n<p>\u00a0\u00a0\u00a0\u00a0\u00a0\u00a0\u00a0\u00a0\u00a0\u00a0\u00a0 Ce que j\u2019ai voulu expliquer, Sergio, est qu\u2019on ne pouvait logiquement affirmer que faire du mal par plaisir \u00e0 d\u2019autres implique n\u00e9cessairement \u00eatre quelqu\u2019un de diabolique. Toi-m\u00eame, n\u2019as-tu jamais \u00e9prouv\u00e9 du plaisir \u00e0 voir quelqu\u2019un souffrir\u00a0?<\/p>\n<p>Sergio P.-B.\u00a0:<\/p>\n<p>\u00a0\u00a0\u00a0\u00a0\u00a0\u00a0\u00a0\u00a0\u00a0\u00a0\u00a0 Oui, lorsqu\u2019il le m\u00e9rite. Cependant les victimes des nazis ne m\u00e9ritaient pas de souffrir et d\u2019\u00eatre massacr\u00e9es comme elles l\u2019ont \u00e9t\u00e9.<\/p>\n<p>Fr\u00e9d\u00e9ric P.\u00a0:<\/p>\n<p>\u00a0\u00a0\u00a0\u00a0\u00a0\u00a0\u00a0\u00a0\u00a0\u00a0\u00a0 Je suis tout a fait d\u2019accord avec toi sur ce point. Les victimes des nazis n\u2019ont pas m\u00e9rit\u00e9, en g\u00e9n\u00e9ral, d\u2019\u00eatre maltrait\u00e9es comme elles l\u2019ont \u00e9t\u00e9. Cependant la bonne question ici est\u00a0: est-ce que <em>les nazis, eux, croyaient que leurs victimes m\u00e9ritaient de souffrir et m\u00eame de mourir<\/em>\u00a0?<\/p>\n<p>Sergio P.-B.\u00a0:<\/p>\n<p>\u00a0\u00a0\u00a0\u00a0\u00a0\u00a0\u00a0\u00a0\u00a0\u00a0\u00a0 Qu\u2019importe ce que les nazis pensaient. De toute fa\u00e7on, ils mentaient lorsqu\u2019ils ont fait des propagandes haineuses contre les juifs et contre bien d\u2019autres.<\/p>\n<p>Jo\u00ebl D.\u00a0:<\/p>\n<p>\u00a0\u00a0\u00a0\u00a0\u00a0\u00a0\u00a0\u00a0\u00a0\u00a0\u00a0 L\u00e0-dessus, je donne partiellement raison \u00e0 Fr\u00e9d\u00e9ric. Je suis s\u00fbr que beaucoup de nazis \u00e9taient r\u00e9ellement convaincus que les juifs \u00e9taient m\u00e9chants et nuisibles et qu\u2019ils m\u00e9ritaient donc d\u2019\u00eatre expuls\u00e9s. Certains les auront craints au point de chercher \u00e0 les \u00e9liminer par n\u2019importe quel moyen.<\/p>\n<p>Fr\u00e9d\u00e9ric P.\u00a0:<\/p>\n<p>\u00a0\u00a0\u00a0\u00a0\u00a0\u00a0\u00a0\u00a0\u00a0\u00a0\u00a0 Oui, Jo\u00ebl. Et j\u2019ajouterais qu\u2019une grande proportion d\u2019Allemands devaient croire, eux-aussi, que les juifs \u00e9taient des criminels. Comme je l\u2019ai lu dans le livre du professeur, il y avait \u00e0 l\u2019\u00e9poque, en Allemagne, une grande propagande anti-juive dans les journaux. Cependant, Jo\u00ebl, je voudrais te poser une question pr\u00e9cise. Si tu es pr\u00eat \u00e0 reconna\u00eetre qu\u2019au moins certains nazis croyaient que les juifs n\u2019\u00e9taient pas des victimes innocentes mais des criminels, serais-tu alors pr\u00eat \u00e0 reconna\u00eetre que logiquement ils ne pouvaient \u00eatre tenus pour responsables de ce qui est arriv\u00e9 aux juifs et \u00e0 plusieurs autres\u00a0?<\/p>\n<p>Jo\u00ebl D.\u00a0:<\/p>\n<p>\u00a0\u00a0\u00a0\u00a0\u00a0\u00a0\u00a0\u00a0\u00a0\u00a0\u00a0 Bonne question, Fr\u00e9d\u00e9ric. Apr\u00e8s r\u00e9flexion, je suis quand m\u00eame arriv\u00e9 \u00e0 la conclusion que m\u00eame les nazis qui croyaient que les juifs \u00e9taient coupables de crimes graves n\u2019auraient pas d\u00fb les tuer comme ils l\u2019ont fait, c\u2019est-\u00e0-dire commettre un g\u00e9nocide (incluant donc les femmes et les enfants).<\/p>\n<p>Fr\u00e9d\u00e9ric P.\u00a0:<\/p>\n<p>\u00a0\u00a0\u00a0\u00a0\u00a0\u00a0\u00a0\u00a0\u00a0\u00a0\u00a0 Bon, je veux bien. Il ne faut pas oublier, cependant, que la population allemande n\u2019\u00e9tait pas bien au courant de ce qui se passait dans les camps de la mort. Ils pouvaient croire que c\u2019\u00e9taient l\u2019\u00e9quivalent de prisons et qu\u2019on y envoyait r\u00e9ellement des criminels. Un homme ou une femme nazi pouvait donc ne pas en savoir assez pour \u00eatre tenu responsable du g\u00e9nocide.<\/p>\n<p>Jo\u00ebl D.\u00a0:<\/p>\n<p>\u00a0\u00a0\u00a0\u00a0\u00a0\u00a0\u00a0\u00a0\u00a0\u00a0\u00a0 D\u2019accord, je suis pr\u00eat \u00e0 dire avec toi, Fr\u00e9d\u00e9ric, que certains nazis n\u2019\u00e9taient pas vraiment responsables du g\u00e9nocide juif. Mais il y en avait s\u00fbrement qui \u00e9taient au courant. Hitler, par exemple, \u00e9tait s\u00fbrement au courant. Ce qu\u2019il a fait reste \u00e0 mes yeux quelque chose de monstrueux et diabolique.<\/p>\n<p>Fr\u00e9d\u00e9ric P.\u00a0:<\/p>\n<p>\u00a0\u00a0\u00a0\u00a0\u00a0\u00a0\u00a0\u00a0\u00a0\u00a0\u00a0 Je te conseille fortement, Fr\u00e9d\u00e9ric, de lire le chapitre 8 de <em>La diabolisation<\/em>. Si tu l\u2019as fait d\u00e9j\u00e0, tu devrais le relire. On y montre qu\u2019Hitler semblait r\u00e9ellement croire que les juifs \u00e9taient aussi m\u00e9chants et dangereux que le diable lui-m\u00eame.<\/p>\n<p>Jo\u00ebl D.\u00a0:<\/p>\n<p>\u00a0\u00a0\u00a0\u00a0\u00a0\u00a0\u00a0\u00a0\u00a0\u00a0\u00a0 Si c\u2019\u00e9tait vraiment le cas, je veux dire, si Hitler croyait que les juifs \u00e9taient r\u00e9ellement des d\u00e9mons, alors j\u2019admets qu\u2019il n\u2019\u00e9tait pas plus responsable qu\u2019un malade mental ou qu\u2019un enfant qui croit au d\u00e9mon et qui devient m\u00e9chant \u00e0 cause de cela. Mais j\u2019ai encore des doutes. Comment tant de monde auraient-ils pu se tromper \u00e0 ce point sur Hitler\u00a0?<\/p>\n<p>Sergio P.-B.\u00a0:<\/p>\n<p>\u00a0\u00a0\u00a0\u00a0\u00a0\u00a0\u00a0\u00a0\u00a0\u00a0\u00a0 Hol\u00e0, Jo\u00ebl, je n\u2019aurais pas cru que tu te laisserais convaincre. Hitler faisait croire aux autres que les \u00ab\u00a0Juifs\u00a0\u00bb \u00e9taient m\u00e9chants et pervers. En r\u00e9alit\u00e9, c\u2019est lui qui l\u2019\u00e9tait.<\/p>\n<p>Jo\u00ebl D.\u00a0:<\/p>\n<p>\u00a0\u00a0\u00a0\u00a0\u00a0\u00a0\u00a0\u00a0\u00a0\u00a0\u00a0 Mais Sergio, si Hitler \u00e9tait un fou ou un na\u00eff qui croyait voir des d\u00e9mons partout o\u00f9 il y avait des juifs, est-ce que tu ne serais pas d\u2019accord qu\u2019il ne savait pas clairement ce qu\u2019il faisait, qu\u2019il n\u2019en avait qu\u2019une conscience troubl\u00e9e\u00a0?\u00a0<\/p>\n<p>\u00a0\u00a0\u00a0\u00a0\u00a0\u00a0\u00a0\u00a0\u00a0\u00a0\u00a0 <em>Ce forum a pris fin l\u00e0-dessus, faute de temps. On peut supposer que Fr\u00e9d\u00e9ric, Jo\u00ebl et Sergio ont continu\u00e9 de d\u00e9battre de cette importante question d\u2019\u00e9thique. Max ne s\u2019est plus manifest\u00e9. On ne peut qu\u2019esp\u00e9rer qu\u2019il a \u00e9t\u00e9 \u00e9clair\u00e9 par ce qu\u2019il aura lu ensuite dans ce forum.<\/em>\u00a0\u00a0\u00a0\u00a0\u00a0\u00a0\u00a0\u00a0\u00a0\u00a0\u00a0<\/p>\n<div>\n<div id=\"ftn1\">\n<p><a id=\"note-1\" href=\"#ref-1\">1<\/a>Yvon Proven\u00e7al, <em><a title=\"La diabolisation\" href=\"http:\/\/mail.agoratheque.3zcom.com\/?page_id=148\" target=\"_blank\">La diabolisation. Une p\u00e9dagogie de l\u2019\u00e9thique<\/a><\/em>, Qu\u00e9bec, Presses Inter Universitaires, 2007; <a title=\"Chapitre 8: Les nazis\" href=\"http:\/\/mail.agoratheque.3zcom.com\/?page_id=1594\">chapitre 8: \u00ab\u00a0Les nazis\u00a0\u00bb<\/a>. <a id=\"note-1\" href=\"#ref-1\">1<\/a><\/p>\n<\/div>\n<\/div>\n<\/div>\n<div class=\"edit-link\"><a class=\"post-edit-link\" href=\"\">modifier<\/a><\/div>","protected":false},"excerpt":{"rendered":"<p>Note\u00a0: Les noms des personnages de ce forum sont fictifs. Toute co\u00efncidence n\u2019est attribuable qu\u2019au hasard bien qu\u2019il soit possible que les pr\u00e9noms\u00a0et les noms de famille reproduisent ceux d\u2019\u00e9tudiants r\u00e9els. \u00a0\u00a0\u00a0\u00a0\u00a0\u00a0\u00a0La diabolisation est une forme d\u2019irrespect envers l\u2019humain. Un \u00e9tudiant tente de&#8230;<\/p>\n","protected":false},"author":3,"featured_media":0,"parent":76,"menu_order":0,"comment_status":"open","ping_status":"open","template":"","meta":[],"tags":[],"_links":{"self":[{"href":"http:\/\/agoratheque.3zcom.com\/index.php?rest_route=\/wp\/v2\/pages\/116"}],"collection":[{"href":"http:\/\/agoratheque.3zcom.com\/index.php?rest_route=\/wp\/v2\/pages"}],"about":[{"href":"http:\/\/agoratheque.3zcom.com\/index.php?rest_route=\/wp\/v2\/types\/page"}],"author":[{"embeddable":true,"href":"http:\/\/agoratheque.3zcom.com\/index.php?rest_route=\/wp\/v2\/users\/3"}],"replies":[{"embeddable":true,"href":"http:\/\/agoratheque.3zcom.com\/index.php?rest_route=%2Fwp%2Fv2%2Fcomments&post=116"}],"version-history":[{"count":5,"href":"http:\/\/agoratheque.3zcom.com\/index.php?rest_route=\/wp\/v2\/pages\/116\/revisions"}],"predecessor-version":[{"id":8318,"href":"http:\/\/agoratheque.3zcom.com\/index.php?rest_route=\/wp\/v2\/pages\/116\/revisions\/8318"}],"up":[{"embeddable":true,"href":"http:\/\/agoratheque.3zcom.com\/index.php?rest_route=\/wp\/v2\/pages\/76"}],"wp:attachment":[{"href":"http:\/\/agoratheque.3zcom.com\/index.php?rest_route=%2Fwp%2Fv2%2Fmedia&parent=116"}],"wp:term":[{"taxonomy":"post_tag","embeddable":true,"href":"http:\/\/agoratheque.3zcom.com\/index.php?rest_route=%2Fwp%2Fv2%2Ftags&post=116"}],"curies":[{"name":"wp","href":"https:\/\/api.w.org\/{rel}","templated":true}]}}