{"id":1353,"date":"2011-07-13T14:46:14","date_gmt":"2011-07-13T18:46:14","guid":{"rendered":"http:\/\/agoratheque.yprovencal.ep.profweb.qc.ca\/?page_id=1353"},"modified":"2011-08-11T16:51:15","modified_gmt":"2011-08-11T20:51:15","slug":"6-l%e2%80%99interpretation-physico-cognitive-de-la-conscience","status":"publish","type":"page","link":"http:\/\/agoratheque.3zcom.com\/?page_id=1353","title":{"rendered":"6. L\u2019interpr\u00e9tation physico-cognitive de la conscience"},"content":{"rendered":"<div>\n<p>\u00a0\u00a0\u00a0\u00a0\u00a0\u00a0\u00a0\u00a0\u00a0\u00a0\u00a0 Le probl\u00e8me de la conscience qui se pose en philosophie de l\u2019esprit, et qui concerne d\u00e9j\u00e0 toutes les sciences cognitives, est envisag\u00e9 ici \u00e0 la lumi\u00e8re des concepts de potentiel r\u00e9el et d\u2019effectivit\u00e9. Le concept d\u2019effectivit\u00e9, en particulier, jette un \u00e9clairage compl\u00e8tement renouvel\u00e9 sur ce qu\u2019est la conscience.<\/p>\n<p><a title=\"6.1 Les deux fa\u00e7ons de d\u00e9crire la conscience\" href=\"http:\/\/mail.agoratheque.3zcom.com\/?page_id=2129\">Suite<\/a><\/p>\n<\/div>\n<div class=\"edit-link\"><a class=\"post-edit-link\" href=\"\">modifier<\/a><\/div>","protected":false},"excerpt":{"rendered":"<p>\u00a0\u00a0\u00a0\u00a0\u00a0\u00a0\u00a0\u00a0\u00a0\u00a0\u00a0 Le probl\u00e8me de la conscience qui se pose en philosophie de l\u2019esprit, et qui concerne d\u00e9j\u00e0 toutes les sciences cognitives, est envisag\u00e9 ici \u00e0 la lumi\u00e8re des concepts de potentiel r\u00e9el et d\u2019effectivit\u00e9. Le concept d\u2019effectivit\u00e9, en particulier, jette un \u00e9clairage compl\u00e8tement&#8230;<\/p>\n","protected":false},"author":1,"featured_media":0,"parent":382,"menu_order":60,"comment_status":"open","ping_status":"open","template":"","meta":[],"tags":[],"_links":{"self":[{"href":"http:\/\/agoratheque.3zcom.com\/index.php?rest_route=\/wp\/v2\/pages\/1353"}],"collection":[{"href":"http:\/\/agoratheque.3zcom.com\/index.php?rest_route=\/wp\/v2\/pages"}],"about":[{"href":"http:\/\/agoratheque.3zcom.com\/index.php?rest_route=\/wp\/v2\/types\/page"}],"author":[{"embeddable":true,"href":"http:\/\/agoratheque.3zcom.com\/index.php?rest_route=\/wp\/v2\/users\/1"}],"replies":[{"embeddable":true,"href":"http:\/\/agoratheque.3zcom.com\/index.php?rest_route=%2Fwp%2Fv2%2Fcomments&post=1353"}],"version-history":[{"count":2,"href":"http:\/\/agoratheque.3zcom.com\/index.php?rest_route=\/wp\/v2\/pages\/1353\/revisions"}],"predecessor-version":[{"id":2135,"href":"http:\/\/agoratheque.3zcom.com\/index.php?rest_route=\/wp\/v2\/pages\/1353\/revisions\/2135"}],"up":[{"embeddable":true,"href":"http:\/\/agoratheque.3zcom.com\/index.php?rest_route=\/wp\/v2\/pages\/382"}],"wp:attachment":[{"href":"http:\/\/agoratheque.3zcom.com\/index.php?rest_route=%2Fwp%2Fv2%2Fmedia&parent=1353"}],"wp:term":[{"taxonomy":"post_tag","embeddable":true,"href":"http:\/\/agoratheque.3zcom.com\/index.php?rest_route=%2Fwp%2Fv2%2Ftags&post=1353"}],"curies":[{"name":"wp","href":"https:\/\/api.w.org\/{rel}","templated":true}]}}