{"id":142,"date":"2011-06-09T11:43:28","date_gmt":"2011-06-09T15:43:28","guid":{"rendered":"http:\/\/agoratheque.yprovencal.ep.profweb.qc.ca\/?page_id=142"},"modified":"2011-06-26T17:29:35","modified_gmt":"2011-06-26T21:29:35","slug":"la-pensee-rationnelle","status":"publish","type":"page","link":"http:\/\/agoratheque.3zcom.com\/?page_id=142","title":{"rendered":"La pens\u00e9e rationnelle"},"content":{"rendered":"<p><em><img decoding=\"async\" loading=\"lazy\" class=\"alignleft\" src=\"https:\/\/lms2.decclic.qc.ca\/Pub\/F38E337E-4AB4-4459-8A51-E3429AA48AD9\/scan_Pen_rat.jpg\" alt=\"\" width=\"203\" height=\"317\" \/>La pens\u00e9e rationnelle. Perspective nouvelle sur ses origines et ses d\u00e9veloppements<\/em>, par Yvon Proven\u00e7al, Qu\u00e9bec, <a title=\"Presses Inter Universitaires\" href=\"http:\/\/mail.agoratheque.3zcom.com\/?page_id=573\" target=\"_blank\">Presses Inter Universitaires<\/a>, 2001.<\/p>\n<p>D&rsquo;o\u00f9 viennent la pens\u00e9e scientifique et la pens\u00e9e philosophique? Comment ont-elles commenc\u00e9 et comment se sont-elles d\u00e9velopp\u00e9es jusqu&rsquo;\u00e0 nos jours?<\/p>\n<div class=\"edit-link\"><a class=\"post-edit-link\" href=\"\">modifier<\/a><\/div>","protected":false},"excerpt":{"rendered":"<p>La pens\u00e9e rationnelle. Perspective nouvelle sur ses origines et ses d\u00e9veloppements, par Yvon Proven\u00e7al, Qu\u00e9bec, Presses Inter Universitaires, 2001. D&rsquo;o\u00f9 viennent la pens\u00e9e scientifique et la pens\u00e9e philosophique? Comment ont-elles commenc\u00e9 et comment se sont-elles d\u00e9velopp\u00e9es jusqu&rsquo;\u00e0 nos jours? modifier<\/p>\n","protected":false},"author":3,"featured_media":0,"parent":70,"menu_order":0,"comment_status":"open","ping_status":"open","template":"","meta":[],"tags":[9],"_links":{"self":[{"href":"http:\/\/agoratheque.3zcom.com\/index.php?rest_route=\/wp\/v2\/pages\/142"}],"collection":[{"href":"http:\/\/agoratheque.3zcom.com\/index.php?rest_route=\/wp\/v2\/pages"}],"about":[{"href":"http:\/\/agoratheque.3zcom.com\/index.php?rest_route=\/wp\/v2\/types\/page"}],"author":[{"embeddable":true,"href":"http:\/\/agoratheque.3zcom.com\/index.php?rest_route=\/wp\/v2\/users\/3"}],"replies":[{"embeddable":true,"href":"http:\/\/agoratheque.3zcom.com\/index.php?rest_route=%2Fwp%2Fv2%2Fcomments&post=142"}],"version-history":[{"count":5,"href":"http:\/\/agoratheque.3zcom.com\/index.php?rest_route=\/wp\/v2\/pages\/142\/revisions"}],"predecessor-version":[{"id":259,"href":"http:\/\/agoratheque.3zcom.com\/index.php?rest_route=\/wp\/v2\/pages\/142\/revisions\/259"}],"up":[{"embeddable":true,"href":"http:\/\/agoratheque.3zcom.com\/index.php?rest_route=\/wp\/v2\/pages\/70"}],"wp:attachment":[{"href":"http:\/\/agoratheque.3zcom.com\/index.php?rest_route=%2Fwp%2Fv2%2Fmedia&parent=142"}],"wp:term":[{"taxonomy":"post_tag","embeddable":true,"href":"http:\/\/agoratheque.3zcom.com\/index.php?rest_route=%2Fwp%2Fv2%2Ftags&post=142"}],"curies":[{"name":"wp","href":"https:\/\/api.w.org\/{rel}","templated":true}]}}