{"id":144,"date":"2011-06-09T11:44:50","date_gmt":"2011-06-09T15:44:50","guid":{"rendered":"http:\/\/agoratheque.yprovencal.ep.profweb.qc.ca\/?page_id=144"},"modified":"2011-06-26T17:32:10","modified_gmt":"2011-06-26T21:32:10","slug":"le-phenomene-de-la-mondialisation","status":"publish","type":"page","link":"http:\/\/agoratheque.3zcom.com\/?page_id=144","title":{"rendered":"Le ph\u00e9nom\u00e8ne de la mondialisation"},"content":{"rendered":"<p><em><img decoding=\"async\" loading=\"lazy\" class=\"alignleft\" src=\"https:\/\/lms2.decclic.qc.ca\/Pub\/F38E337E-4AB4-4459-8A51-E3429AA48AD9\/scan_PM.jpg\" alt=\"\" width=\"222\" height=\"337\" \/>Le ph\u00e9nom\u00e8ne de la mondialisation. Vers le droit \u00e0 la dissidence et la d\u00e9mocratie globale<\/em>, par Yvon Proven\u00e7al, Qu\u00e9bec, <a title=\"Presses Inter Universitaires\" href=\"http:\/\/mail.agoratheque.3zcom.com\/?page_id=573\" target=\"_blank\">Presses Inter Universitaires<\/a>, 2003.<\/p>\n<p>\u00a0\u00a0\u00a0\u00a0\u00a0\u00a0Ce qu&rsquo;on appelle aujourd&rsquo;hui le ph\u00e9nom\u00e8ne de la mondialisation est mal compris par le grand public. En outre, il pose plusieurs questions troublantes aux experts de toutes sortes. Par exemple, qu&rsquo;adviendra-t-il de la d\u00e9mocratie telle qu&rsquo;on l&rsquo;a comprise jusqu&rsquo;\u00e0 maintenant? Que deviendront les droits humains en g\u00e9n\u00e9ral et les droits sociaux en particulier? Qu&rsquo;adviendra-t-il de la souverainet\u00e9 des \u00c9tats-nations tels que le Canada, la France ou les \u00c9tats-Unis? Pouvons-nous esp\u00e9rer, ou devons-nous redouter, l&rsquo;av\u00e8nement d&rsquo;un super-\u00c9tat mondial? Cet ouvrage tente d&rsquo;\u00e9clairer le grand public sur ces questions tout en proposant des id\u00e9es et des pistes originales de solution.<\/p>\n<div class=\"edit-link\"><a class=\"post-edit-link\" href=\"\">modifier<\/a><\/div>","protected":false},"excerpt":{"rendered":"<p>Le ph\u00e9nom\u00e8ne de la mondialisation. Vers le droit \u00e0 la dissidence et la d\u00e9mocratie globale, par Yvon Proven\u00e7al, Qu\u00e9bec, Presses Inter Universitaires, 2003. \u00a0\u00a0\u00a0\u00a0\u00a0\u00a0Ce qu&rsquo;on appelle aujourd&rsquo;hui le ph\u00e9nom\u00e8ne de la mondialisation est mal compris par le grand public. En outre, il pose&#8230;<\/p>\n","protected":false},"author":3,"featured_media":0,"parent":70,"menu_order":0,"comment_status":"open","ping_status":"open","template":"","meta":[],"tags":[],"_links":{"self":[{"href":"http:\/\/agoratheque.3zcom.com\/index.php?rest_route=\/wp\/v2\/pages\/144"}],"collection":[{"href":"http:\/\/agoratheque.3zcom.com\/index.php?rest_route=\/wp\/v2\/pages"}],"about":[{"href":"http:\/\/agoratheque.3zcom.com\/index.php?rest_route=\/wp\/v2\/types\/page"}],"author":[{"embeddable":true,"href":"http:\/\/agoratheque.3zcom.com\/index.php?rest_route=\/wp\/v2\/users\/3"}],"replies":[{"embeddable":true,"href":"http:\/\/agoratheque.3zcom.com\/index.php?rest_route=%2Fwp%2Fv2%2Fcomments&post=144"}],"version-history":[{"count":6,"href":"http:\/\/agoratheque.3zcom.com\/index.php?rest_route=\/wp\/v2\/pages\/144\/revisions"}],"predecessor-version":[{"id":580,"href":"http:\/\/agoratheque.3zcom.com\/index.php?rest_route=\/wp\/v2\/pages\/144\/revisions\/580"}],"up":[{"embeddable":true,"href":"http:\/\/agoratheque.3zcom.com\/index.php?rest_route=\/wp\/v2\/pages\/70"}],"wp:attachment":[{"href":"http:\/\/agoratheque.3zcom.com\/index.php?rest_route=%2Fwp%2Fv2%2Fmedia&parent=144"}],"wp:term":[{"taxonomy":"post_tag","embeddable":true,"href":"http:\/\/agoratheque.3zcom.com\/index.php?rest_route=%2Fwp%2Fv2%2Ftags&post=144"}],"curies":[{"name":"wp","href":"https:\/\/api.w.org\/{rel}","templated":true}]}}