{"id":148,"date":"2011-06-09T11:46:13","date_gmt":"2011-06-09T15:46:13","guid":{"rendered":"http:\/\/agoratheque.yprovencal.ep.profweb.qc.ca\/?page_id=148"},"modified":"2024-01-12T12:47:20","modified_gmt":"2024-01-12T16:47:20","slug":"la-diabolisation","status":"publish","type":"page","link":"http:\/\/agoratheque.3zcom.com\/?page_id=148","title":{"rendered":"La diabolisation"},"content":{"rendered":"<p><em><a href=\"http:\/\/mail.agoratheque.3zcom.com\/wp-content\/uploads\/2011\/06\/scan_Diabo1.jpg\"><img decoding=\"async\" loading=\"lazy\" class=\"size-medium wp-image-430 alignleft\" title=\"scan_Diabo\" src=\"http:\/\/mail.agoratheque.3zcom.com\/wp-content\/uploads\/2011\/06\/scan_Diabo1-197x300.jpg\" alt=\"\" width=\"197\" height=\"300\" srcset=\"http:\/\/agoratheque.3zcom.com\/wp-content\/uploads\/2011\/06\/scan_Diabo1-197x300.jpg 197w, http:\/\/agoratheque.3zcom.com\/wp-content\/uploads\/2011\/06\/scan_Diabo1-674x1024.jpg 674w, http:\/\/agoratheque.3zcom.com\/wp-content\/uploads\/2011\/06\/scan_Diabo1.jpg 896w\" sizes=\"(max-width: 197px) 100vw, 197px\" \/><\/a>La diabolisation. Une p\u00e9dagogie de l&rsquo;\u00e9thique<\/em>, par Yvon Proven\u00e7al, Qu\u00e9bec, <a title=\"Presses Inter Universitaires\" href=\"http:\/\/mail.agoratheque.3zcom.com\/?page_id=573\" target=\"_blank\" rel=\"noopener\">Presses Inter Universitaires<\/a>, 2007.<\/p>\n<p>Dans l&rsquo;histoire, on peut retracer de nombreux cas o\u00f9 des humains ont d\u00e9nigr\u00e9 \u00e0 outrance d&rsquo;autres humains : les juifs, les sorci\u00e8res ou, plus g\u00e9n\u00e9ralement, les h\u00e9r\u00e9tiques, et aussi les communistes, les fascistes, les groupes terroristes, les bourgeois ou les capitalistes; on pourrait multiplier les cas de diabolisation. Cette tendance des humains \u00e0 trouver des coupables \u00e0 tous les maux remonte \u00e0 la nuit des temps. De nos jours, m\u00eame des intellectuels et des philosophes diabolisent continuellement avec le sentiment, non de d\u00e9former ni de tromper, mais au contraire de rapporter les faits avec justesse. Quelles sont la nature et l&rsquo;ampleur du ph\u00e9nom\u00e8ne? Quel est le r\u00f4le de la diabolisation dans ce qui provoque et entretient les conflits violents? La diabolisation s&rsquo;effectue-t-elle le plus souvent de fa\u00e7on inconsciente? Quel est le r\u00f4le du sens moral dans ce qui motive \u00e0 diaboliser, y a-t-il un \u00ab devoir \u00bb de diaboliser? Cet ouvrage d\u00e9crit plusieurs cas de diabolisation, analyse le ph\u00e9nom\u00e8ne et en fait une critique constructive qui pourra d\u00e9boucher sur un nouvel humanisme, une nouvelle approche \u00e9thique qui vise l&rsquo;humanisation des rapports entre les groupes, qu&rsquo;il s&rsquo;agisse de nations ou de communaut\u00e9s, des plus petites aux plus grandes.<\/p>\n<div class=\"edit-link\"><a class=\"post-edit-link\" href=\"\">modifier<\/a><\/div>","protected":false},"excerpt":{"rendered":"<p>La diabolisation. Une p\u00e9dagogie de l&rsquo;\u00e9thique, par Yvon Proven\u00e7al, Qu\u00e9bec, Presses Inter Universitaires, 2007. Dans l&rsquo;histoire, on peut retracer de nombreux cas o\u00f9 des humains ont d\u00e9nigr\u00e9 \u00e0 outrance d&rsquo;autres humains : les juifs, les sorci\u00e8res ou, plus g\u00e9n\u00e9ralement, les h\u00e9r\u00e9tiques, et aussi&#8230;<\/p>\n","protected":false},"author":3,"featured_media":0,"parent":70,"menu_order":0,"comment_status":"open","ping_status":"open","template":"","meta":[],"tags":[],"_links":{"self":[{"href":"http:\/\/agoratheque.3zcom.com\/index.php?rest_route=\/wp\/v2\/pages\/148"}],"collection":[{"href":"http:\/\/agoratheque.3zcom.com\/index.php?rest_route=\/wp\/v2\/pages"}],"about":[{"href":"http:\/\/agoratheque.3zcom.com\/index.php?rest_route=\/wp\/v2\/types\/page"}],"author":[{"embeddable":true,"href":"http:\/\/agoratheque.3zcom.com\/index.php?rest_route=\/wp\/v2\/users\/3"}],"replies":[{"embeddable":true,"href":"http:\/\/agoratheque.3zcom.com\/index.php?rest_route=%2Fwp%2Fv2%2Fcomments&post=148"}],"version-history":[{"count":5,"href":"http:\/\/agoratheque.3zcom.com\/index.php?rest_route=\/wp\/v2\/pages\/148\/revisions"}],"predecessor-version":[{"id":8229,"href":"http:\/\/agoratheque.3zcom.com\/index.php?rest_route=\/wp\/v2\/pages\/148\/revisions\/8229"}],"up":[{"embeddable":true,"href":"http:\/\/agoratheque.3zcom.com\/index.php?rest_route=\/wp\/v2\/pages\/70"}],"wp:attachment":[{"href":"http:\/\/agoratheque.3zcom.com\/index.php?rest_route=%2Fwp%2Fv2%2Fmedia&parent=148"}],"wp:term":[{"taxonomy":"post_tag","embeddable":true,"href":"http:\/\/agoratheque.3zcom.com\/index.php?rest_route=%2Fwp%2Fv2%2Ftags&post=148"}],"curies":[{"name":"wp","href":"https:\/\/api.w.org\/{rel}","templated":true}]}}