{"id":1484,"date":"2011-07-20T14:41:21","date_gmt":"2011-07-20T18:41:21","guid":{"rendered":"http:\/\/agoratheque.yprovencal.ep.profweb.qc.ca\/?page_id=1484"},"modified":"2011-07-22T14:09:09","modified_gmt":"2011-07-22T18:09:09","slug":"theme-lethique","status":"publish","type":"page","link":"http:\/\/agoratheque.3zcom.com\/?page_id=1484","title":{"rendered":"Th\u00e8me: l&rsquo;\u00e9thique"},"content":{"rendered":"<p><a title=\"\u00c9thique et \u00e9ducation\" href=\"http:\/\/mail.agoratheque.3zcom.com\/?page_id=96\" target=\"_blank\">\u00c9thique et \u00e9ducation<\/a>\u00a0\u00a0<\/p>\n<p><em>\u00a0\u00a0\u00a0\u00a0\u00a0\u00a0Deux \u00e9tudiants ont voulu faire un forum dans lequel ils remettraient en question l\u2019\u00e9ducation d\u2019un point de vue \u00e9thique. D\u2019autres \u00e9tudiantes et \u00e9tudiants sont venus alimenter leur discussion.<\/em><\/p>\n<p><a title=\"Qu\u2019est-ce que la situation g\u00e9n\u00e9rale d\u2019irrespect?\" href=\"http:\/\/mail.agoratheque.3zcom.com\/?page_id=105\" target=\"_blank\">Qu&rsquo;est-ce que la situation g\u00e9n\u00e9rale d&rsquo;irrespect ?<\/a><\/p>\n<p><em>\u00a0\u00a0\u00a0\u00a0\u00a0\u00a0Toutes les nations, la plupart des groupes religieux sinon tous, bref, tous les groupes tendent \u00e0 adopter des attitudes \u00e9gotistes envers les autres groupes. Il semble m\u00eame qu\u2019aucun des \u00c9tats-nations existants ne se soit \u00e9tabli de fa\u00e7on l\u00e9gitime, au sens \u00e9thique de ce terme. Des \u00e9tudiants avancent dans leur compr\u00e9hension de cet \u00e9tat du monde.<\/em><\/p>\n<p><a title=\"Critique de la condamnation morale\" href=\"http:\/\/mail.agoratheque.3zcom.com\/?page_id=114\" target=\"_blank\">Critique de la condamnation morale<\/a><\/p>\n<p><em>\u00a0\u00a0\u00a0\u00a0\u00a0\u00a0Des \u00e9tudiants ont d\u00e9cid\u00e9 de se confronter \u00e0 une question d\u2019une difficult\u00e9 extr\u00eame. Ils <\/em><em>s\u2019interrogent sur la pertinence \u00e9thique de condamner moralement un individu ou un groupe. Ne serait-ce pas banaliser le mal que de s\u2019abstenir de condamner moralement\u00a0? Ils se basent entre autres sur le <\/em>Projet respect<em> pour tenter d&rsquo;y voir plus clair.<\/em><\/p>\n<p><a title=\"Le potentiel humain\" href=\"http:\/\/mail.agoratheque.3zcom.com\/?page_id=135\" target=\"_blank\">Le potentiel humain<\/a><\/p>\n<p><em>\u00a0\u00a0\u00a0\u00a0\u00a0\u00a0Un \u00e9tudiant veut montrer que ce qui donne une valeur \u00e9thique \u00e0 l\u2019humain est son potentiel de cr\u00e9ation et de d\u00e9couverte<\/em><\/p>\n<div class=\"edit-link\"><a class=\"post-edit-link\" href=\"\">modifier<\/a><\/div>","protected":false},"excerpt":{"rendered":"<p>\u00c9thique et \u00e9ducation\u00a0\u00a0 \u00a0\u00a0\u00a0\u00a0\u00a0\u00a0Deux \u00e9tudiants ont voulu faire un forum dans lequel ils remettraient en question l\u2019\u00e9ducation d\u2019un point de vue \u00e9thique. D\u2019autres \u00e9tudiantes et \u00e9tudiants sont venus alimenter leur discussion. Qu&rsquo;est-ce que la situation g\u00e9n\u00e9rale d&rsquo;irrespect ? \u00a0\u00a0\u00a0\u00a0\u00a0\u00a0Toutes les nations, la plupart&#8230;<\/p>\n","protected":false},"author":1,"featured_media":0,"parent":70,"menu_order":1,"comment_status":"open","ping_status":"open","template":"","meta":[],"tags":[],"_links":{"self":[{"href":"http:\/\/agoratheque.3zcom.com\/index.php?rest_route=\/wp\/v2\/pages\/1484"}],"collection":[{"href":"http:\/\/agoratheque.3zcom.com\/index.php?rest_route=\/wp\/v2\/pages"}],"about":[{"href":"http:\/\/agoratheque.3zcom.com\/index.php?rest_route=\/wp\/v2\/types\/page"}],"author":[{"embeddable":true,"href":"http:\/\/agoratheque.3zcom.com\/index.php?rest_route=\/wp\/v2\/users\/1"}],"replies":[{"embeddable":true,"href":"http:\/\/agoratheque.3zcom.com\/index.php?rest_route=%2Fwp%2Fv2%2Fcomments&post=1484"}],"version-history":[{"count":4,"href":"http:\/\/agoratheque.3zcom.com\/index.php?rest_route=\/wp\/v2\/pages\/1484\/revisions"}],"predecessor-version":[{"id":1560,"href":"http:\/\/agoratheque.3zcom.com\/index.php?rest_route=\/wp\/v2\/pages\/1484\/revisions\/1560"}],"up":[{"embeddable":true,"href":"http:\/\/agoratheque.3zcom.com\/index.php?rest_route=\/wp\/v2\/pages\/70"}],"wp:attachment":[{"href":"http:\/\/agoratheque.3zcom.com\/index.php?rest_route=%2Fwp%2Fv2%2Fmedia&parent=1484"}],"wp:term":[{"taxonomy":"post_tag","embeddable":true,"href":"http:\/\/agoratheque.3zcom.com\/index.php?rest_route=%2Fwp%2Fv2%2Ftags&post=1484"}],"curies":[{"name":"wp","href":"https:\/\/api.w.org\/{rel}","templated":true}]}}