{"id":1492,"date":"2011-07-21T05:33:31","date_gmt":"2011-07-21T09:33:31","guid":{"rendered":"http:\/\/agoratheque.yprovencal.ep.profweb.qc.ca\/?page_id=1492"},"modified":"2011-07-21T07:25:36","modified_gmt":"2011-07-21T11:25:36","slug":"theme-lhumain","status":"publish","type":"page","link":"http:\/\/agoratheque.3zcom.com\/?page_id=1492","title":{"rendered":"Th\u00e8me: l&rsquo;humain"},"content":{"rendered":"<p><a title=\"Le potentiel humain\" href=\"http:\/\/mail.agoratheque.3zcom.com\/?page_id=135\">Le potentiel humain<\/a><\/p>\n<p><em>\u00a0\u00a0\u00a0\u00a0\u00a0\u00a0Le concept de potentiel humain peut servir \u00e0 d\u00e9finir l\u2019humain mieux que tout autre concept. C\u2019est ce qu\u2019entreprend de montrer un \u00e9tudiant.<\/em><\/p>\n<p><a title=\"L\u2019avenir de la p\u00e9dagogie\" href=\"http:\/\/mail.agoratheque.3zcom.com\/?page_id=94\">L&rsquo;avenir de la p\u00e9dagogie<\/a><\/p>\n<p><em>\u00a0\u00a0\u00a0\u00a0\u00a0\u00a0Trois \u00e9tudiants\u00a0veulent montrer que l\u2019humain a un avenir devant lui. Il s\u2019agirait d\u2019un avenir \u00e9tonnamment riche.<\/em><\/p>\n<p><a title=\"Qu\u2019est-ce que la situation g\u00e9n\u00e9rale d\u2019irrespect?\" href=\"http:\/\/mail.agoratheque.3zcom.com\/?page_id=105\">Qu&rsquo;est-ce que la situation g\u00e9n\u00e9rale d&rsquo;irrespect ?<\/a><\/p>\n<p><em><em>\u00a0\u00a0\u00a0\u00a0\u00a0\u00a0Des \u00e9tudiants essaient de comprendre mieux ce qu\u2019est l\u2019humain en tenant compte d&rsquo;un fait brut de l&rsquo;histoire.<\/em>Toutes les nations, la plupart des groupes religieux sinon tous, bref, tous les groupes tendent \u00e0 adopter des attitudes \u00e9gotistes envers les autres groupes. Il semble m\u00eame qu\u2019aucun des \u00c9tats-nations existants ne se soit \u00e9tabli de fa\u00e7on l\u00e9gitime, au sens \u00e9thique de ce terme<\/em><\/p>\n<div class=\"edit-link\"><a class=\"post-edit-link\" href=\"\">modifier<\/a><\/div>","protected":false},"excerpt":{"rendered":"<p>Le potentiel humain \u00a0\u00a0\u00a0\u00a0\u00a0\u00a0Le concept de potentiel humain peut servir \u00e0 d\u00e9finir l\u2019humain mieux que tout autre concept. C\u2019est ce qu\u2019entreprend de montrer un \u00e9tudiant. L&rsquo;avenir de la p\u00e9dagogie \u00a0\u00a0\u00a0\u00a0\u00a0\u00a0Trois \u00e9tudiants\u00a0veulent montrer que l\u2019humain a un avenir devant lui. Il s\u2019agirait d\u2019un avenir&#8230;<\/p>\n","protected":false},"author":1,"featured_media":0,"parent":70,"menu_order":0,"comment_status":"open","ping_status":"open","template":"","meta":[],"tags":[],"_links":{"self":[{"href":"http:\/\/agoratheque.3zcom.com\/index.php?rest_route=\/wp\/v2\/pages\/1492"}],"collection":[{"href":"http:\/\/agoratheque.3zcom.com\/index.php?rest_route=\/wp\/v2\/pages"}],"about":[{"href":"http:\/\/agoratheque.3zcom.com\/index.php?rest_route=\/wp\/v2\/types\/page"}],"author":[{"embeddable":true,"href":"http:\/\/agoratheque.3zcom.com\/index.php?rest_route=\/wp\/v2\/users\/1"}],"replies":[{"embeddable":true,"href":"http:\/\/agoratheque.3zcom.com\/index.php?rest_route=%2Fwp%2Fv2%2Fcomments&post=1492"}],"version-history":[{"count":4,"href":"http:\/\/agoratheque.3zcom.com\/index.php?rest_route=\/wp\/v2\/pages\/1492\/revisions"}],"predecessor-version":[{"id":1497,"href":"http:\/\/agoratheque.3zcom.com\/index.php?rest_route=\/wp\/v2\/pages\/1492\/revisions\/1497"}],"up":[{"embeddable":true,"href":"http:\/\/agoratheque.3zcom.com\/index.php?rest_route=\/wp\/v2\/pages\/70"}],"wp:attachment":[{"href":"http:\/\/agoratheque.3zcom.com\/index.php?rest_route=%2Fwp%2Fv2%2Fmedia&parent=1492"}],"wp:term":[{"taxonomy":"post_tag","embeddable":true,"href":"http:\/\/agoratheque.3zcom.com\/index.php?rest_route=%2Fwp%2Fv2%2Ftags&post=1492"}],"curies":[{"name":"wp","href":"https:\/\/api.w.org\/{rel}","templated":true}]}}