{"id":1516,"date":"2011-07-21T13:48:27","date_gmt":"2011-07-21T17:48:27","guid":{"rendered":"http:\/\/agoratheque.yprovencal.ep.profweb.qc.ca\/?page_id=1516"},"modified":"2011-07-21T13:51:49","modified_gmt":"2011-07-21T17:51:49","slug":"theme-les-cours-de-philosophie","status":"publish","type":"page","link":"http:\/\/agoratheque.3zcom.com\/?page_id=1516","title":{"rendered":"Th\u00e8me: les cours de philosophie"},"content":{"rendered":"<p><a title=\"Pour ou contre le caract\u00e8re obligatoire des cours de philosophie ?\" href=\"http:\/\/mail.agoratheque.3zcom.com\/?page_id=80\">Pour ou contre le caract\u00e8re obligatoire des cours de philosophie ?<\/a><\/p>\n<p>\u00a0\u00a0\u00a0\u00a0\u00a0\u00a0<em>Des \u00e9tudiants s&rsquo;interrogent sur la n\u00e9cessit\u00e9 des cours de philosophie au niveau coll\u00e9gial.<\/em><\/p>\n<p><a title=\"\u00c0 quoi sert la logique de l\u2019argumentation (1) ?\" href=\"http:\/\/mail.agoratheque.3zcom.com\/?page_id=84\">\u00c0 quoi sert la logique de l&rsquo;argumentation (1)\u00a0?<\/a><\/p>\n<p><em><em>\u00a0\u00a0\u00a0\u00a0\u00a0\u00a0Une \u00e9tudiante tente de montrer que la logique n\u2019a jou\u00e9 qu\u2019un r\u00f4le mineur dans l\u2019histoire des id\u00e9es et, donc, que la logique de l\u2019argumentation ne devrait pas \u00eatre enseign\u00e9e dans les cours de philosophie.<\/em><\/em><\/p>\n<p><a title=\"\u00c0 quoi sert la logique de l\u2019argumentation (2) ?\" href=\"http:\/\/mail.agoratheque.3zcom.com\/?page_id=86\" target=\"_blank\">\u00c0 quoi sert la logique de l&rsquo;argumentation (2)\u00a0?<\/a><\/p>\n<p><em>\u00a0\u00a0\u00a0\u00a0\u00a0\u00a0La logique de l&rsquo;argumentation favorise-t-elle les\u00a0id\u00e9es nouvelles ou leur fait-elle obstacle ?<\/em><\/p>\n<p><a title=\"La philosophie pour enfants : quel rapport avec le c\u00e9gep ?\" href=\"http:\/\/mail.agoratheque.3zcom.com\/?page_id=90\">La philosophie pour enfants, quel rapport avec le c\u00e9gep ?<\/a><\/p>\n<p><em>\u00a0\u00a0\u00a0\u00a0\u00a0\u00a0Le professeur ayant d\u00e9cid\u00e9 d\u2019utiliser la m\u00e9thode Lipman \u2014 c\u2019est-\u00e0-dire la philosophie pour enfants \u2014, des \u00e9tudiants s&rsquo;interrogent sur la pertinence d\u2019une telle p\u00e9dagogie dans le cadre de l\u2019enseignement coll\u00e9gial.<\/em><\/p>\n<p><a title=\"\u00c9thique et \u00e9ducation\" href=\"http:\/\/mail.agoratheque.3zcom.com\/?page_id=96\" target=\"_blank\">\u00c9thique et \u00e9ducation<\/a><\/p>\n<p><em>\u00a0\u00a0\u00a0\u00a0\u00a0\u00a0Deux \u00e9tudiants ont voulu faire un forum dans lequel ils remettraient en question l\u2019\u00e9ducation d\u2019un point de vue \u00e9thique. D\u2019autres \u00e9tudiantes et \u00e9tudiants sont venus alimenter leur discussion.<\/em><\/p>\n<div class=\"edit-link\"><a class=\"post-edit-link\" href=\"\">modifier<\/a><\/div>","protected":false},"excerpt":{"rendered":"<p>Pour ou contre le caract\u00e8re obligatoire des cours de philosophie ? \u00a0\u00a0\u00a0\u00a0\u00a0\u00a0Des \u00e9tudiants s&rsquo;interrogent sur la n\u00e9cessit\u00e9 des cours de philosophie au niveau coll\u00e9gial. \u00c0 quoi sert la logique de l&rsquo;argumentation (1)\u00a0? \u00a0\u00a0\u00a0\u00a0\u00a0\u00a0Une \u00e9tudiante tente de montrer que la logique n\u2019a jou\u00e9 qu\u2019un&#8230;<\/p>\n","protected":false},"author":1,"featured_media":0,"parent":70,"menu_order":0,"comment_status":"open","ping_status":"open","template":"","meta":[],"tags":[],"_links":{"self":[{"href":"http:\/\/agoratheque.3zcom.com\/index.php?rest_route=\/wp\/v2\/pages\/1516"}],"collection":[{"href":"http:\/\/agoratheque.3zcom.com\/index.php?rest_route=\/wp\/v2\/pages"}],"about":[{"href":"http:\/\/agoratheque.3zcom.com\/index.php?rest_route=\/wp\/v2\/types\/page"}],"author":[{"embeddable":true,"href":"http:\/\/agoratheque.3zcom.com\/index.php?rest_route=\/wp\/v2\/users\/1"}],"replies":[{"embeddable":true,"href":"http:\/\/agoratheque.3zcom.com\/index.php?rest_route=%2Fwp%2Fv2%2Fcomments&post=1516"}],"version-history":[{"count":5,"href":"http:\/\/agoratheque.3zcom.com\/index.php?rest_route=\/wp\/v2\/pages\/1516\/revisions"}],"predecessor-version":[{"id":1521,"href":"http:\/\/agoratheque.3zcom.com\/index.php?rest_route=\/wp\/v2\/pages\/1516\/revisions\/1521"}],"up":[{"embeddable":true,"href":"http:\/\/agoratheque.3zcom.com\/index.php?rest_route=\/wp\/v2\/pages\/70"}],"wp:attachment":[{"href":"http:\/\/agoratheque.3zcom.com\/index.php?rest_route=%2Fwp%2Fv2%2Fmedia&parent=1516"}],"wp:term":[{"taxonomy":"post_tag","embeddable":true,"href":"http:\/\/agoratheque.3zcom.com\/index.php?rest_route=%2Fwp%2Fv2%2Ftags&post=1516"}],"curies":[{"name":"wp","href":"https:\/\/api.w.org\/{rel}","templated":true}]}}