{"id":1545,"date":"2011-07-22T10:37:47","date_gmt":"2011-07-22T14:37:47","guid":{"rendered":"http:\/\/agoratheque.yprovencal.ep.profweb.qc.ca\/?page_id=1545"},"modified":"2011-07-22T14:07:28","modified_gmt":"2011-07-22T18:07:28","slug":"theme-le-respect","status":"publish","type":"page","link":"http:\/\/agoratheque.3zcom.com\/?page_id=1545","title":{"rendered":"Th\u00e8me: le respect"},"content":{"rendered":"<p><a title=\"Le respect des personnes et des groupes (1)\" href=\"http:\/\/mail.agoratheque.3zcom.com\/?page_id=122\">Le respect des personnes et des groupes (1)<\/a><\/p>\n<p><em>\u00a0\u00a0\u00a0\u00a0\u00a0\u00a0Plusieurs \u00e9tudiants s\u2019efforcent ici d\u2019\u00e9lucider le concept de respect des personnes et des groupes\u00a0; l\u2019\u00e9change de propos concerne d\u2019abord le respect des groupes ou des cultures et, en particulier, de la culture qu\u00e9b\u00e9coise, pour d\u00e9boucher sur un questionnement quant \u00e0 l\u2019avenir de fran\u00e7ais au Qu\u00e9bec et dans le monde.<\/em>\u00a0<\/p>\n<p><a title=\"Le respect des personnes et des groupes (2)\" href=\"http:\/\/mail.agoratheque.3zcom.com\/?page_id=124\">Le respect des personnes et des groupes (2)<\/a><\/p>\n<p><em>\u00a0\u00a0\u00a0\u00a0\u00a0\u00a0Les \u00e9tudiants poursuivent leur discussion sur le respect des personnes et des groupes\u00a0; l\u2019\u00e9change de propos concerne plus particuli\u00e8rement le respect des groupes ou des cultures et, en particulier, des groupes criminalis\u00e9s. On constate que l\u2019id\u00e9e m\u00eame de respect des groupes\u00a0pose des probl\u00e8mes tr\u00e8s difficiles qu&rsquo;on arrive n\u00e9anmoins \u00e0 surmonter en partie.<\/em>\u00a0<\/p>\n<p><a title=\"Le respect des personnes et des groupes (3)\" href=\"http:\/\/mail.agoratheque.3zcom.com\/?page_id=126\">Le respect des personnes et des groupes (3)<\/a><\/p>\n<p><em>\u00a0\u00a0\u00a0\u00a0\u00a0\u00a0Toujours en\u00a0poursuivant leur discussion sur le respect des personnes et des groupes, les \u00e9tudiants\u00a0s\u2019attaquent \u00e0 la question\u00a0: <\/em>faut-il censurer les propos dits haineux\u00a0?\u00a0<\/p>\n<p><a title=\"Le respect des groupes marginaux\" href=\"http:\/\/mail.agoratheque.3zcom.com\/?page_id=120\" target=\"_blank\">Le respect des groupes marginaux<\/a><\/p>\n<p><em>\u00a0\u00a0\u00a0\u00a0\u00a0\u00a0Deux \u00e9tudiants ont entrepris avec courage de d\u00e9crire l\u2019irrespect dont sont\u00a0les cibles\u00a0certains groupes marginaux de la part de la soci\u00e9t\u00e9 dominante, qui est ici la soci\u00e9t\u00e9 qu\u00e9b\u00e9coise\u00a0; ils envisagent en particulier le cas de certains groupes de motards criminalis\u00e9s.<\/em><\/p>\n<p><a title=\"Jeunes et moins jeunes contrevenants\" href=\"http:\/\/mail.agoratheque.3zcom.com\/?page_id=112\">Jeunes et moins jeunes contrevenants<\/a><\/p>\n<p><em>\u00a0\u00a0\u00a0\u00a0\u00a0\u00a0Des \u00e9tudiants contrevenants s\u2019interrogent sur la signification de leur responsabilit\u00e9 r\u00e9elle, sur le plan \u00e9thique, en regard de celle que devrait se reconna\u00eetre elle-m\u00eame la soci\u00e9t\u00e9.<\/em><\/p>\n<div class=\"edit-link\"><a class=\"post-edit-link\" href=\"\">modifier<\/a><\/div>","protected":false},"excerpt":{"rendered":"<p>Le respect des personnes et des groupes (1) \u00a0\u00a0\u00a0\u00a0\u00a0\u00a0Plusieurs \u00e9tudiants s\u2019efforcent ici d\u2019\u00e9lucider le concept de respect des personnes et des groupes\u00a0; l\u2019\u00e9change de propos concerne d\u2019abord le respect des groupes ou des cultures et, en particulier, de la culture qu\u00e9b\u00e9coise, pour d\u00e9boucher&#8230;<\/p>\n","protected":false},"author":1,"featured_media":0,"parent":70,"menu_order":1,"comment_status":"open","ping_status":"open","template":"","meta":[],"tags":[],"_links":{"self":[{"href":"http:\/\/agoratheque.3zcom.com\/index.php?rest_route=\/wp\/v2\/pages\/1545"}],"collection":[{"href":"http:\/\/agoratheque.3zcom.com\/index.php?rest_route=\/wp\/v2\/pages"}],"about":[{"href":"http:\/\/agoratheque.3zcom.com\/index.php?rest_route=\/wp\/v2\/types\/page"}],"author":[{"embeddable":true,"href":"http:\/\/agoratheque.3zcom.com\/index.php?rest_route=\/wp\/v2\/users\/1"}],"replies":[{"embeddable":true,"href":"http:\/\/agoratheque.3zcom.com\/index.php?rest_route=%2Fwp%2Fv2%2Fcomments&post=1545"}],"version-history":[{"count":6,"href":"http:\/\/agoratheque.3zcom.com\/index.php?rest_route=\/wp\/v2\/pages\/1545\/revisions"}],"predecessor-version":[{"id":1558,"href":"http:\/\/agoratheque.3zcom.com\/index.php?rest_route=\/wp\/v2\/pages\/1545\/revisions\/1558"}],"up":[{"embeddable":true,"href":"http:\/\/agoratheque.3zcom.com\/index.php?rest_route=\/wp\/v2\/pages\/70"}],"wp:attachment":[{"href":"http:\/\/agoratheque.3zcom.com\/index.php?rest_route=%2Fwp%2Fv2%2Fmedia&parent=1545"}],"wp:term":[{"taxonomy":"post_tag","embeddable":true,"href":"http:\/\/agoratheque.3zcom.com\/index.php?rest_route=%2Fwp%2Fv2%2Ftags&post=1545"}],"curies":[{"name":"wp","href":"https:\/\/api.w.org\/{rel}","templated":true}]}}