{"id":1799,"date":"2011-07-30T13:49:26","date_gmt":"2011-07-30T17:49:26","guid":{"rendered":"http:\/\/agoratheque.yprovencal.ep.profweb.qc.ca\/?page_id=1799"},"modified":"2011-07-30T17:35:44","modified_gmt":"2011-07-30T21:35:44","slug":"3-7-4-autres-remarques-sur-le-principe-de-reduction","status":"publish","type":"page","link":"http:\/\/agoratheque.3zcom.com\/?page_id=1799","title":{"rendered":"3.7.4. Autres remarques sur le principe de r\u00e9duction"},"content":{"rendered":"<p>\u00a0\u00a0\u00a0\u00a0\u00a0\u00a0\u00a0\u00a0\u00a0\u00a0\u00a0 On peut consid\u00e9rer que le principe de r\u00e9duction du vecteur d\u2019\u00e9tat (ou r\u00e9duction du paquet d\u2019onde), en m\u00e9canique quantique, repr\u00e9sente un cas particulier du principe de r\u00e9duction, soit celui o\u00f9 les sommets du graphe du potentiel r\u00e9el sont d\u00e9termin\u00e9s comme les <em>\u00e9tats possibles imm\u00e9diats<\/em> d\u2019un syst\u00e8me quantique, chaque sommet se faisant assigner une probabilit\u00e9 d\u00e9terminable \u00e0 partir des r\u00e8gles de cette th\u00e9orie.\u00a0<\/p>\n<p><em>Remarques\u00a0:<\/em>\u00a0\u00a0<\/p>\n<p>\u00a0\u00a0\u00a0\u00a0\u00a0\u00a0\u00a0\u00a0\u00a0\u00a0\u00a0 Ces remarques concernent diff\u00e9rents aspects de la r\u00e9alit\u00e9 physico-cognitive. Dans ce qui suit, le mode pr\u00e9sent est utilis\u00e9 pour les verbes qui servent \u00e0 d\u00e9crire le graphe du potentiel, y compris les r\u00e9gions pass\u00e9e et future de ce graphe.\u00a0\u00a0<\/p>\n<p>i)\u00a0\u00a0\u00a0\u00a0\u00a0\u00a0\u00a0\u00a0\u00a0 Il existe un <em>espace du graphe<\/em>, appel\u00e9 aussi <em>espace du potentiel<\/em>, qui est un type diff\u00e9rent d\u2019espace que ceux envisag\u00e9s en physique jusqu\u2019\u00e0 pr\u00e9sent. L\u2019espace de graphe est un espace physico-cognitif jumel\u00e9 \u00e0 un temps r\u00e9el.\u00a0\u00a0<\/p>\n<p>\u00a0\u00a0\u00a0\u00a0\u00a0\u00a0\u00a0\u00a0\u00a0\u00a0\u00a0 Cet espace n\u2019a pas de propri\u00e9t\u00e9 g\u00e9om\u00e9trique (ni topologique), mis \u00e0 part le fait d\u2019ordre pratique que sa repr\u00e9sentation n\u00e9cessite au moins deux dimensions.\u00a0\u00a0\u00a0\u00a0\u00a0\u00a0\u00a0\u00a0\u00a0\u00a0\u00a0<\/p>\n<p>ii)\u00a0\u00a0\u00a0\u00a0\u00a0\u00a0\u00a0\u00a0 \u00c0 chaque instant, le sommet qui d\u00e9crit l\u2019\u00e9tat pr\u00e9sent de l\u2019Univers se transforme en un sommet qui d\u00e9crit un \u00e9tat pass\u00e9 de l\u2019Univers\u00a0; de m\u00eame, un \u00e9tat potentiel de l\u2019Univers devient l\u2019\u00e9tat pr\u00e9sent de l\u2019Univers\u00a0; un graphe diff\u00e9rent du potentiel r\u00e9el r\u00e9siduel de l\u2019Univers correspond \u00e0 chaque nouveau moment.\u00a0<\/p>\n<p>\u00a0\u00a0\u00a0\u00a0\u00a0\u00a0\u00a0\u00a0\u00a0\u00a0\u00a0\u00a0 En pratique, cela signifie que notre Univers se transforme dans le temps r\u00e9el (et non simplement math\u00e9matique) en lib\u00e9rant des nouveaut\u00e9s. Cela se v\u00e9rifie constamment par les humains qui, \u00e0 chaque jour, d\u00e9ploient une cr\u00e9ativit\u00e9 consid\u00e9rable. L\u2019existence m\u00eame de notre science en t\u00e9moigne.\u00a0<\/p>\n<p>iii)\u00a0\u00a0\u00a0\u00a0\u00a0\u00a0\u00a0 \u00c0 chaque instant, une nouvelle r\u00e9duction peut devenir effective parmi celles qui restent r\u00e9ellement possibles.\u00a0<\/p>\n<p>\u00a0\u00a0\u00a0\u00a0\u00a0\u00a0\u00a0\u00a0\u00a0\u00a0\u00a0\u00a0 En pratique, cela signifie quelque chose de moins \u00e9vident que ce qui est \u00e9nonc\u00e9 dans les deux remarques pr\u00e9c\u00e9dentes. \u00c0 chaque instant, il se perd des possibilit\u00e9s qui \u00e9taient r\u00e9elles jusque-l\u00e0. Nous observons ce ph\u00e9nom\u00e8ne indirectement du fait de nos actions libres. Comme \u00e0 chaque instant nous avons des possibilit\u00e9s r\u00e9elles de choix diff\u00e9rents pour nos actions, la r\u00e9duction de nos possibilit\u00e9s d\u00e9coule naturellement de cette libert\u00e9 qui est n\u00f4tre. Cependant un grand nombre de possibilit\u00e9s r\u00e9elles sont \u00e9galement perdues qui ne sont pas pr\u00e9vues ni connues par le sujet et qui peuvent aussi bien concerner quelqu\u2019un d\u2019autre ou autre chose dans l\u2019Univers. Une nouvelle r\u00e9duction signifie en outre qu\u2019\u00e0 tout moment des possibilit\u00e9s r\u00e9elles qui n\u2019\u00e9taient pas effectives deviennent des possibilit\u00e9s effectives.\u00a0<\/p>\n<p>iv)\u00a0\u00a0\u00a0\u00a0\u00a0\u00a0\u00a0 Aucune nouvelle r\u00e9duction du potentiel ne peut modifier le graphe initial en tant que graphe math\u00e9matique\u00a0; en ce sens le temps r\u00e9el s\u2019\u00e9coule sans rien changer \u00e0 la base physico-math\u00e9matique de la description du potentiel de l\u2019Univers\u00a0initial.<\/p>\n<p>\u00a0\u00a0\u00a0\u00a0\u00a0\u00a0\u00a0\u00a0\u00a0\u00a0\u00a0 Cela signifie entre autres pour nous que le <em>temps r\u00e9el<\/em> ne se trouve repr\u00e9sent\u00e9 que tr\u00e8s partiellement par ce graphe. En effet, ce n\u2019est qu\u2019en droit, mais non en fait, que ce graphe d\u00e9crit les potentialit\u00e9s r\u00e9elles de notre <em>Univers ontologique<\/em>. Nous d\u00e9couvrirons sans doute, dans l\u2019<em>avenir<\/em> <em>r\u00e9el<\/em>, d\u2019autres fa\u00e7ons meilleures de repr\u00e9senter notre <em>r\u00e9alit\u00e9<\/em>.\u00a0<\/p>\n<p>v)\u00a0\u00a0\u00a0\u00a0\u00a0\u00a0\u00a0\u00a0 Une r\u00e9duction du vecteur d\u2019\u00e9tat est un \u00ab\u00a0saut\u00a0\u00bb quantique spontan\u00e9 de l\u2019Univers dans un \u00e9tat global comportant un moins grand nombre d\u2019\u00e9tats potentiels. Le mot \u00ab\u00a0spontan\u00e9\u00a0\u00bb exprime notre manque de connaissance sur ce qui se passe r\u00e9ellement et qui provoque ce saut.\u00a0\u00a0<\/p>\n<p>vi)\u00a0\u00a0\u00a0\u00a0\u00a0\u00a0\u00a0 Si on d\u00e9crit le saut quantique comme une \u00e9volution brusque dans tout l\u2019espace, il y a confusion. Ce qu\u2019on veut dire est qu\u2019il y a changement quantitatif et imm\u00e9diat de notre repr\u00e9sentation physico-cognitive du r\u00e9el, y compris des possibilit\u00e9s r\u00e9elles, lorsque nous observons l\u2019\u00e9tat d\u2019un syst\u00e8me physique. Il s\u2019agit d\u2019une brusque \u00e9volution dans l\u2019espace de graphe des potentialit\u00e9s r\u00e9elles.\u00a0\u00a0<\/p>\n<p>vii)\u00a0\u00a0\u00a0\u00a0\u00a0\u00a0 \u00c0 chaque moment, un grand nombre de potentialit\u00e9s r\u00e9elles s\u2019\u00e9teignent subitement. Elles deviennent des possibilit\u00e9s r\u00e9elles pass\u00e9es. De plus, une partie du potentiel r\u00e9el devient subitement effective. Ce sont l\u00e0 les \u00ab\u00a0lois\u00a0\u00bb physico-cognitives d\u2019\u00e9volution dans l\u2019espace du graphe.\u00a0<\/p>\n<p>viii)\u00a0\u00a0\u00a0\u00a0\u00a0 \u00c0 la diff\u00e9rence du principe de r\u00e9duction du paquet d\u2019onde tel qu\u2019il a \u00e9t\u00e9 formul\u00e9 par les physiciens jusqu\u2019\u00e0 pr\u00e9sent, le principe de r\u00e9duction du potentiel r\u00e9el est de port\u00e9e g\u00e9n\u00e9rale et il peut s\u2019appliquer aussi bien \u00e0 des syst\u00e8mes macroscopiques et, m\u00eame, \u00e0 une personne consciente qui prend une d\u00e9cision <em>effective<\/em> \u00e0 un certain moment.\u00a0<\/p>\n<p>ix)\u00a0\u00a0\u00a0\u00a0\u00a0\u00a0\u00a0 Les situations dans lesquelles le syst\u00e8me se comporte de fa\u00e7on classique sont d\u00e9crites par des graphes dans lesquels un grand nombre d\u2019arcs formant ensemble un faisceau se regroupent comme s\u2019il n\u2019y avait que <em>un<\/em> arc de probabilit\u00e9 <em>un<a id=\"ref-1\" href=\"#note-1\"><sup>1<\/sup><\/a><\/em>.\u00a0<\/p>\n<div><a title=\"3.7.5 Le probl\u00e8me de la mesure\" href=\"http:\/\/mail.agoratheque.3zcom.com\/?page_id=1805\">Suite<\/a><\/div>\n<p><a id=\"note-1\" href=\"#ref-1\">1<\/a> C\u2019est en quelque sorte ce fait d\u2019ordre physico-math\u00e9matique que les physiciens ont d\u00e9couvert r\u00e9cemment, en tant que cons\u00e9quence de la th\u00e9orie de la d\u00e9coh\u00e9rence. <a id=\"note-1\" href=\"#ref-1\">1<\/a><\/p>\n<div class=\"edit-link\"><a class=\"post-edit-link\" href=\"\">modifier<\/a><\/div>","protected":false},"excerpt":{"rendered":"<p>\u00a0\u00a0\u00a0\u00a0\u00a0\u00a0\u00a0\u00a0\u00a0\u00a0\u00a0 On peut consid\u00e9rer que le principe de r\u00e9duction du vecteur d\u2019\u00e9tat (ou r\u00e9duction du paquet d\u2019onde), en m\u00e9canique quantique, repr\u00e9sente un cas particulier du principe de r\u00e9duction, soit celui o\u00f9 les sommets du graphe du potentiel r\u00e9el sont d\u00e9termin\u00e9s comme les \u00e9tats&#8230;<\/p>\n","protected":false},"author":1,"featured_media":0,"parent":1775,"menu_order":374,"comment_status":"open","ping_status":"open","template":"","meta":[],"tags":[],"_links":{"self":[{"href":"http:\/\/agoratheque.3zcom.com\/index.php?rest_route=\/wp\/v2\/pages\/1799"}],"collection":[{"href":"http:\/\/agoratheque.3zcom.com\/index.php?rest_route=\/wp\/v2\/pages"}],"about":[{"href":"http:\/\/agoratheque.3zcom.com\/index.php?rest_route=\/wp\/v2\/types\/page"}],"author":[{"embeddable":true,"href":"http:\/\/agoratheque.3zcom.com\/index.php?rest_route=\/wp\/v2\/users\/1"}],"replies":[{"embeddable":true,"href":"http:\/\/agoratheque.3zcom.com\/index.php?rest_route=%2Fwp%2Fv2%2Fcomments&post=1799"}],"version-history":[{"count":5,"href":"http:\/\/agoratheque.3zcom.com\/index.php?rest_route=\/wp\/v2\/pages\/1799\/revisions"}],"predecessor-version":[{"id":1827,"href":"http:\/\/agoratheque.3zcom.com\/index.php?rest_route=\/wp\/v2\/pages\/1799\/revisions\/1827"}],"up":[{"embeddable":true,"href":"http:\/\/agoratheque.3zcom.com\/index.php?rest_route=\/wp\/v2\/pages\/1775"}],"wp:attachment":[{"href":"http:\/\/agoratheque.3zcom.com\/index.php?rest_route=%2Fwp%2Fv2%2Fmedia&parent=1799"}],"wp:term":[{"taxonomy":"post_tag","embeddable":true,"href":"http:\/\/agoratheque.3zcom.com\/index.php?rest_route=%2Fwp%2Fv2%2Ftags&post=1799"}],"curies":[{"name":"wp","href":"https:\/\/api.w.org\/{rel}","templated":true}]}}