{"id":1819,"date":"2011-07-30T15:31:18","date_gmt":"2011-07-30T19:31:18","guid":{"rendered":"http:\/\/agoratheque.yprovencal.ep.profweb.qc.ca\/?page_id=1819"},"modified":"2011-09-21T09:01:39","modified_gmt":"2011-09-21T13:01:39","slug":"3-7-6-2-application-a-%c2%ab-l%e2%80%99ami-de-wigner-%c2%bb","status":"publish","type":"page","link":"http:\/\/agoratheque.3zcom.com\/?page_id=1819","title":{"rendered":"3.7.6.2 Application \u00e0 \u00ab l\u2019ami de Wigner \u00bb"},"content":{"rendered":"<p>\u00a0\u00a0\u00a0\u00a0\u00a0\u00a0\u00a0\u00a0\u00a0\u00a0\u00a0 Le th\u00e9or\u00e8me d\u2019unicit\u00e9 rend ind\u00e9terminables les r\u00e9ductions (effectives) ant\u00e9rieures au moment pr\u00e9sent. Tous les chemins correspondant ont ensemble la propri\u00e9t\u00e9 d\u2019unicit\u00e9 et ils ne peuvent donc pas donner lieu \u00e0 des diff\u00e9rences math\u00e9matiquement d\u00e9terminables. Une hypoth\u00e8se quant \u00e0 l\u2019effectivit\u00e9 d\u2019un \u00e9v\u00e9nement pass\u00e9 est inv\u00e9rifiable, ne donnant lieu \u00e0 aucune diff\u00e9rence observable<a id=\"ref-1\" href=\"#note-1\"><sup>1<\/sup><\/a>. Aucune loi physico-math\u00e9matique connue ne permet de d\u00e9duire ce qui est, a \u00e9t\u00e9 ou sera, effectif dans les \u00e9tats d\u00e9crits par le graphe du potentiel. Ce qu\u2019on peut d\u00e9duire se limite \u00e0 la caract\u00e9risation physico-cognitive (au moyen des cat\u00e9gories d\u00e9finies plus haut) des \u00e9tats \u00e0 partir d\u2019un \u00e9tat pr\u00e9sent, lequel est pos\u00e9 comme \u00e9tant effectif par d\u00e9finition. Or, cette caract\u00e9risation peut \u00eatre faite d\u2019apr\u00e8s diff\u00e9rentes interpr\u00e9tations de la m\u00e9canique quantique. Plusieurs interpr\u00e9tations diff\u00e9rentes sont enti\u00e8rement compatibles avec la base physico-math\u00e9matique. \u00c0 l\u2019exception de l\u2019interpr\u00e9tation allant de pair avec le principe de r\u00e9alit\u00e9, il est facile de voir que chacune d\u2019elles correspond \u00e0 une application partielle et arbitraire du principe de r\u00e9alit\u00e9.\u00a0<\/p>\n<p>\u00a0\u00a0\u00a0\u00a0\u00a0\u00a0\u00a0\u00a0\u00a0\u00a0\u00a0\u00a0 Ainsi, il n\u2019y a aucune contradiction, au niveau physico-math\u00e9matique, entre poser que l\u2019\u00a0\u00ab\u00a0ami\u00a0\u00bb se trouve dans certains \u00e9tats non effectifs du trajet pass\u00e9 (<em>i.e.<\/em> en une superposition d\u2019\u00e9tats) et poser qu\u2019il se trouve en un \u00e9tat effectif (<em>i.e.<\/em> un \u00e9tat r\u00e9sultant de la r\u00e9duction du paquet d\u2019onde). Tout d\u00e9pend, dans ce cas, de l\u2019application (implicite) du principe de r\u00e9alit\u00e9. Dans le premier de ces deux cas, l\u2019\u00e9tat de l\u2019ami n\u2019existe pas effectivement et, dans le second cas, il existe effectivement. \u00c9tant donn\u00e9 ce choix possible, ou cet arbitraire, l\u2019observateur actuel \u2014 d\u00e9sign\u00e9 plus haut comme S\u2019 \u2014 a naturellement l\u2019impression d\u2019\u00eatre le seul observateur effectif de l\u2019\u00e9tat du syst\u00e8me qu\u2019il est en train d\u2019observer et ce, m\u00eame s\u2019il appara\u00eet que d\u2019autres observateurs ont observ\u00e9 avant lui l\u2019\u00e9tat correspondant du sous-syst\u00e8me. La loi d\u2019unicit\u00e9 consacre, du m\u00eame coup, le caract\u00e8re consistant de la condition d\u2019universalit\u00e9 de l\u2019observation objective en science alors que cette condition paraissait mise en cause par le paradoxe de l\u2019ami.\u00a0<\/p>\n<p>\u00a0\u00a0\u00a0\u00a0\u00a0\u00a0\u00a0\u00a0\u00a0\u00a0\u00a0 On retrouve une situation analogue, dans les sciences cognitives, lorsqu\u2019on constate que l\u2019on peut, sans contradiction logique ou scientifique, poser que le sujet qu\u2019on examine est un \u00ab\u00a0zombi\u00a0\u00bb ou bien qu\u2019il est une personne v\u00e9ritable. Tout d\u00e9pend, ici encore, de l\u2019application du principe de r\u00e9alit\u00e9. Nous reviendrons sur ce point dans le <a title=\"6. L\u2019interpr\u00e9tation physico-cognitive de la conscience\" href=\"http:\/\/mail.agoratheque.3zcom.com\/?page_id=1353\" target=\"_blank\">chapitre 6<\/a>.<\/p>\n<div><a title=\"3.7.6.3 La cha\u00eene de von Neumann\" href=\"http:\/\/mail.agoratheque.3zcom.com\/?page_id=1839\">Suite<\/a><\/div>\n<p><a id=\"note-1\" href=\"#ref-1\">1<\/a> Dans cet \u00e9nonc\u00e9, l\u2019usage du mot \u00ab\u00a0observable\u00a0\u00bb est ambigu dans le mesure o\u00f9 les \u00e9v\u00e9nements pass\u00e9s effectifs sont des \u00e9v\u00e9nements en quelque sorte observables, c\u2019est-\u00e0-dire des \u00e9v\u00e9nements qui auraient \u00e9t\u00e9 observables dans le pass\u00e9 puisqu\u2019ils auraient pu \u00eatre effectifs. Ce qu\u2019il faut cependant comprendre de l\u2019expression \u00ab\u00a0diff\u00e9rence observable\u00a0\u00bb dans cette phrase est le sens habituel que lui donnent les physiciens. <a id=\"note-1\" href=\"#ref-1\">1<\/a><\/p>\n<div class=\"edit-link\"><a class=\"post-edit-link\" href=\"\">modifier<\/a><\/div>","protected":false},"excerpt":{"rendered":"<p>\u00a0\u00a0\u00a0\u00a0\u00a0\u00a0\u00a0\u00a0\u00a0\u00a0\u00a0 Le th\u00e9or\u00e8me d\u2019unicit\u00e9 rend ind\u00e9terminables les r\u00e9ductions (effectives) ant\u00e9rieures au moment pr\u00e9sent. Tous les chemins correspondant ont ensemble la propri\u00e9t\u00e9 d\u2019unicit\u00e9 et ils ne peuvent donc pas donner lieu \u00e0 des diff\u00e9rences math\u00e9matiquement d\u00e9terminables. Une hypoth\u00e8se quant \u00e0 l\u2019effectivit\u00e9 d\u2019un \u00e9v\u00e9nement pass\u00e9&#8230;<\/p>\n","protected":false},"author":1,"featured_media":0,"parent":1775,"menu_order":376,"comment_status":"open","ping_status":"open","template":"","meta":[],"tags":[],"_links":{"self":[{"href":"http:\/\/agoratheque.3zcom.com\/index.php?rest_route=\/wp\/v2\/pages\/1819"}],"collection":[{"href":"http:\/\/agoratheque.3zcom.com\/index.php?rest_route=\/wp\/v2\/pages"}],"about":[{"href":"http:\/\/agoratheque.3zcom.com\/index.php?rest_route=\/wp\/v2\/types\/page"}],"author":[{"embeddable":true,"href":"http:\/\/agoratheque.3zcom.com\/index.php?rest_route=\/wp\/v2\/users\/1"}],"replies":[{"embeddable":true,"href":"http:\/\/agoratheque.3zcom.com\/index.php?rest_route=%2Fwp%2Fv2%2Fcomments&post=1819"}],"version-history":[{"count":5,"href":"http:\/\/agoratheque.3zcom.com\/index.php?rest_route=\/wp\/v2\/pages\/1819\/revisions"}],"predecessor-version":[{"id":2908,"href":"http:\/\/agoratheque.3zcom.com\/index.php?rest_route=\/wp\/v2\/pages\/1819\/revisions\/2908"}],"up":[{"embeddable":true,"href":"http:\/\/agoratheque.3zcom.com\/index.php?rest_route=\/wp\/v2\/pages\/1775"}],"wp:attachment":[{"href":"http:\/\/agoratheque.3zcom.com\/index.php?rest_route=%2Fwp%2Fv2%2Fmedia&parent=1819"}],"wp:term":[{"taxonomy":"post_tag","embeddable":true,"href":"http:\/\/agoratheque.3zcom.com\/index.php?rest_route=%2Fwp%2Fv2%2Ftags&post=1819"}],"curies":[{"name":"wp","href":"https:\/\/api.w.org\/{rel}","templated":true}]}}