{"id":1832,"date":"2011-07-31T06:39:52","date_gmt":"2011-07-31T10:39:52","guid":{"rendered":"http:\/\/agoratheque.yprovencal.ep.profweb.qc.ca\/?page_id=1832"},"modified":"2017-03-31T11:29:39","modified_gmt":"2017-03-31T15:29:39","slug":"pam","status":"publish","type":"page","link":"http:\/\/agoratheque.3zcom.com\/?page_id=1832","title":{"rendered":"Qu&rsquo;est-ce qu&rsquo;une GAP ?"},"content":{"rendered":"<p style=\"text-align: right;\">[<a title=\"What is GPA?\" href=\"http:\/\/mail.agoratheque.3zcom.com\/?page_id=4630\">English<\/a>]<\/p>\n<p>La GAP (Global action pedagogy, P\u00e9dagogie en action sur le monde) est une forme de p\u00e9dagogie utilisant l&rsquo;Internet afin d&rsquo;instituer une id\u00e9e, une entit\u00e9 ou un projet par la reconnaissance \u00e9thique\u00a0mutuelle ou, plus largement, par <a title=\"Le respect des personnes et des groupes dans leur autonomie\" href=\"http:\/\/mail.agoratheque.3zcom.com\/?page_id=641\">respect<\/a> mutuel, et qui ce faisant, agit sur le monde par la reconnaissance en donnant existence notamment aux personnes et\u00a0aux nations. C&rsquo;est une p\u00e9dagogie cr\u00e9atrice \u00e0 l&rsquo;\u00e9chelle du monde. Cf. L&rsquo;article\u00a0<a href=\"http:\/\/www.lescegeps.com\/pedagogie\/approches_pedagogiques\/une_nouvelle_pedagogie_de_laction_citoyenne_sur_le_monde\">Une nouvelle p\u00e9dagogie de l&rsquo;action citoyenne sur le monde<\/a>\u00a0publi\u00e9 dans le <em>Portail du r\u00e9seau coll\u00e9gial<\/em> (2013).<\/p>\n<p>La p\u00e9dagogie des Gap inclut notamment:<\/p>\n<p>1) des lettres ouvertes (<a title=\"Lettres ouvertes\" href=\"http:\/\/mail.agoratheque.3zcom.com\/?page_id=2241\">exemples<\/a>),<\/p>\n<p>2) des manifestes (<a title=\"Quelques manifestations d\u2019id\u00e9es originales\" href=\"http:\/\/mail.agoratheque.3zcom.com\/?page_id=363\">exemples<\/a>),<\/p>\n<p>3) des mouvements mondiaux (<a title=\"Mouvements mondiaux\" href=\"http:\/\/mail.agoratheque.3zcom.com\/?page_id=4986\">exemples<\/a>)<\/p>\n<p>4) des pr\u00e9dictions id\u00e9om\u00e9triques (<a href=\"http:\/\/mail.agoratheque.3zcom.com\/?page_id=5858\">exemples<\/a>)<\/p>\n<p>5) des r\u00e9f\u00e9rendums (<a href=\"http:\/\/touteslesnations.yprovencal.profweb.ca\/\">exemple<\/a>),<\/p>\n<p>6) des forums de discussion (<a title=\"La situation g\u00e9n\u00e9rale d\u2019irrespect\" href=\"http:\/\/mail.agoratheque.3zcom.com\/?page_id=76\">exemples<\/a>),<\/p>\n<p>7) des projets globaux et projets de recherche (<a href=\"http:\/\/mail.agoratheque.3zcom.com\/?page_id=5056\">exemples<\/a>),<\/p>\n<p>8) des\u00a0tableaux p\u00e9dagogiques\u00a0(<a href=\"http:\/\/mail.agoratheque.3zcom.com\/?page_id=5159\">exemples<\/a>).<\/p>\n<p>9) des textes explicatifs du mod\u00e8le de l&rsquo;enfant (<a href=\"http:\/\/mail.agoratheque.3zcom.com\/?page_id=5157\">exemples<\/a>)<\/p>\n<p>En particulier, une GAP peut consister en une action continue sur le monde. Ainsi, une GAP de type lettre ouverte \u00e9quivaut \u00e0 une\u00a0publication r\u00e9elle et globale sur le long terme; c&rsquo;est en quelque sorte une lettre ouverte republi\u00e9e tous les jours dans tous les journaux du monde. Il en va de m\u00eame pour les manifestes. Quant aux\u00a0r\u00e9f\u00e9rendums, ce sont d&rsquo;authentiques consultations populaires d&rsquo;autant plus d\u00e9mocratiques que tous les humains, toutes les personnes et tous les groupes (nations, communaut\u00e9s religieuses, etc.) peuvent y souscrire, et ce sur une p\u00e9riode assez longue pour que tous puissent apprendre \u00e0 en saisir la port\u00e9e.\u00a0Comme ils sont pour ainsi dire relanc\u00e9s tous les jours,\u00a0jamais lettres ouvertes ou manifestes n&rsquo;auront si bien port\u00e9 leur nom!<\/p>\n<p>Pour en savoir plus sur ce type de p\u00e9dagogie, voir <a title=\"Une nouvelle p\u00e9dagogie d\u2019action citoyenne\" href=\"http:\/\/mail.agoratheque.3zcom.com\/?page_id=3264\">Une nouvelle p\u00e9dagogie de l\u2019action citoyenne sur le monde ?<\/a>,\u00a0<a title=\"La p\u00e9dagogie des forums de discussion\" href=\"http:\/\/mail.agoratheque.3zcom.com\/?page_id=353\">La p\u00e9dagogie des forums de discussion<\/a>\u00a0et <a title=\"Le respect des personnes et des groupes dans leur autonomie\" href=\"http:\/\/mail.agoratheque.3zcom.com\/?page_id=641\">Le respect des personnes et des groupes dans leur autonomie<\/a><\/p>\n<div class=\"edit-link\"><a class=\"post-edit-link\" href=\"\">modifier<\/a><\/div>","protected":false},"excerpt":{"rendered":"<p>[English] La GAP (Global action pedagogy, P\u00e9dagogie en action sur le monde) est une forme de p\u00e9dagogie utilisant l&rsquo;Internet afin d&rsquo;instituer une id\u00e9e, une entit\u00e9 ou un projet par la reconnaissance \u00e9thique\u00a0mutuelle ou, plus largement, par respect mutuel, et qui ce faisant, agit&#8230;<\/p>\n","protected":false},"author":1,"featured_media":0,"parent":415,"menu_order":0,"comment_status":"open","ping_status":"open","template":"","meta":[],"tags":[],"_links":{"self":[{"href":"http:\/\/agoratheque.3zcom.com\/index.php?rest_route=\/wp\/v2\/pages\/1832"}],"collection":[{"href":"http:\/\/agoratheque.3zcom.com\/index.php?rest_route=\/wp\/v2\/pages"}],"about":[{"href":"http:\/\/agoratheque.3zcom.com\/index.php?rest_route=\/wp\/v2\/types\/page"}],"author":[{"embeddable":true,"href":"http:\/\/agoratheque.3zcom.com\/index.php?rest_route=\/wp\/v2\/users\/1"}],"replies":[{"embeddable":true,"href":"http:\/\/agoratheque.3zcom.com\/index.php?rest_route=%2Fwp%2Fv2%2Fcomments&post=1832"}],"version-history":[{"count":58,"href":"http:\/\/agoratheque.3zcom.com\/index.php?rest_route=\/wp\/v2\/pages\/1832\/revisions"}],"predecessor-version":[{"id":5861,"href":"http:\/\/agoratheque.3zcom.com\/index.php?rest_route=\/wp\/v2\/pages\/1832\/revisions\/5861"}],"up":[{"embeddable":true,"href":"http:\/\/agoratheque.3zcom.com\/index.php?rest_route=\/wp\/v2\/pages\/415"}],"wp:attachment":[{"href":"http:\/\/agoratheque.3zcom.com\/index.php?rest_route=%2Fwp%2Fv2%2Fmedia&parent=1832"}],"wp:term":[{"taxonomy":"post_tag","embeddable":true,"href":"http:\/\/agoratheque.3zcom.com\/index.php?rest_route=%2Fwp%2Fv2%2Ftags&post=1832"}],"curies":[{"name":"wp","href":"https:\/\/api.w.org\/{rel}","templated":true}]}}