{"id":1923,"date":"2011-08-02T14:04:12","date_gmt":"2011-08-02T18:04:12","guid":{"rendered":"http:\/\/agoratheque.yprovencal.ep.profweb.qc.ca\/?page_id=1923"},"modified":"2011-09-23T13:58:36","modified_gmt":"2011-09-23T17:58:36","slug":"4-2-6-1-remarques-critiques-sur-l%e2%80%99usage-de-l%e2%80%99expression-%c2%ab-rendre-possible-%c2%bb","status":"publish","type":"page","link":"http:\/\/agoratheque.3zcom.com\/?page_id=1923","title":{"rendered":"4.2.6.1 Remarques critiques sur l\u2019usage de l\u2019expression \u00ab rendre possible \u00bb"},"content":{"rendered":"<div>\n<p>\u00a0\u00a0\u00a0\u00a0\u00a0\u00a0\u00a0\u00a0\u00a0\u00a0\u00a0 L\u2019usage de l\u2019expression \u00ab\u00a0rendre possible\u00a0\u00bb conduit \u00e0 des m\u00e9prises. Ainsi, all\u00e9guant que les \u00ab\u00a0erreurs\u00a0\u00bb de copies de l\u2019ADN ont rendu possible l\u2019\u00e9volution, on conclut qu\u2019elles l\u2019ont \u00ab\u00a0cr\u00e9\u00e9e\u00a0\u00bb. Ou encore on conclut que la s\u00e9lection naturelle est \u00ab\u00a0le moteur\u00a0\u00bb de l\u2019\u00e9volution parce qu\u2019elle \u00ab\u00a0rend possible\u00a0\u00bb l\u2019apparition de nouvelles formes de vie. En fait, c\u2019est plut\u00f4t l\u2019Univers, dou\u00e9 de son potentiel r\u00e9el, qui a produit l\u2019\u00e9volution globale. Plus pr\u00e9cis\u00e9ment, les lois de base combin\u00e9es aux conditions initiales ont, d\u00e8s le d\u00e9part, rendu possible toute l\u2019\u00e9volution qui a suivi. De m\u00eame, on dit que la concentration de l\u2019oxyg\u00e8ne a rendu possible l\u2019\u00e9volution des m\u00e9tazoaires\u00a0alors qu\u2019elle a plut\u00f4t rendu <em>effectivement<\/em> possible cette possibilit\u00e9 r\u00e9elle de l\u2019\u00e9volution.\u00a0\u00a0<\/p>\n<p>\u00a0\u00a0\u00a0\u00a0\u00a0\u00a0\u00a0\u00a0\u00a0\u00a0\u00a0 C\u2019est une grave m\u00e9prise d\u2019attribuer ainsi des cr\u00e9ations de possibilit\u00e9s \u00e0 des \u00ab\u00a0erreurs\u00a0\u00bb ou, m\u00eame, \u00e0 la s\u00e9lection naturelle, qui n\u2019est en fin de compte qu\u2019une contrainte logique. Ce type de confusion \u00e9quivaudrait, par exemple, \u00e0 attribuer la cr\u00e9ativit\u00e9 du po\u00e8te inspir\u00e9 \u00e0 sa seule plume ou, ce qui n\u2019est gu\u00e8re mieux, \u00e0 une simple m\u00e9thode d\u2019essais et d\u2019erreurs.\u00a0<\/p>\n<p>\u00a0\u00a0\u00a0\u00a0\u00a0\u00a0\u00a0\u00a0\u00a0\u00a0\u00a0 Un autre exemple, de nature diff\u00e9rente, consiste \u00e0 parler de ce qui est \u00ab\u00a0riche de possibilit\u00e9s\u00a0\u00bb alors que, dans un langage plus rigoureux, il faudrait d\u00e9crire cette situation comme \u00e9tant \u00ab\u00a0probablement riche de possibilit\u00e9s effectives\u00a0\u00bb, o\u00f9 le mot \u00ab\u00a0probablement\u00a0\u00bb signifie qu\u2019on l\u2019ignore en fait, mais qu\u2019on a certaines raisons valables de le croire. Dans ce cas, c\u2019est la diff\u00e9rence entre une probabilit\u00e9 subjective et une probabilit\u00e9 r\u00e9elle qui est en cause. De plus, l\u2019expression \u00ab\u00a0riche de possibilit\u00e9s\u00a0\u00bb est l\u2019expression d\u2019un truisme si l\u2019on tient compte des possibilit\u00e9s r\u00e9elles. Toutes les \u00e9poques du pass\u00e9 \u00e9taient d\u2019une richesse incommensurable en possibilit\u00e9s r\u00e9elles, bien que peut-\u00eatre beaucoup moins riches en possibilit\u00e9s effectives. De m\u00eame, beaucoup de formes de vie ou d\u2019environnements \u2014 la plupart peut-\u00eatre \u2014 ont d\u2019innombrables possibilit\u00e9s r\u00e9elles, dont la plus grande partie ne se r\u00e9alisera qu\u2019\u00e0 long terme. De m\u00eame, tous les \u00eatre humains semblent avoir des possibilit\u00e9s r\u00e9elles extraordinaires pour la r\u00e9alisation desquelles il faudrait toutefois un environnement appropri\u00e9. La prise en compte du potentiel r\u00e9el des humains sera pour nous la base d\u2019une nouvelle conception de l\u2019humain que nous appellerons l\u2019\u00a0\u00ab\u00a0humain transfini<a id=\"ref-1\" href=\"#note-1\"><sup>1<\/sup><\/a>\u00a0\u00bb.\u00a0<\/p>\n<p>\u00a0\u00a0\u00a0\u00a0\u00a0\u00a0\u00a0\u00a0\u00a0\u00a0\u00a0 L\u2019expression \u00ab\u00a0rendre possible\u00a0\u00bb est peu rigoureuse parce qu\u2019elle peut laisser entendre que l\u2019apparition de l\u2019objet concern\u00e9 n\u2019\u00e9tait pas encore possible avant un certain moment. En d\u2019autres termes, elle laisse entendre qu\u2019une possibilit\u00e9 r\u00e9elle a \u00e9t\u00e9 cr\u00e9\u00e9e de toute pi\u00e8ce \u00e0 ce moment, comme s\u2019il s\u2019agissait d\u2019une g\u00e9n\u00e9ration spontan\u00e9e ou de l\u2019acte d\u2019une divinit\u00e9. Si la possibilit\u00e9 dont on fait mention est r\u00e9elle, celle-ci existait d\u00e9j\u00e0 en tant que telle et, s\u2019il s\u2019agit plut\u00f4t d\u2019une possibilit\u00e9 subjective, il faudrait quand m\u00eame modifier l\u2019\u00e9nonc\u00e9. Dans ce cas, notre connaissance de l\u2019apparition de cet objet n\u2019est pas rendue possible en soi, mais elle est rendue subjectivement possible en raison d\u2019une transformation effective de nos connaissances sur cet objet, ces connaissances \u00e9tant alors, pour nous, r\u00e9ellement possibles. Bref, il nous est rendu effectivement possible de savoir que cet objet pouvait ou devait appara\u00eetre \u00e0 ce moment.<\/p>\n<div><a title=\"4.2.7 La logique de l\u2019essai et de l\u2019erreur\" href=\"http:\/\/mail.agoratheque.3zcom.com\/?page_id=1934\">Suite<\/a><\/div>\n<div><a id=\"note-1\" href=\"#ref-1\">1<\/a>\u00a0Voir le<a title=\"7. Le potentiel humain\" href=\"http:\/\/mail.agoratheque.3zcom.com\/?page_id=1356\"> chapitre 7<\/a> et, en particulier, la<a title=\"7.4 Le caract\u00e8re transfini du potentiel humain\" href=\"http:\/\/mail.agoratheque.3zcom.com\/?page_id=2546\"> chapitre 7.4<\/a>. <a id=\"note-1\" href=\"#ref-1\">1<\/a><\/div>\n<\/div>\n<div class=\"edit-link\"><a class=\"post-edit-link\" href=\"\">modifier<\/a><\/div>","protected":false},"excerpt":{"rendered":"<p>\u00a0\u00a0\u00a0\u00a0\u00a0\u00a0\u00a0\u00a0\u00a0\u00a0\u00a0 L\u2019usage de l\u2019expression \u00ab\u00a0rendre possible\u00a0\u00bb conduit \u00e0 des m\u00e9prises. Ainsi, all\u00e9guant que les \u00ab\u00a0erreurs\u00a0\u00bb de copies de l\u2019ADN ont rendu possible l\u2019\u00e9volution, on conclut qu\u2019elles l\u2019ont \u00ab\u00a0cr\u00e9\u00e9e\u00a0\u00bb. Ou encore on conclut que la s\u00e9lection naturelle est \u00ab\u00a0le moteur\u00a0\u00bb de l\u2019\u00e9volution parce qu\u2019elle&#8230;<\/p>\n","protected":false},"author":1,"featured_media":0,"parent":1917,"menu_order":426,"comment_status":"open","ping_status":"open","template":"","meta":[],"tags":[],"_links":{"self":[{"href":"http:\/\/agoratheque.3zcom.com\/index.php?rest_route=\/wp\/v2\/pages\/1923"}],"collection":[{"href":"http:\/\/agoratheque.3zcom.com\/index.php?rest_route=\/wp\/v2\/pages"}],"about":[{"href":"http:\/\/agoratheque.3zcom.com\/index.php?rest_route=\/wp\/v2\/types\/page"}],"author":[{"embeddable":true,"href":"http:\/\/agoratheque.3zcom.com\/index.php?rest_route=\/wp\/v2\/users\/1"}],"replies":[{"embeddable":true,"href":"http:\/\/agoratheque.3zcom.com\/index.php?rest_route=%2Fwp%2Fv2%2Fcomments&post=1923"}],"version-history":[{"count":13,"href":"http:\/\/agoratheque.3zcom.com\/index.php?rest_route=\/wp\/v2\/pages\/1923\/revisions"}],"predecessor-version":[{"id":1925,"href":"http:\/\/agoratheque.3zcom.com\/index.php?rest_route=\/wp\/v2\/pages\/1923\/revisions\/1925"}],"up":[{"embeddable":true,"href":"http:\/\/agoratheque.3zcom.com\/index.php?rest_route=\/wp\/v2\/pages\/1917"}],"wp:attachment":[{"href":"http:\/\/agoratheque.3zcom.com\/index.php?rest_route=%2Fwp%2Fv2%2Fmedia&parent=1923"}],"wp:term":[{"taxonomy":"post_tag","embeddable":true,"href":"http:\/\/agoratheque.3zcom.com\/index.php?rest_route=%2Fwp%2Fv2%2Ftags&post=1923"}],"curies":[{"name":"wp","href":"https:\/\/api.w.org\/{rel}","templated":true}]}}