{"id":1942,"date":"2011-08-02T16:52:11","date_gmt":"2011-08-02T20:52:11","guid":{"rendered":"http:\/\/agoratheque.yprovencal.ep.profweb.qc.ca\/?page_id=1942"},"modified":"2011-08-02T17:01:32","modified_gmt":"2011-08-02T21:01:32","slug":"4-3-l%e2%80%99evolution-naturelle-globale","status":"publish","type":"page","link":"http:\/\/agoratheque.3zcom.com\/?page_id=1942","title":{"rendered":"4.3 L\u2019\u00e9volution naturelle globale"},"content":{"rendered":"<div>\n<p>\u00a0\u00a0\u00a0\u00a0\u00a0\u00a0\u00a0\u00a0\u00a0\u00a0\u00a0 Les scientifiques ont r\u00e9cemment constat\u00e9 qu\u2019une \u00e9volution physique de tout l\u2019Univers s\u2019est effectu\u00e9e depuis le moment initial du Big Bang<a id=\"ref-1\" href=\"#note-1\"><sup>1<\/sup><\/a>. L\u2019\u00e9volution globale, \u00e0 la fois physique et biologique, puis humaine, tient actuellement du fait hypoth\u00e9tique et non de la th\u00e9orie scientifique, un peu comme l\u2019\u00e9tait l\u2019\u00e9volution biologique elle-m\u00eame \u00e0 l\u2019\u00e9poque de Darwin. C\u2019est donc \u00e0 titre d\u2019hypoth\u00e8se que nous consid\u00e9rerons ici l\u2019\u00e9volution globale. Ce chapitre portera davantage sur les donn\u00e9es et les explications d\u2019ordre biologique, et leur mise en rapport avec certaines donn\u00e9es et certains concepts d\u2019ordre physique. Les trois chapitres suivants traiteront plut\u00f4t du cas de l\u2019\u00e9volution humaine et, notamment, de la fa\u00e7on dont on peut mieux comprendre le fait humain en se basant sur une meilleure compr\u00e9hension globale de la nature.\u00a0\u00a0<\/p>\n<p>\u00a0\u00a0\u00a0\u00a0\u00a0\u00a0\u00a0\u00a0\u00a0\u00a0\u00a0 Nous d\u00e9crirons l\u2019\u00e9volution globale comme <em>une grande association<\/em>, y compris en ce qui concerne l\u2019\u00e9volution de la vie. Les luttes n\u2019en sont que des modes d\u2019interaction, une expression d\u2019interd\u00e9pendance. Apr\u00e8s avoir tent\u00e9 de montrer, plus haut, que cette \u00e9volution globale peut \u00eatre vue comme t\u00e9l\u00e9onomique, il s\u2019agit ici de montrer qu\u2019elle peut et devrait \u00eatre vue comme <em>associative<\/em> plut\u00f4t que bas\u00e9e sur des antagonismes.\u00a0<\/p>\n<p>\u00a0\u00a0\u00a0\u00a0\u00a0\u00a0\u00a0\u00a0\u00a0\u00a0\u00a0 Les biologistes commencent tout juste \u00e0 envisager une biologie plan\u00e9taire qui tient compte de l\u2019environnement physico-chimique terrestre dans son ensemble<a id=\"ref-2\" href=\"#note-2\"><sup>2<\/sup><\/a>. Ils ont eu jusqu\u2019\u00e0 pr\u00e9sent l\u2019habitude de comprendre l\u2019environnement comme un ensemble de formes de vie en faisant abstraction de la plupart des variables physiques, telles que les variables cosmologiques, astrophysiques ou m\u00eame g\u00e9ophysiques.\u00a0<\/p>\n<p>\u00a0\u00a0\u00a0\u00a0\u00a0\u00a0\u00a0\u00a0\u00a0\u00a0\u00a0 L\u2019\u00e9volution globale, telle qu\u2019on l\u2019entend ici, comportera celle du pool g\u00e9n\u00e9tique global et celle de l\u2019environnement global terrestre. Les transformations du pool g\u00e9n\u00e9tique peuvent s\u2019expliquer partiellement par la s\u00e9lection naturelle. Celles de l\u2019environnement terrestre peuvent s\u2019expliquer partiellement en invoquant d\u2019autres principes, tir\u00e9s de la g\u00e9ophysique ou d\u2019autres disciplines plus ou moins reli\u00e9es entre elles. Si nous parlons de l\u2019environnement global, cela regarde \u00e0 la fois la physique, la g\u00e9ologie, la biologie et plusieurs autres sciences plus particuli\u00e8res. Il ne s\u2019agit pas ici surtout de tenter d\u2019expliquer l\u2019\u00e9volution globale en nous appuyant sur ces disciplines. Nous tenterons de le faire essentiellement au moyen de concepts adisciplinaires, et plus particuli\u00e8rement en nous appuyant sur les lois de base et sur le principe de r\u00e9duction du potentiel r\u00e9el. Les donn\u00e9es de la biologie serviront surtout \u00e0 illustrer ce nouveau mode d\u2019explication scientifique.\u00a0<\/p>\n<p>\u00a0\u00a0\u00a0\u00a0\u00a0\u00a0\u00a0\u00a0\u00a0\u00a0\u00a0 L\u2019\u00e9volution de l\u2019environnement terrestre global a \u00e9t\u00e9 marqu\u00e9e par plusieurs apparitions ou \u00e9mergences qui incluent tout d\u2019abord celle de la vie, puis celles des eucaryotes, de la sexualit\u00e9, des m\u00e9tazoaires, de l\u2019atmosph\u00e8re concentr\u00e9e en oxyg\u00e8ne, des vert\u00e9br\u00e9s et, enfin, de l\u2019humanit\u00e9. On peut dire que l\u2019\u00e9volution du pool g\u00e9n\u00e9tique global semble avoir comport\u00e9 des phases d\u2019\u00e9quilibre plus ou moins longues, ponctu\u00e9es par des catastrophes \u2014 extinctions massives suivies de l\u2019apparition non moins massive de nouvelles esp\u00e8ces \u2014. Sur le long terme, avec une certaine probabilit\u00e9 les g\u00e8nes tendent \u00e0 se reproduire <em>ne varietur<\/em>, mais avec une probabilit\u00e9 plus grande ils tendent aussi \u00e0 \u00e9voluer en r\u00e9v\u00e9lant des ph\u00e9nom\u00e8nes d\u2019innovations biologiques encore peu d\u00e9crits et mal compris.<\/p>\n<div><a title=\"4.3.1 L\u2019\u00e9volution physique\" href=\"http:\/\/mail.agoratheque.3zcom.com\/?page_id=1946\">Suite<\/a><\/div>\n<p><a id=\"note-1\" href=\"#ref-1\">1<\/a> La th\u00e9orie du Big Bang n\u2019a \u00e9t\u00e9 confirm\u00e9e qu\u2019en 1965 par l\u2019observation du rayonnement de corps noir du fond du ciel. D\u2019autres observations plus pr\u00e9cises l\u2019ont confirm\u00e9e \u00e0 nouveau depuis lors. Avant que cette th\u00e9orie soit confirm\u00e9e, les physiciens n\u2019envisageaient l\u2019\u00e9volution globale que comme une hypoth\u00e8se peu vraisemblable. Ils consid\u00e9raient cependant qu\u2019une \u00e9volution locale des atomes dans le c\u0153ur des \u00e9toiles avait jou\u00e9 un r\u00f4le important pour permettre ensuite la formation de la Terre. <a id=\"note-1\" href=\"#ref-1\">1<\/a><\/p>\n<div id=\"ftn2\">\n<p><a id=\"note-2\" href=\"#ref-2\">2<\/a> Voir <em>Environmental Evolution. Effects of the Origin and Evolution of Life on Planet Earth<\/em> (deuxi\u00e8me \u00e9dition), \u00e9dit\u00e9 par Lynn Margulis, Clifford Matthews, ans Aaron Haselton, Cambridge (Massachusetts), The MIT Press, 2000; Gerald A. Soffen, qui en a r\u00e9dig\u00e9 l\u2019avant-propos, utilise la nouvelle expression de \u00ab\u00a0biologie plan\u00e9taire\u00a0\u00bb (\u201cthe emerging field of planetary biology\u201d; Avant-propos, p. ix-x).\u00a0<a id=\"note-2\" href=\"#ref-2\">2<\/a><\/p>\n<\/div>\n<\/div>\n<div class=\"edit-link\"><a class=\"post-edit-link\" href=\"\">modifier<\/a><\/div>","protected":false},"excerpt":{"rendered":"<p>\u00a0\u00a0\u00a0\u00a0\u00a0\u00a0\u00a0\u00a0\u00a0\u00a0\u00a0 Les scientifiques ont r\u00e9cemment constat\u00e9 qu\u2019une \u00e9volution physique de tout l\u2019Univers s\u2019est effectu\u00e9e depuis le moment initial du Big Bang1. L\u2019\u00e9volution globale, \u00e0 la fois physique et biologique, puis humaine, tient actuellement du fait hypoth\u00e9tique et non de la th\u00e9orie scientifique, un&#8230;<\/p>\n","protected":false},"author":1,"featured_media":0,"parent":1343,"menu_order":430,"comment_status":"open","ping_status":"open","template":"","meta":[],"tags":[],"_links":{"self":[{"href":"http:\/\/agoratheque.3zcom.com\/index.php?rest_route=\/wp\/v2\/pages\/1942"}],"collection":[{"href":"http:\/\/agoratheque.3zcom.com\/index.php?rest_route=\/wp\/v2\/pages"}],"about":[{"href":"http:\/\/agoratheque.3zcom.com\/index.php?rest_route=\/wp\/v2\/types\/page"}],"author":[{"embeddable":true,"href":"http:\/\/agoratheque.3zcom.com\/index.php?rest_route=\/wp\/v2\/users\/1"}],"replies":[{"embeddable":true,"href":"http:\/\/agoratheque.3zcom.com\/index.php?rest_route=%2Fwp%2Fv2%2Fcomments&post=1942"}],"version-history":[{"count":4,"href":"http:\/\/agoratheque.3zcom.com\/index.php?rest_route=\/wp\/v2\/pages\/1942\/revisions"}],"predecessor-version":[{"id":1944,"href":"http:\/\/agoratheque.3zcom.com\/index.php?rest_route=\/wp\/v2\/pages\/1942\/revisions\/1944"}],"up":[{"embeddable":true,"href":"http:\/\/agoratheque.3zcom.com\/index.php?rest_route=\/wp\/v2\/pages\/1343"}],"wp:attachment":[{"href":"http:\/\/agoratheque.3zcom.com\/index.php?rest_route=%2Fwp%2Fv2%2Fmedia&parent=1942"}],"wp:term":[{"taxonomy":"post_tag","embeddable":true,"href":"http:\/\/agoratheque.3zcom.com\/index.php?rest_route=%2Fwp%2Fv2%2Ftags&post=1942"}],"curies":[{"name":"wp","href":"https:\/\/api.w.org\/{rel}","templated":true}]}}