{"id":1994,"date":"2011-08-04T13:57:15","date_gmt":"2011-08-04T17:57:15","guid":{"rendered":"http:\/\/agoratheque.yprovencal.ep.profweb.qc.ca\/?page_id=1994"},"modified":"2016-05-19T15:04:31","modified_gmt":"2016-05-19T19:04:31","slug":"4-3-4-2-le-caractere-constructif-et-normal-des-catastrophes-au-cours-de-l%e2%80%99evolution","status":"publish","type":"page","link":"http:\/\/agoratheque.3zcom.com\/?page_id=1994","title":{"rendered":"4.3.4.2 Le caract\u00e8re constructif et normal des catastrophes au cours de l\u2019\u00e9volution"},"content":{"rendered":"<p>D\u2019apr\u00e8s les connaissances actuelles, l\u2019histoire du vivant sur la Terre a comport\u00e9 plusieurs moments ou phases d\u2019extinctions. Des extinctions importantes ont eu lieu notamment vers la fin de plusieurs \u00e8res telles que le Cambrien, l\u2019Ordovicien, le D\u00e9vonien, le Permien et le Cr\u00e9tac\u00e9<a href=\"https:\/\/lms2.decclic.qc.ca\/Pub\/F38E337E-4AB4-4459-8A51-E3429AA48AD9\/2DE45F71-C414-4680-8A52-A0047A360907#_ftn1\" name=\"_ftnref1\"><span style=\"font-family: 'Times New Roman','serif'; font-size: 12pt;\">[1]<\/span><\/a>. Les plus notoires aux yeux des scientifiques sont celles qui ont eu lieu \u00e0 la fin du Permien et \u00e0 la fin du Cr\u00e9tac\u00e9, peut-\u00eatre simplement parce qu\u2019elles sont les plus document\u00e9es, \u00e9tant les plus r\u00e9centes parmi toutes celles qui se sont produites dans les \u00e8res g\u00e9ologiques.<\/p>\n<p style=\"text-indent: 35.4pt;\">Celle du Cr\u00e9tac\u00e9, en particulier, est la plus connue. On sait qu\u2019alors, les grands reptiles sont disparus, ce qui inclut les dinosaures, les reptiles volants et les reptiles marins. En outre, un nombre consid\u00e9rable d\u2019autres esp\u00e8ces marines ou terrestres ont \u00e9t\u00e9 compl\u00e8tement \u00e9limin\u00e9es et presque tout le plancton marin est disparu. L\u2019une des th\u00e9ories les plus connues qui explique l\u2019origine de cette catastrophe repose sur l\u2019hypoth\u00e8se qu\u2019un corps c\u00e9leste d\u2019environ 10 km de diam\u00e8tre serait entr\u00e9 en collision avec la Terre et aurait entra\u00een\u00e9 imm\u00e9diatement une vague de froid qui aurait interrompu le processus de photosynth\u00e8se et caus\u00e9 la mort rapide du plancton unicellulaire, ce qui aurait eu par la suite un effet d\u2019entra\u00eenement<a href=\"https:\/\/lms2.decclic.qc.ca\/Pub\/F38E337E-4AB4-4459-8A51-E3429AA48AD9\/2DE45F71-C414-4680-8A52-A0047A360907#_ftn2\" name=\"_ftnref2\"><span style=\"font-family: 'Times New Roman','serif'; font-size: 12pt;\">[2]<\/span><\/a>. Il subsiste encore beaucoup d\u2019incertitude concernant les causes de cette grande extinction, de m\u00eame que les causes de toutes les autres.<\/p>\n<p style=\"text-indent: 35.4pt;\">Le discours biologique est ambivalent en ce qui concerne la signification de ces catastrophes pour la compr\u00e9hension de l\u2019\u00e9volution. Par exemple, on s\u2019interroge sur le caract\u00e8re r\u00e9gulier ou accidentel des extinctions importantes<a href=\"https:\/\/lms2.decclic.qc.ca\/Pub\/F38E337E-4AB4-4459-8A51-E3429AA48AD9\/2DE45F71-C414-4680-8A52-A0047A360907#_ftn3\" name=\"_ftnref3\"><span style=\"font-family: 'Times New Roman','serif'; font-size: 12pt;\">[3]<\/span><\/a>. On est pr\u00eat \u00e0 leur faire jouer un r\u00f4le important dans l\u2019histoire de la vie, mais l\u2019absence de d\u00e9veloppement th\u00e9orique sp\u00e9cifique laisse croire que ces \u00e9v\u00e9nements doivent \u00eatre simplement vus comme fortuits<a href=\"https:\/\/lms2.decclic.qc.ca\/Pub\/F38E337E-4AB4-4459-8A51-E3429AA48AD9\/2DE45F71-C414-4680-8A52-A0047A360907#_ftn4\" name=\"_ftnref4\"><span style=\"font-family: 'Times New Roman','serif'; font-size: 12pt;\">[4]<\/span><\/a>. Beaucoup de questions demeurent encore sans r\u00e9ponse d\u00e9cisive. Combien y a-t-il eu d\u2019\u00e9pisodes d\u2019extinctions massives\u00a0? Quelles en sont les causes\u00a0? Ont-ils eu lieu de fa\u00e7on cyclique\u00a0? Et si tel est cas, faut-il les int\u00e9grer dans le processus normal de l\u2019\u00e9volution\u00a0? Font-ils partie d\u2019un m\u00e9canisme \u00e9volutif et donc sont-ils \u00e0 consid\u00e9rer comme des \u00e9l\u00e9ments essentiels\u00a0pour comprendre ce qu\u2019est l\u2019\u00e9volution?<\/p>\n<p>\u00a0\u00a0\u00a0\u00a0\u00a0\u00a0\u00a0\u00a0\u00a0\u00a0\u00a0 Il existe des \u00e9l\u00e9ments de r\u00e9ponse. Consid\u00e9rons plus particuli\u00e8rement les questions de la normalit\u00e9 des catastrophes et de leur r\u00f4le dans le processus \u00e9volutif global de la vie. Il est possible qu\u2019aux tout d\u00e9buts de la longue \u00e9volution de la vie terrestre, lorsque seules quelques formes primitives existaient, elles aient \u00e9t\u00e9 toutes \u00e9limin\u00e9es par certains cataclysmes particuli\u00e8rement violents. Cependant, en ce qui concerne la vie plus complexe telle qu\u2019elle s\u2019est d\u00e9velopp\u00e9e depuis des centaines de millions d\u2019ann\u00e9es, nous pouvons \u00eatre raisonnablement s\u00fbrs qu\u2019\u00e0 chacune des catastrophes, au moins certaines formes de vie parmi les plus \u00e9volu\u00e9es ont pu subsister. En fait on a remarqu\u00e9 qu\u2019apr\u00e8s une extinction massive, des opportunit\u00e9s \u00e9cologiques ont \u00e9t\u00e9 cr\u00e9\u00e9es pour de nouvelles esp\u00e8ces, qui auront remplac\u00e9 les groupes \u00e9limin\u00e9s.<\/p>\n<p>L\u2019approche globale permet de consid\u00e9rer les catastrophes comme \u00e9tant partie du processus \u00e9volutif et ce, m\u00eame si certaines d\u2019entre elles sont d\u2019origine astronomique. Elles sont d\u2019ailleurs statistiquement pr\u00e9visibles, au moins partiellement. On peut sans trop de difficult\u00e9s calculer la fr\u00e9quence approximative de catastrophes telles que l\u2019impact d\u2019un ast\u00e9ro\u00efde ou d\u2019une com\u00e8te avec la Terre \u00e0 partir de donn\u00e9es d\u2019observation et de la dynamique classique. Certains biologistes semblent r\u00e9ticents \u00e0 l\u2019id\u00e9e de consid\u00e9rer les catastrophes affectant la biosph\u00e8re comme des faits pr\u00e9visibles, si bien qu\u2019ils pr\u00e9f\u00e8rent l\u2019attribuer \u00e0 ce qu\u2019ils appellent le \u00ab\u00a0hasard\u00a0\u00bb, lequel est par d\u00e9finition impr\u00e9visible<a href=\"https:\/\/lms2.decclic.qc.ca\/Pub\/F38E337E-4AB4-4459-8A51-E3429AA48AD9\/2DE45F71-C414-4680-8A52-A0047A360907#_ftn5\" name=\"_ftnref5\"><span style=\"font-family: 'Times New Roman','serif'; font-size: 12pt;\">[5]<\/span><\/a>. En fait, il s\u2019agit plut\u00f4t de probabilit\u00e9s qu\u2019il serait tout \u00e0 fait valable, d\u2019un point de vue scientifique, de consid\u00e9rer comme partie int\u00e9grante de la th\u00e9orie de l\u2019\u00e9volution. Ce type d\u2019\u00e9v\u00e9nement n\u2019est ni plus ni moins pr\u00e9visible que l\u2019\u00e9volution des \u00e9toiles ou des galaxies, ou plus particuli\u00e8rement, du syst\u00e8me solaire.<\/p>\n<p style=\"text-indent: 35.4pt;\">Seule une grande catastrophe peut avoir pour effet de transformer en profondeur un biote plan\u00e9taire bien adapt\u00e9. Les pouss\u00e9es \u00e9volutives qui se sont produites apr\u00e8s un \u00e9v\u00e9nement d\u2019extinction massive sont en quelque sorte de <em>pures manifestations<\/em> du potentiel biologique, voire du potentiel global (physico-biologique), d\u2019o\u00f9 la difficult\u00e9 actuelle de conceptualiser le r\u00f4le des extinctions massives. Il s\u2019agit d\u2019un r\u00f4le qui est \u00e0 la fois adaptatif pour les lign\u00e9es et globalement \u00e9volutif. La s\u00e9lection naturelle darwinienne ne serait qu\u2019une premi\u00e8re approche de la s\u00e9lection naturelle en son sens le plus g\u00e9n\u00e9ral.<\/p>\n<p style=\"text-indent: 35.4pt;\"><a title=\"4.3.4.3 La capacit\u00e9 \u00e9volutive des lign\u00e9es\" href=\"http:\/\/mail.agoratheque.3zcom.com\/?page_id=2000\">Suite<\/a><\/p>\n<hr size=\"1\" \/>\n<p><a href=\"https:\/\/lms2.decclic.qc.ca\/Pub\/F38E337E-4AB4-4459-8A51-E3429AA48AD9\/2DE45F71-C414-4680-8A52-A0047A360907#_ftnref1\" name=\"_ftn1\"><span style=\"font-family: 'Times New Roman','serif'; font-size: 10pt;\">[1]<\/span><\/a> Par d\u00e9finition, une extinction massive est caract\u00e9ris\u00e9e par la brusque diminution du nombre d\u2019esp\u00e8ces pendant un laps de temps relativement court. Les sp\u00e9cialistes distinguent en fait un bien plus grand nombre de p\u00e9riodes d\u2019extinctions plus marqu\u00e9es que la moyenne. Fort probablement, il y en a eu \u00e9galement durant les longues \u00e8res pr\u00e9cambriennes. Les cinq mentionn\u00e9es ci-dessus sont celles pendant lesquelles plus de 50 % des esp\u00e8ces disparurent. On mentionne aussi, de nos jours, l\u2019extinction massive de l\u2019Holoc\u00e8ne, qui se poursuit encore, et m\u00eame s\u2019accentue de fa\u00e7on peut-\u00eatre hors norme depuis que l\u2019humain est apparu.<\/p>\n<div id=\"ftn2\">\n<p><a href=\"https:\/\/lms2.decclic.qc.ca\/Pub\/F38E337E-4AB4-4459-8A51-E3429AA48AD9\/2DE45F71-C414-4680-8A52-A0047A360907#_ftnref2\" name=\"_ftn2\">[2]<\/a> Cette th\u00e9orie a \u00e9t\u00e9 \u00e9mise en 1980 par Luis et Walter Alvarez (p\u00e8re et fils), F Asaro, et Helen V. Michael. D\u2019autres th\u00e9ories existent \u00e9galement comme, par exemple, celle qui invoque des phases de volcanisme inhabituellement intense causant des \u00e9ruptions gigantesques.<\/p>\n<\/div>\n<div id=\"ftn3\">\n<p><a href=\"https:\/\/lms2.decclic.qc.ca\/Pub\/F38E337E-4AB4-4459-8A51-E3429AA48AD9\/2DE45F71-C414-4680-8A52-A0047A360907#_ftnref3\" name=\"_ftn3\">[3]<\/a>Par exemple, David M. Raup et Jack Sepkovski ont conclu de leurs recherches que cinq \u00e9pisodes d\u2019extinctions massives ont eu lieu et qu\u2019elles sont apparues de fa\u00e7on p\u00e9riodique, selon un cycle de 26 millions d\u2019ann\u00e9es (D. M. Raup et J. J. Jr. Sepkovski, \u201cPeriodicity of extinctions in the geologic past\u201d, <em>Proceedings of the National Academy of Sciences<\/em>, 81, 1984, p. 801-805).<\/p>\n<\/div>\n<div id=\"ftn4\">\n<p><a href=\"https:\/\/lms2.decclic.qc.ca\/Pub\/F38E337E-4AB4-4459-8A51-E3429AA48AD9\/2DE45F71-C414-4680-8A52-A0047A360907#_ftnref4\" name=\"_ftn4\">[4]<\/a> Stephen J. Gould affirme que les extinctions massives sont \u00ab\u00a0purement accidentelles\u00a0\u00bb tout en admettant pourtant, dans le m\u00eame passage, qu\u2019elles sont multiples et respectent \u00ab\u00a0peut-\u00eatre m\u00eame un cycle r\u00e9gulier de 25 \u00e0 30 millions d\u2019ann\u00e9es\u00a0\u00bb (S. J. Gould, <em>Le sourire du flamant rose<\/em>,<em> op. cit.<\/em>, p. 10). Plus loin, Gould d\u00e9clare que les extinctions massives ont \u00ab\u00a0conf\u00e9r\u00e9 au d\u00e9roulement de notre \u00e9volution un caract\u00e8re essentiellement fortuit\u00a0\u00bb (<em>Op. cit.<\/em>, p. 445). Pour Gould, comme pour d\u2019autres biologistes, le mot fortuit semble signifier \u00ab\u00a0inexplicable par la s\u00e9lection darwinienne\u00a0\u00bb.<\/p>\n<\/div>\n<div id=\"ftn5\">\n<p><a href=\"https:\/\/lms2.decclic.qc.ca\/Pub\/F38E337E-4AB4-4459-8A51-E3429AA48AD9\/2DE45F71-C414-4680-8A52-A0047A360907#_ftnref5\" name=\"_ftn5\">[5]<\/a> Par exemple, Stephen J. Gould\u00a0d\u00e9clare que l\u2019impact d\u2019un ast\u00e9ro\u00efde avec la Terre, \u00e0 la fin du Cr\u00e9tac\u00e9, est une \u00ab\u00a0catastrophe impr\u00e9vue et impr\u00e9visible\u00a0\u00bb (S. J. Gould, <em>Quand les poules auront des dents<\/em>, <em>op. cit.<\/em>, p. 371). Gould semble supposer que les causes d\u2019origines physiques et ext\u00e9rieures \u00e0 la Terre sont n\u00e9cessairement d\u00e9pourvues de signification \u00e9volutive.<\/p>\n<\/div>\n<div class=\"edit-link\"><a class=\"post-edit-link\" href=\"\">modifier<\/a><\/div>","protected":false},"excerpt":{"rendered":"<p>D\u2019apr\u00e8s les connaissances actuelles, l\u2019histoire du vivant sur la Terre a comport\u00e9 plusieurs moments ou phases d\u2019extinctions. Des extinctions importantes ont eu lieu notamment vers la fin de plusieurs \u00e8res telles que le Cambrien, l\u2019Ordovicien, le D\u00e9vonien, le Permien et le Cr\u00e9tac\u00e9[1]. Les&#8230;<\/p>\n","protected":false},"author":1,"featured_media":0,"parent":1984,"menu_order":434,"comment_status":"open","ping_status":"open","template":"","meta":[],"tags":[],"_links":{"self":[{"href":"http:\/\/agoratheque.3zcom.com\/index.php?rest_route=\/wp\/v2\/pages\/1994"}],"collection":[{"href":"http:\/\/agoratheque.3zcom.com\/index.php?rest_route=\/wp\/v2\/pages"}],"about":[{"href":"http:\/\/agoratheque.3zcom.com\/index.php?rest_route=\/wp\/v2\/types\/page"}],"author":[{"embeddable":true,"href":"http:\/\/agoratheque.3zcom.com\/index.php?rest_route=\/wp\/v2\/users\/1"}],"replies":[{"embeddable":true,"href":"http:\/\/agoratheque.3zcom.com\/index.php?rest_route=%2Fwp%2Fv2%2Fcomments&post=1994"}],"version-history":[{"count":7,"href":"http:\/\/agoratheque.3zcom.com\/index.php?rest_route=\/wp\/v2\/pages\/1994\/revisions"}],"predecessor-version":[{"id":5416,"href":"http:\/\/agoratheque.3zcom.com\/index.php?rest_route=\/wp\/v2\/pages\/1994\/revisions\/5416"}],"up":[{"embeddable":true,"href":"http:\/\/agoratheque.3zcom.com\/index.php?rest_route=\/wp\/v2\/pages\/1984"}],"wp:attachment":[{"href":"http:\/\/agoratheque.3zcom.com\/index.php?rest_route=%2Fwp%2Fv2%2Fmedia&parent=1994"}],"wp:term":[{"taxonomy":"post_tag","embeddable":true,"href":"http:\/\/agoratheque.3zcom.com\/index.php?rest_route=%2Fwp%2Fv2%2Ftags&post=1994"}],"curies":[{"name":"wp","href":"https:\/\/api.w.org\/{rel}","templated":true}]}}