{"id":2024,"date":"2011-08-06T16:25:50","date_gmt":"2011-08-06T20:25:50","guid":{"rendered":"http:\/\/agoratheque.yprovencal.ep.profweb.qc.ca\/?page_id=2024"},"modified":"2011-08-07T07:21:40","modified_gmt":"2011-08-07T11:21:40","slug":"5-1-1-autres-arguments-concernant-l%e2%80%99hypothese-de-la-progression-biologique","status":"publish","type":"page","link":"http:\/\/agoratheque.3zcom.com\/?page_id=2024","title":{"rendered":"5.1.1 Autres arguments concernant l\u2019hypoth\u00e8se de la progression biologique"},"content":{"rendered":"<p>\u00a0\u00a0\u00a0\u00a0\u00a0\u00a0\u00a0\u00a0\u00a0\u00a0\u00a0 Aucune direction d\u2019ensemble n\u2019appara\u00eet clairement dans l\u2019\u00e9volution. La plupart des formes de vie qui existent sont des bact\u00e9ries et des insectes. Il serait arbitraire d\u2019affirmer qu\u2019elles sont moins \u00e9volu\u00e9es que d\u2019autres formes de vie<a id=\"ref-1\" href=\"#note-1\"><sup>1<\/sup><\/a>. Bon nombre d\u2019entre elles, sinon toutes, r\u00e9sultent \u00e9galement d\u2019une longue \u00e9volution. On peut n\u00e9anmoins d\u00e9celer vaguement, dans l\u2019histoire de la biosph\u00e8re, une progression vers une sorte de complexit\u00e9 qui reste ind\u00e9finie. On y constate l\u2019apparition plus ou moins soudaine de formes de vie qui sont devenues aptes \u00e0 se mouvoir dans diff\u00e9rents milieux (ramper sur le fond marin, nager, ramper ou marcher sur la terre ferme, voler, etc.). On peut reconstituer partiellement certaines s\u00e9ries \u00e9volutives qui sont en fait des lign\u00e9es particuli\u00e8res (de l\u2019hyracoth\u00e9rium, qui remonte \u00e0 l\u2019\u00e9oc\u00e8ne, au cheval moderne, de l\u2019<em>Homo habilis<\/em> \u00e0 l\u2019<em>Homo sapiens<\/em>, etc.). Nous ne connaissons pas encore suffisamment les d\u00e9tails de l\u2019\u00e9volution pour \u00eatre en mesure de th\u00e9oriser ou de conceptualiser une v\u00e9ritable progression de l\u2019ensemble. L\u2019attitude la plus scientifique consiste \u00e0 r\u00e9server son jugement quant \u00e0 l\u2019existence d\u2019une telle direction.\u00a0\u00a0<\/p>\n<p>\u00a0\u00a0\u00a0\u00a0\u00a0\u00a0\u00a0\u00a0\u00a0\u00a0\u00a0 On peut aussi bien faire l\u2019hypoth\u00e8se de l\u2019existence que celle de la non-existence d\u2019une direction globale. Notre choix, ici, est de poser l\u2019hypoth\u00e8se d\u2019une telle direction globale tout en tentant de pr\u00e9ciser le ou les t\u00e9los qui sont ainsi vis\u00e9s. Nous faisons l\u2019hypoth\u00e8se que, si la vie s\u2019est maintenue, si elle s\u2019est diversifi\u00e9e ou enrichie d\u2019une certaine mani\u00e8re, si elle s\u2019est organis\u00e9e au point d\u2019aboutir apr\u00e8s plus de trois milliards d\u2019ann\u00e9es \u00e0 l\u2019humain, c\u2019est parce que, pr\u00e9cis\u00e9ment, d\u2019autres facteurs que la s\u00e9lection darwinienne la dirigent, et que ces autres facteurs ne sont pas simplement biologiques. Ils concernent la globalit\u00e9 de l\u2019Univers. Cette hypoth\u00e8se est incluse dans l\u2019hypoth\u00e8se <em>T<sub>ia<\/sub><\/em>.\u00a0<\/p>\n<p>\u00a0\u00a0\u00a0\u00a0\u00a0\u00a0\u00a0\u00a0\u00a0\u00a0\u00a0 Plusieurs arguments en faveur de l\u2019hypoth\u00e8se <em>T<sub>ia<\/sub><\/em> sont plus ou moins \u00e9vidents. L\u2019un d\u2019eux est qu\u2019on peut facilement constater une forte tendance vers l\u2019intelligence dans l\u2019\u00e9volution telle qu\u2019elle s\u2019est d\u00e9velopp\u00e9e jusqu\u2019\u00e0 l\u2019\u00e9poque actuelle et ce, m\u00eame si on fait abstraction de l\u2019esp\u00e8ce humaine.<\/p>\n<div><a title=\"5.2 L\u2019intelligence animale\" href=\"http:\/\/mail.agoratheque.3zcom.com\/?page_id=2029\">Suite<\/a><\/div>\n<p><a id=\"note-1\" href=\"#ref-1\">1<\/a>\u00a0<a><\/a><a><\/a><a><\/a><a><\/a><a><\/a><a><\/a><a><\/a><a><\/a><a><\/a><a><\/a>Stephen J. Gould a exprim\u00e9 son opinion sur ce point en \u00e9crivant que la \u00ab\u00a0plupart des esp\u00e8ces animales sont des insectes, des acariens, des cop\u00e9podes, des n\u00e9matodes, des mollusques et leurs cousins\u00a0\u00bb, et on ne peut y voir \u00ab\u00a0aucune tendance g\u00e9n\u00e9ralis\u00e9e vers une domination de l\u2019esprit sur la mati\u00e8re\u00a0[\u2026].\u00a0Et l\u2019arbre de l\u2019\u00e9volution m\u2019appara\u00eet plus comme un buisson touffu\u00a0\u00bb que comme des rameaux parall\u00e8les. (S. J. Gould, <em>Quand les poules auront des dents<\/em>, <em>op. cit.<\/em>, p. 292). Cette image du buisson est acceptable \u00e0 la condition de voir le buisson comme un arbre unique. <a id=\"note-1\" href=\"#ref-1\">1<\/a><\/p>\n<div class=\"edit-link\"><a class=\"post-edit-link\" href=\"\">modifier<\/a><\/div>","protected":false},"excerpt":{"rendered":"<p>\u00a0\u00a0\u00a0\u00a0\u00a0\u00a0\u00a0\u00a0\u00a0\u00a0\u00a0 Aucune direction d\u2019ensemble n\u2019appara\u00eet clairement dans l\u2019\u00e9volution. La plupart des formes de vie qui existent sont des bact\u00e9ries et des insectes. Il serait arbitraire d\u2019affirmer qu\u2019elles sont moins \u00e9volu\u00e9es que d\u2019autres formes de vie1. Bon nombre d\u2019entre elles, sinon toutes, r\u00e9sultent \u00e9galement&#8230;<\/p>\n","protected":false},"author":1,"featured_media":0,"parent":2016,"menu_order":511,"comment_status":"open","ping_status":"open","template":"","meta":[],"tags":[],"_links":{"self":[{"href":"http:\/\/agoratheque.3zcom.com\/index.php?rest_route=\/wp\/v2\/pages\/2024"}],"collection":[{"href":"http:\/\/agoratheque.3zcom.com\/index.php?rest_route=\/wp\/v2\/pages"}],"about":[{"href":"http:\/\/agoratheque.3zcom.com\/index.php?rest_route=\/wp\/v2\/types\/page"}],"author":[{"embeddable":true,"href":"http:\/\/agoratheque.3zcom.com\/index.php?rest_route=\/wp\/v2\/users\/1"}],"replies":[{"embeddable":true,"href":"http:\/\/agoratheque.3zcom.com\/index.php?rest_route=%2Fwp%2Fv2%2Fcomments&post=2024"}],"version-history":[{"count":4,"href":"http:\/\/agoratheque.3zcom.com\/index.php?rest_route=\/wp\/v2\/pages\/2024\/revisions"}],"predecessor-version":[{"id":2026,"href":"http:\/\/agoratheque.3zcom.com\/index.php?rest_route=\/wp\/v2\/pages\/2024\/revisions\/2026"}],"up":[{"embeddable":true,"href":"http:\/\/agoratheque.3zcom.com\/index.php?rest_route=\/wp\/v2\/pages\/2016"}],"wp:attachment":[{"href":"http:\/\/agoratheque.3zcom.com\/index.php?rest_route=%2Fwp%2Fv2%2Fmedia&parent=2024"}],"wp:term":[{"taxonomy":"post_tag","embeddable":true,"href":"http:\/\/agoratheque.3zcom.com\/index.php?rest_route=%2Fwp%2Fv2%2Ftags&post=2024"}],"curies":[{"name":"wp","href":"https:\/\/api.w.org\/{rel}","templated":true}]}}