{"id":2082,"date":"2011-08-09T09:37:45","date_gmt":"2011-08-09T13:37:45","guid":{"rendered":"http:\/\/agoratheque.yprovencal.ep.profweb.qc.ca\/?page_id=2082"},"modified":"2013-06-26T19:30:04","modified_gmt":"2013-06-26T23:30:04","slug":"le-dieu-imparfait","status":"publish","type":"page","link":"http:\/\/agoratheque.3zcom.com\/?page_id=2082","title":{"rendered":"Le Dieu imparfait"},"content":{"rendered":"<div><a href=\"http:\/\/mail.agoratheque.3zcom.com\/wp-content\/uploads\/2011\/08\/scan_DI2.jpg\"><img decoding=\"async\" loading=\"lazy\" class=\"alignleft size-medium wp-image-2084\" title=\"scan_DI2\" src=\"http:\/\/mail.agoratheque.3zcom.com\/wp-content\/uploads\/2011\/08\/scan_DI2-208x300.jpg\" alt=\"\" width=\"208\" height=\"300\" srcset=\"http:\/\/agoratheque.3zcom.com\/wp-content\/uploads\/2011\/08\/scan_DI2-208x300.jpg 208w, http:\/\/agoratheque.3zcom.com\/wp-content\/uploads\/2011\/08\/scan_DI2.jpg 300w\" sizes=\"(max-width: 208px) 100vw, 208px\" \/><\/a><\/div>\n<div><em>Le Dieu imparfait. Essai de philosophie pour notre temps <\/em>par Yvon Proven\u00e7al, Qu\u00e9bec, <a href=\"https:\/\/lms2.decclic.qc.ca\/Pub\/F38E337E-4AB4-4459-8A51-E3429AA48AD9\/BAF947E0-B889-4CDD-8D50-B787E8F265BA\" target=\"_blank\">Presses Inter Universitaires<\/a>, 2006.<\/div>\n<p>\u00a0\u00a0\u00a0\u00a0\u00a0\u00a0Le Dieu imparfait est un essai sur l&rsquo;avenir de la pens\u00e9e. On y avance l&rsquo;id\u00e9e que plusieurs \u00e9poques doivent encore\u00a0s&rsquo;\u00e9couler avant que l&rsquo;humanit\u00e9 soit en mesure de concevoir une v\u00e9ritable philosophie de sa propre \u00e9volution. Une nouvelle approche ici appel\u00e9e \u00ab \u00e9volutionnisme sceptique\u00a0\u00bb en d\u00e9coule. On y pose comme grand sujet, encore immature, l&rsquo;humanit\u00e9, vue \u00e0 la fois comme une supercollectivit\u00e9 concr\u00e8te et un ensemble d&rsquo;\u0153uvres issues de la participation globale des individus et des groupes.\u00a0\u00a0\u00a0\u00a0\u00a0\u00a0\u00a0\u00a0\u00a0\u00a0\u00a0\u00a0\u00a0\u00a0\u00a0\u00a0\u00a0\u00a0\u00a0\u00a0\u00a0\u00a0\u00a0\u00a0\u00a0\u00a0\u00a0\u00a0\u00a0\u00a0\u00a0\u00a0\u00a0\u00a0\u00a0\u00a0\u00a0\u00a0\u00a0\u00a0\u00a0\u00a0\u00a0\u00a0\u00a0\u00a0\u00a0\u00a0\u00a0\u00a0\u00a0\u00a0\u00a0\u00a0\u00a0\u00a0\u00a0\u00a0<\/p>\n<p><a title=\"Commentaire d\u2019Andr\u00e9 Gauthier\" href=\"http:\/\/mail.agoratheque.3zcom.com\/?page_id=231\" target=\"_blank\"><em>Commentaires critiques sur<\/em> le Dieu imparfait<\/a><\/p>\n<div class=\"edit-link\"><a class=\"post-edit-link\" href=\"\">modifier<\/a><\/div>","protected":false},"excerpt":{"rendered":"<p>Le Dieu imparfait. Essai de philosophie pour notre temps par Yvon Proven\u00e7al, Qu\u00e9bec, Presses Inter Universitaires, 2006. \u00a0\u00a0\u00a0\u00a0\u00a0\u00a0Le Dieu imparfait est un essai sur l&rsquo;avenir de la pens\u00e9e. On y avance l&rsquo;id\u00e9e que plusieurs \u00e9poques doivent encore\u00a0s&rsquo;\u00e9couler avant que l&rsquo;humanit\u00e9 soit en mesure&#8230;<\/p>\n","protected":false},"author":2,"featured_media":0,"parent":215,"menu_order":0,"comment_status":"open","ping_status":"open","template":"","meta":[],"tags":[],"_links":{"self":[{"href":"http:\/\/agoratheque.3zcom.com\/index.php?rest_route=\/wp\/v2\/pages\/2082"}],"collection":[{"href":"http:\/\/agoratheque.3zcom.com\/index.php?rest_route=\/wp\/v2\/pages"}],"about":[{"href":"http:\/\/agoratheque.3zcom.com\/index.php?rest_route=\/wp\/v2\/types\/page"}],"author":[{"embeddable":true,"href":"http:\/\/agoratheque.3zcom.com\/index.php?rest_route=\/wp\/v2\/users\/2"}],"replies":[{"embeddable":true,"href":"http:\/\/agoratheque.3zcom.com\/index.php?rest_route=%2Fwp%2Fv2%2Fcomments&post=2082"}],"version-history":[{"count":7,"href":"http:\/\/agoratheque.3zcom.com\/index.php?rest_route=\/wp\/v2\/pages\/2082\/revisions"}],"predecessor-version":[{"id":3570,"href":"http:\/\/agoratheque.3zcom.com\/index.php?rest_route=\/wp\/v2\/pages\/2082\/revisions\/3570"}],"up":[{"embeddable":true,"href":"http:\/\/agoratheque.3zcom.com\/index.php?rest_route=\/wp\/v2\/pages\/215"}],"wp:attachment":[{"href":"http:\/\/agoratheque.3zcom.com\/index.php?rest_route=%2Fwp%2Fv2%2Fmedia&parent=2082"}],"wp:term":[{"taxonomy":"post_tag","embeddable":true,"href":"http:\/\/agoratheque.3zcom.com\/index.php?rest_route=%2Fwp%2Fv2%2Ftags&post=2082"}],"curies":[{"name":"wp","href":"https:\/\/api.w.org\/{rel}","templated":true}]}}