{"id":2226,"date":"2011-08-17T07:21:16","date_gmt":"2011-08-17T11:21:16","guid":{"rendered":"http:\/\/agoratheque.yprovencal.ep.profweb.qc.ca\/?page_id=2226"},"modified":"2011-08-17T13:59:00","modified_gmt":"2011-08-17T17:59:00","slug":"6-5-4-le-principe-d%e2%80%99identification","status":"publish","type":"page","link":"http:\/\/agoratheque.3zcom.com\/?page_id=2226","title":{"rendered":"6.5.4 Le principe d\u2019identification"},"content":{"rendered":"<div>\n<p>\u00a0\u00a0\u00a0\u00a0\u00a0\u00a0\u00a0\u00a0\u00a0\u00a0\u00a0 Le principe d\u2019identification est en quelque sorte un compl\u00e9ment du principe de r\u00e9alit\u00e9. Il peut d\u2019abord \u00eatre formul\u00e9 ainsi : non seulement mon pass\u00e9 est effectif mais il s\u2019agit en outre de <em>mon<\/em> pass\u00e9.\u00a0\u00a0<\/p>\n<p>\u00a0\u00a0\u00a0\u00a0\u00a0\u00a0\u00a0\u00a0\u00a0\u00a0\u00a0 Le principe de r\u00e9alit\u00e9 est toujours en m\u00eame temps un principe d\u2019identification parce qu\u2019il doit \u00eatre pens\u00e9 comme \u00e9tant appliqu\u00e9, express\u00e9ment ou non, par \u00ab\u00a0quelqu\u2019un\u00a0\u00bb, c\u2019est-\u00e0-dire par une entit\u00e9 consciente de cette r\u00e9alit\u00e9. Si on parle, par exemple, de la r\u00e9alit\u00e9 physique ou biologique, on le fait du point de vue d\u2019une science. Le \u00ab\u00a0quelqu\u2019un\u00a0\u00bb dans ce cas peut \u00eatre identifi\u00e9 \u00e0 un sujet rationnel abstrait, le \u00ab\u00a0on\u00a0\u00bb ou le \u00ab\u00a0nous\u00a0\u00bb des auteurs qui s\u2019expriment en tant que chercheurs dans l\u2019exercice de leurs fonctions.\u00a0\u00a0<\/p>\n<p>\u00a0\u00a0\u00a0\u00a0\u00a0\u00a0\u00a0\u00a0\u00a0\u00a0\u00a0 Comme dans le cas du principe de r\u00e9alit\u00e9, la langue ordinaire exprime implicitement le principe d\u2019identification. Lorsqu\u2019en g\u00e9n\u00e9ral on dit \u00ab\u00a0tu\u00a0\u00bb ou \u00ab\u00a0vous\u00a0\u00bb, on se trouve \u00e0 supposer qu\u2019\u00e0 un certain moment, un potentiel humain r\u00e9el particulier se r\u00e9duira \u00e0 l\u2019\u00e9tat effectif d\u2019un ou plusieurs sujets qui entendront ce qu\u2019on dit. En outre, on se trouve \u00e0 supposer que ce ou ces sujets ont eux-m\u00eames un pass\u00e9 effectif (\u00e9v\u00e9nements pass\u00e9s effectifs) qui est en partie <em>le leur<\/em>.\u00a0\u00a0<\/p>\n<p>\u00a0\u00a0\u00a0\u00a0\u00a0\u00a0\u00a0\u00a0\u00a0\u00a0\u00a0 D\u2019apr\u00e8s <em>notre<\/em> point de vue, les diff\u00e9rents pass\u00e9s subjectifs \u2014 le mien, le sien, etc. \u2014 sont effectifs (\u00e9v\u00e9nements et trajets) et, en outre, ils sont effectivement v\u00e9cus par l\u2019un ou l\u2019autre de <em>nous<\/em>. Dans ce <em>nous<\/em>, il n\u2019y a aucun zombie (au sens philosophique, bien s\u00fbr). En outre, ce <em>nous<\/em> ne co\u00efncide pas avec l\u2019esp\u00e8ce humaine mais plut\u00f4t, en principe, avec l\u2019intelligence avanc\u00e9e potentielle de l\u2019Univers, sorte de regroupement <em>no\u00e9tique<\/em> des individus de toutes les esp\u00e8ces pensantes du potentiel r\u00e9el global. En un certain sens, <em>nous<\/em> co\u00efncidons avec la partie consciente et pensante de l\u2019<em>Univers<\/em> lui-m\u00eame, celui-ci \u00e9tant compris, non n\u00e9cessairement par les th\u00e9ories particuli\u00e8res qui existent maintenant, mais plut\u00f4t par celles qui leur succ\u00e9deront apr\u00e8s les avoir d\u00e9pass\u00e9es vers une science accomplie qui, elle, sera proprement le fait de l\u2019intelligence avanc\u00e9e<\/p>\n<p><a title=\"6.5.5 Le probl\u00e8me de l\u2019unit\u00e9 de la conscience\" href=\"http:\/\/mail.agoratheque.3zcom.com\/?page_id=2230\">Suite<\/a><\/p>\n<\/div>\n<div class=\"edit-link\"><a class=\"post-edit-link\" href=\"\">modifier<\/a><\/div>","protected":false},"excerpt":{"rendered":"<p>\u00a0\u00a0\u00a0\u00a0\u00a0\u00a0\u00a0\u00a0\u00a0\u00a0\u00a0 Le principe d\u2019identification est en quelque sorte un compl\u00e9ment du principe de r\u00e9alit\u00e9. Il peut d\u2019abord \u00eatre formul\u00e9 ainsi : non seulement mon pass\u00e9 est effectif mais il s\u2019agit en outre de mon pass\u00e9.\u00a0\u00a0 \u00a0\u00a0\u00a0\u00a0\u00a0\u00a0\u00a0\u00a0\u00a0\u00a0\u00a0 Le principe de r\u00e9alit\u00e9 est toujours en&#8230;<\/p>\n","protected":false},"author":1,"featured_media":0,"parent":2203,"menu_order":654,"comment_status":"open","ping_status":"open","template":"","meta":[],"tags":[],"_links":{"self":[{"href":"http:\/\/agoratheque.3zcom.com\/index.php?rest_route=\/wp\/v2\/pages\/2226"}],"collection":[{"href":"http:\/\/agoratheque.3zcom.com\/index.php?rest_route=\/wp\/v2\/pages"}],"about":[{"href":"http:\/\/agoratheque.3zcom.com\/index.php?rest_route=\/wp\/v2\/types\/page"}],"author":[{"embeddable":true,"href":"http:\/\/agoratheque.3zcom.com\/index.php?rest_route=\/wp\/v2\/users\/1"}],"replies":[{"embeddable":true,"href":"http:\/\/agoratheque.3zcom.com\/index.php?rest_route=%2Fwp%2Fv2%2Fcomments&post=2226"}],"version-history":[{"count":3,"href":"http:\/\/agoratheque.3zcom.com\/index.php?rest_route=\/wp\/v2\/pages\/2226\/revisions"}],"predecessor-version":[{"id":2235,"href":"http:\/\/agoratheque.3zcom.com\/index.php?rest_route=\/wp\/v2\/pages\/2226\/revisions\/2235"}],"up":[{"embeddable":true,"href":"http:\/\/agoratheque.3zcom.com\/index.php?rest_route=\/wp\/v2\/pages\/2203"}],"wp:attachment":[{"href":"http:\/\/agoratheque.3zcom.com\/index.php?rest_route=%2Fwp%2Fv2%2Fmedia&parent=2226"}],"wp:term":[{"taxonomy":"post_tag","embeddable":true,"href":"http:\/\/agoratheque.3zcom.com\/index.php?rest_route=%2Fwp%2Fv2%2Ftags&post=2226"}],"curies":[{"name":"wp","href":"https:\/\/api.w.org\/{rel}","templated":true}]}}