{"id":2241,"date":"2011-08-17T15:00:41","date_gmt":"2011-08-17T19:00:41","guid":{"rendered":"http:\/\/agoratheque.yprovencal.ep.profweb.qc.ca\/?page_id=2241"},"modified":"2015-03-19T09:53:13","modified_gmt":"2015-03-19T13:53:13","slug":"lettres-ouvertes","status":"publish","type":"page","link":"http:\/\/agoratheque.3zcom.com\/?page_id=2241","title":{"rendered":"Lettres ouvertes"},"content":{"rendered":"<h3><a title=\"Lettre ouverte aux catholique\" href=\"http:\/\/mail.agoratheque.3zcom.com\/?page_id=2243\">Lettre ouverte aux catholiques<\/a><\/h3>\n<h3><a title=\"Lettre ouverte aux f\u00e9ministes\" href=\"http:\/\/mail.agoratheque.3zcom.com\/?page_id=2975\">Lettre ouverte aux f\u00e9ministes<\/a><\/h3>\n<h3><a title=\"Lettre ouverte aux femmes et aux hommes politiques\" href=\"http:\/\/mail.agoratheque.3zcom.com\/?page_id=3602\">Lettre ouverte aux femmes et aux hommes politiques: l&rsquo;urgence climatique<\/a><\/h3>\n<h3><a title=\"Lettre ouverte aux Juifs d\u2019ici, d\u2019Isra\u00ebl ou d\u2019ailleurs\" href=\"http:\/\/mail.agoratheque.3zcom.com\/?page_id=3580\">Lettre ouverte aux Juifs d&rsquo;ici, d&rsquo;Isra\u00ebl ou d&rsquo;ailleurs<\/a><\/h3>\n<h3><a title=\"Lettre ouverte aux musulmans\" href=\"http:\/\/mail.agoratheque.3zcom.com\/?page_id=2955\">Lettre ouverte aux musulmans<\/a><\/h3>\n<h3><a title=\"La force r\u00e9volutionnaire de l\u2019islam\" href=\"http:\/\/mail.agoratheque.3zcom.com\/?page_id=4829\">La force r\u00e9volutionnaire de l\u2019islam<\/a>:\u00a0<a title=\"La force r\u00e9volutionnaire de l\u2019islam\" href=\"http:\/\/mail.agoratheque.3zcom.com\/?page_id=4829\">Lettre \u00e0 ceux qui sont attir\u00e9s ou inqui\u00e9t\u00e9s par le djihad violent<\/a><\/h3>\n<h3><a title=\"Lettre ouverte aux souverainistes qu\u00e9b\u00e9cois\" href=\"http:\/\/mail.agoratheque.3zcom.com\/?page_id=2665\">Lettre ouverte aux souverainistes qu\u00e9b\u00e9cois<\/a><\/h3>\n<p>&nbsp;<\/p>\n<p>Et, dans un autre registre:<\/p>\n<h3><a title=\"Lettre d\u2019un internaute \u00e0 tous les autres internautes\" href=\"http:\/\/mail.agoratheque.3zcom.com\/?page_id=3640\">Lettre d\u2019un internaute \u00e0 tous les autres internautes<\/a><\/h3>\n<h3><a title=\"Message ouvert aux \u00ab Extraterrestres \u00bb (S\u2019ils existent!)\" href=\"http:\/\/mail.agoratheque.3zcom.com\/?page_id=3680\">Message ouvert aux \u00ab\u00a0Extraterrestres\u00a0\u00bb<\/a><\/h3>\n<p>&nbsp;<\/p>\n<div class=\"edit-link\"><a class=\"post-edit-link\" href=\"\">modifier<\/a><\/div>","protected":false},"excerpt":{"rendered":"<p>Lettre ouverte aux catholiques Lettre ouverte aux f\u00e9ministes Lettre ouverte aux femmes et aux hommes politiques: l&rsquo;urgence climatique Lettre ouverte aux Juifs d&rsquo;ici, d&rsquo;Isra\u00ebl ou d&rsquo;ailleurs Lettre ouverte aux musulmans La force r\u00e9volutionnaire de l\u2019islam:\u00a0Lettre \u00e0 ceux qui sont attir\u00e9s ou inqui\u00e9t\u00e9s par&#8230;<\/p>\n","protected":false},"author":1,"featured_media":0,"parent":0,"menu_order":10,"comment_status":"open","ping_status":"open","template":"","meta":[],"tags":[],"_links":{"self":[{"href":"http:\/\/agoratheque.3zcom.com\/index.php?rest_route=\/wp\/v2\/pages\/2241"}],"collection":[{"href":"http:\/\/agoratheque.3zcom.com\/index.php?rest_route=\/wp\/v2\/pages"}],"about":[{"href":"http:\/\/agoratheque.3zcom.com\/index.php?rest_route=\/wp\/v2\/types\/page"}],"author":[{"embeddable":true,"href":"http:\/\/agoratheque.3zcom.com\/index.php?rest_route=\/wp\/v2\/users\/1"}],"replies":[{"embeddable":true,"href":"http:\/\/agoratheque.3zcom.com\/index.php?rest_route=%2Fwp%2Fv2%2Fcomments&post=2241"}],"version-history":[{"count":24,"href":"http:\/\/agoratheque.3zcom.com\/index.php?rest_route=\/wp\/v2\/pages\/2241\/revisions"}],"predecessor-version":[{"id":4893,"href":"http:\/\/agoratheque.3zcom.com\/index.php?rest_route=\/wp\/v2\/pages\/2241\/revisions\/4893"}],"wp:attachment":[{"href":"http:\/\/agoratheque.3zcom.com\/index.php?rest_route=%2Fwp%2Fv2%2Fmedia&parent=2241"}],"wp:term":[{"taxonomy":"post_tag","embeddable":true,"href":"http:\/\/agoratheque.3zcom.com\/index.php?rest_route=%2Fwp%2Fv2%2Ftags&post=2241"}],"curies":[{"name":"wp","href":"https:\/\/api.w.org\/{rel}","templated":true}]}}