{"id":2349,"date":"2011-08-18T16:13:47","date_gmt":"2011-08-18T20:13:47","guid":{"rendered":"http:\/\/agoratheque.yprovencal.ep.profweb.qc.ca\/?page_id=2349"},"modified":"2011-08-18T16:17:04","modified_gmt":"2011-08-18T20:17:04","slug":"explications-supplementaires-l%e2%80%99eglise-en-avance","status":"publish","type":"page","link":"http:\/\/agoratheque.3zcom.com\/?page_id=2349","title":{"rendered":"Explications suppl\u00e9mentaires : L\u2019\u00c9glise en avance ? !"},"content":{"rendered":"<p>\u00a0\u00a0\u00a0\u00a0\u00a0\u00a0\u00a0\u00a0\u00a0\u00a0\u00a0 On sait que l\u2019histoire de l\u2019\u00c9glise catholique a \u00e9t\u00e9 mouvement\u00e9e et m\u00eame, dans ses rapports avec l\u2019islam ou avec les protestants par exemple, plut\u00f4t affligeante. On sait moins, peut-\u00eatre, que la m\u00eame \u00c9glise catholique a su composer dignement avec les \u00c9glises orientales qui, depuis longtemps, sont rest\u00e9es unies \u00e0 Rome. Elles ont pu conserver leurs rites et m\u00eame leur propre th\u00e9ologie concernant l\u2019\u00c9glise chr\u00e9tienne<a id=\"ref-1\" href=\"#note-1\"><sup>1<\/sup><\/a>. Les patriarches sont \u00e9lus par un synode local ind\u00e9pendamment de l\u2019\u00c9glise catholique romaine. Celle-ci a ainsi pu montrer qu\u2019elle \u00e9tait capable de reconna\u00eetre une certaine autonomie \u00e0 d\u2019autres groupes religieux. Cela semble d\u00e9montrer que les heurts pass\u00e9s avec les protestants, par exemple, auraient pu \u00eatre \u00e9vit\u00e9s si les divergences les plus profondes \u00e9taient demeur\u00e9es sous la forme d\u2019avis contraire et arm\u00e9es de patience plut\u00f4t que sous la forme d\u2019une dissidence belliqueuse<a id=\"ref-2\" href=\"#note-2\"><sup>2<\/sup><\/a>. En somme, ce que l\u2019\u00c9glise n\u2019a pas pu supporter n\u2019\u00e9tait pas la diff\u00e9rence doctrinale en tant que telle, mais plut\u00f4t l\u2019attitude de condamnation absolue,\u00a0\u00e0 laquelle elle n\u2019a pu, malheureusement, qu\u2019opposer la condamnation r\u00e9ciproque plut\u00f4t que l\u2019attitude d\u2019aide respectueuse.<\/p>\n<p>\u00a0\u00a0\u00a0\u00a0\u00a0\u00a0\u00a0\u00a0\u00a0\u00a0\u00a0 Encore de nos jours, d\u2019apr\u00e8s certaines \u00e9vidences,\u00a0l\u2019\u00c9glise n\u2019a pas mis son attitude de condamnation de c\u00f4t\u00e9, notamment en ce qui touche les pratiques d\u2019avortement ou d\u2019euthanasie. Cependant, \u00e0 la lecture de certains de ses textes r\u00e9cents, comme par exemple l\u2019encyclique <em>Dives in misericordia<\/em>, publi\u00e9e par Jean-Paul II en 1980, il est clair que l\u2019\u00c9glise n\u2019entend plus r\u00e9primer les personnes comme tr\u00e8s souvent elle l\u2019a fait dans son histoire. Une expression de cette nouvelle attitude plus pacifique appara\u00eet lorsque Jean-Paul II d\u00e9clare dans cette encyclique que la mis\u00e9ricorde de Dieu est \u00ab\u00a0plus fondamentale\u00a0\u00bb que la justice divine. Revenant sur la parabole de l\u2019enfant prodigue, il montre qu\u2019il aurait \u00e9t\u00e9 \u00ab\u00a0juste\u00a0\u00bb de la part du p\u00e8re de rejeter son fils prodigue, mais qu\u2019il en a d\u00e9cid\u00e9 tout autrement au nom de la charit\u00e9. Cet enfant prodigue est, selon Jean-Paul II, analogue \u00ab\u00a0\u00e0 l\u2019homme de tous les temps\u00a0\u00bb. Par cons\u00e9quent, lorsqu\u2019il est dit que l\u2019\u00c9glise \u00ab\u00a0condamne\u00a0\u00bb certains types de gestes, il s\u2019agira bien plus, dor\u00e9navant, d\u2019<em>aider<\/em> les personnes (et leurs groupes respectifs) \u00e0 bien se d\u00e9velopper et \u00e0 progresser sur le plan humain dans leur vie. Ainsi pourrait \u00eatre comprise ses prises de position en ce qui concerne la morale sexuelle, par exemple. Il s\u2019agirait surtout, au fond, d\u2019\u00e9viter que les humains ne se croient d\u00e9nu\u00e9s de toute responsabilit\u00e9 apr\u00e8s avoir r\u00e9gler les probl\u00e8mes de fa\u00e7on convenue, conform\u00e9ment \u00e0 certaines valeurs individualistes.<\/p>\n<div>\n<div>\n<p><a id=\"note-1\" href=\"#ref-1\">1<\/a>\u00a0Voir l\u2019article \u00ab\u00a0Eccl\u00e9siologie\u00a0\u00bb, section \u00ab\u00a0L\u2019eccl\u00e9siologie de l\u2019orthodoxie\u00a0\u00bb, de Bernard Dupuy dans <em>Encyclopaedia Universalis<\/em>, \u00e9dition de 2011. <a id=\"note-1\" href=\"#ref-1\">1<\/a><\/p>\n<\/div>\n<div>\n<p><a id=\"note-2\" href=\"#ref-2\">2<\/a> Les \u00c9glises protestantes ne sont pas \u00e0 bl\u00e2mer pour leur dissidence, qui est tout \u00e0 fait l\u00e9gitime. Elles ont cependant une part de responsabilit\u00e9 dans la violence interreligieuse qui a r\u00e9sult\u00e9 de leur dissidence. <a id=\"note-2\" href=\"#ref-2\">2<\/a><\/p>\n<\/div>\n<\/div>\n<div class=\"edit-link\"><a class=\"post-edit-link\" href=\"\">modifier<\/a><\/div>","protected":false},"excerpt":{"rendered":"<p>\u00a0\u00a0\u00a0\u00a0\u00a0\u00a0\u00a0\u00a0\u00a0\u00a0\u00a0 On sait que l\u2019histoire de l\u2019\u00c9glise catholique a \u00e9t\u00e9 mouvement\u00e9e et m\u00eame, dans ses rapports avec l\u2019islam ou avec les protestants par exemple, plut\u00f4t affligeante. On sait moins, peut-\u00eatre, que la m\u00eame \u00c9glise catholique a su composer dignement avec les \u00c9glises orientales&#8230;<\/p>\n","protected":false},"author":1,"featured_media":0,"parent":2243,"menu_order":60,"comment_status":"open","ping_status":"open","template":"","meta":[],"tags":[],"_links":{"self":[{"href":"http:\/\/agoratheque.3zcom.com\/index.php?rest_route=\/wp\/v2\/pages\/2349"}],"collection":[{"href":"http:\/\/agoratheque.3zcom.com\/index.php?rest_route=\/wp\/v2\/pages"}],"about":[{"href":"http:\/\/agoratheque.3zcom.com\/index.php?rest_route=\/wp\/v2\/types\/page"}],"author":[{"embeddable":true,"href":"http:\/\/agoratheque.3zcom.com\/index.php?rest_route=\/wp\/v2\/users\/1"}],"replies":[{"embeddable":true,"href":"http:\/\/agoratheque.3zcom.com\/index.php?rest_route=%2Fwp%2Fv2%2Fcomments&post=2349"}],"version-history":[{"count":5,"href":"http:\/\/agoratheque.3zcom.com\/index.php?rest_route=\/wp\/v2\/pages\/2349\/revisions"}],"predecessor-version":[{"id":2354,"href":"http:\/\/agoratheque.3zcom.com\/index.php?rest_route=\/wp\/v2\/pages\/2349\/revisions\/2354"}],"up":[{"embeddable":true,"href":"http:\/\/agoratheque.3zcom.com\/index.php?rest_route=\/wp\/v2\/pages\/2243"}],"wp:attachment":[{"href":"http:\/\/agoratheque.3zcom.com\/index.php?rest_route=%2Fwp%2Fv2%2Fmedia&parent=2349"}],"wp:term":[{"taxonomy":"post_tag","embeddable":true,"href":"http:\/\/agoratheque.3zcom.com\/index.php?rest_route=%2Fwp%2Fv2%2Ftags&post=2349"}],"curies":[{"name":"wp","href":"https:\/\/api.w.org\/{rel}","templated":true}]}}