{"id":2465,"date":"2011-08-25T09:06:13","date_gmt":"2011-08-25T13:06:13","guid":{"rendered":"http:\/\/agoratheque.yprovencal.ep.profweb.qc.ca\/?page_id=2465"},"modified":"2011-08-25T09:11:11","modified_gmt":"2011-08-25T13:11:11","slug":"6-7-2-la-localisation-de-l%e2%80%99esprit","status":"publish","type":"page","link":"http:\/\/agoratheque.3zcom.com\/?page_id=2465","title":{"rendered":"6.7.2 La localisation de l\u2019esprit"},"content":{"rendered":"<div>\n<p>\u00a0\u00a0\u00a0\u00a0\u00a0\u00a0\u00a0\u00a0\u00a0\u00a0\u00a0 Une autre question souvent pos\u00e9e est celle de la localisation de l\u2019esprit. Si celui-ci est consid\u00e9r\u00e9 d\u2019apr\u00e8s le potentiel r\u00e9el, il semble impossible de circonscrire un lieu pr\u00e9cis de fa\u00e7on rigoureuse. D\u2019apr\u00e8s les lois de base, en effet, le potentiel r\u00e9el est assimilable \u00e0 un paquet d\u2019onde qui, d\u2019un point de vue physico-math\u00e9matique, s\u2019\u00e9tend \u00e0 tout l\u2019espace physique qu\u2019occupe l\u2019Univers. En pratique, on peut limiter le paquet d\u2019onde de fa\u00e7on approximative \u00e0 un certain espace, qui serait tout simplement l\u2019ensemble du cerveau. Si l\u2019esprit est envisag\u00e9 plut\u00f4t du point de vue de l\u2019effectivit\u00e9, il faudrait alors le localiser \u00e0 l\u2019endroit o\u00f9 les condensations du paquet d\u2019onde s\u2019effectuent. Par hypoth\u00e8se, on peut d\u00e9signer diff\u00e9rents endroits du cerveau, co\u00efncidant avec certains regroupements neuronaux dans des zones identifiables. Par exemple, il serait possible que la zone ou les zones du cerveau associ\u00e9es au langage parl\u00e9 ou \u00e9crit soient les aires relativement restreintes o\u00f9 les condensations se produisent dans les cas o\u00f9 la pens\u00e9e s\u2019exprime surtout de fa\u00e7on langagi\u00e8re.<\/p>\n<p><a title=\"6.7.3 L\u2019information de l\u2019esprit\" href=\"http:\/\/mail.agoratheque.3zcom.com\/?page_id=2469\">Suite<\/a><\/p>\n<\/div>\n<div class=\"edit-link\"><a class=\"post-edit-link\" href=\"\">modifier<\/a><\/div>","protected":false},"excerpt":{"rendered":"<p>\u00a0\u00a0\u00a0\u00a0\u00a0\u00a0\u00a0\u00a0\u00a0\u00a0\u00a0 Une autre question souvent pos\u00e9e est celle de la localisation de l\u2019esprit. Si celui-ci est consid\u00e9r\u00e9 d\u2019apr\u00e8s le potentiel r\u00e9el, il semble impossible de circonscrire un lieu pr\u00e9cis de fa\u00e7on rigoureuse. D\u2019apr\u00e8s les lois de base, en effet, le potentiel r\u00e9el est&#8230;<\/p>\n","protected":false},"author":1,"featured_media":0,"parent":2452,"menu_order":672,"comment_status":"open","ping_status":"open","template":"","meta":[],"tags":[],"_links":{"self":[{"href":"http:\/\/agoratheque.3zcom.com\/index.php?rest_route=\/wp\/v2\/pages\/2465"}],"collection":[{"href":"http:\/\/agoratheque.3zcom.com\/index.php?rest_route=\/wp\/v2\/pages"}],"about":[{"href":"http:\/\/agoratheque.3zcom.com\/index.php?rest_route=\/wp\/v2\/types\/page"}],"author":[{"embeddable":true,"href":"http:\/\/agoratheque.3zcom.com\/index.php?rest_route=\/wp\/v2\/users\/1"}],"replies":[{"embeddable":true,"href":"http:\/\/agoratheque.3zcom.com\/index.php?rest_route=%2Fwp%2Fv2%2Fcomments&post=2465"}],"version-history":[{"count":3,"href":"http:\/\/agoratheque.3zcom.com\/index.php?rest_route=\/wp\/v2\/pages\/2465\/revisions"}],"predecessor-version":[{"id":2467,"href":"http:\/\/agoratheque.3zcom.com\/index.php?rest_route=\/wp\/v2\/pages\/2465\/revisions\/2467"}],"up":[{"embeddable":true,"href":"http:\/\/agoratheque.3zcom.com\/index.php?rest_route=\/wp\/v2\/pages\/2452"}],"wp:attachment":[{"href":"http:\/\/agoratheque.3zcom.com\/index.php?rest_route=%2Fwp%2Fv2%2Fmedia&parent=2465"}],"wp:term":[{"taxonomy":"post_tag","embeddable":true,"href":"http:\/\/agoratheque.3zcom.com\/index.php?rest_route=%2Fwp%2Fv2%2Ftags&post=2465"}],"curies":[{"name":"wp","href":"https:\/\/api.w.org\/{rel}","templated":true}]}}