{"id":2506,"date":"2011-08-27T08:57:38","date_gmt":"2011-08-27T12:57:38","guid":{"rendered":"http:\/\/agoratheque.yprovencal.ep.profweb.qc.ca\/?page_id=2506"},"modified":"2011-08-27T11:52:33","modified_gmt":"2011-08-27T15:52:33","slug":"7-2-avantages-d%e2%80%99une-definition-de-l%e2%80%99humain-en-termes-de-potentiel-reel","status":"publish","type":"page","link":"http:\/\/agoratheque.3zcom.com\/?page_id=2506","title":{"rendered":"7.2 Avantages d\u2019une d\u00e9finition de l\u2019humain en termes de potentiel r\u00e9el"},"content":{"rendered":"<div>\n<p>\u00a0\u00a0\u00a0\u00a0\u00a0\u00a0\u00a0\u00a0\u00a0\u00a0 \u00ab\u00a0Vous ne vous identifiez jamais \u00e0 l\u2019ombre projet\u00e9e par votre corps, ni \u00e0 son reflet, ni au corps vu en r\u00eave ou dans votre imagination. Pourquoi donc vous identifiez-vous \u00e0 ce corps vivant\u00a0?\u00a0\u00bb\u00a0\u00a0\u00a0\u00a0\u00a0\u00a0\u00a0\u00a0\u00a0\u00a0\u00a0\u00a0\u00a0\u00a0\u00a0\u00a0\u00a0\u00a0\u00a0\u00a0\u00a0 Shankara, <em>\u00c9crits v\u00e9diques<strong><a id=\"ref-1\" href=\"#note-1\"><sup>1<\/sup><\/a><\/strong><\/em>.\u00a0\u00a0<\/p>\n<p>\u00a0\u00a0\u00a0\u00a0\u00a0\u00a0\u00a0\u00a0\u00a0 L\u2019humain semble bien, de prime abord, s\u2019identifier \u00e0 la mat\u00e9rialit\u00e9 de son corps ou, plus pr\u00e9cis\u00e9ment, \u00e0 la mat\u00e9rialit\u00e9 de certaines parties de son corps telles que le visage ou le cerveau. Or, ce type d\u2019identification est plus superficiel qu\u2019il ne le para\u00eet sans doute \u00e0 premi\u00e8re vue<a id=\"ref-2\" href=\"#note-2\"><sup>2<\/sup><\/a>. Cependant l\u2019humain adulte tendrait probablement, s\u2019il en prenait conscience, \u00e0 s\u2019identifier plut\u00f4t \u00e0 la r\u00e9alit\u00e9 de son potentiel r\u00e9el, incluant des potentialit\u00e9s r\u00e9elles encore inconnues, ce potentiel \u00e9tant au pr\u00e9alable distingu\u00e9 des potentialit\u00e9s subjectives, telles que les talents qu\u2019on croit ou qu\u2019on aimerait poss\u00e9der. Le caract\u00e8re encore inconnu de son propre potentiel est la partie la plus essentielle dans ce qui fait la valeur de l\u2019humain.<\/p>\n<div><a title=\"7.2.1 La r\u00e9alit\u00e9 du potentiel humain\" href=\"http:\/\/mail.agoratheque.3zcom.com\/?page_id=2513\">Suite<\/a><\/div>\n<p><a id=\"note-1\" href=\"#ref-1\">1<\/a> Cette citation a \u00e9t\u00e9 reproduite \u00e0 partir du livre de Vilayanur S. Ramachandran, <em>Le fant\u00f4me int\u00e9rieur<\/em> (<em>op. cit.<\/em>, p. 65).\u00a0 <a id=\"note-1\" href=\"#ref-1\">1<\/a><\/p>\n<div id=\"ftn2\">\n<p><a id=\"note-2\" href=\"#ref-2\">2<\/a>\u00a0V. S. Ramachandran explique comment il a men\u00e9 des exp\u00e9riences portant sur l\u2019identit\u00e9 corporelle de ses patients. Il est facilement parvenu \u00e0 les tromper en effectuant des corr\u00e9lations physiques (frottements ou tapotements simultan\u00e9s) entre une fausse main et la leur, ou entre le nez d\u2019un autre et le leur. Cf. V. S. Ramachandran, <em>op. cit.<\/em>, chapitre 8. On peut remarquer, dans le m\u00eame ordre d\u2019id\u00e9es, qu\u2019on s\u2019identifie facilement avec des objets ext\u00e9rieurs \u00e0 son corps, comme par exemple des v\u00eatements ou une auto. <a id=\"note-2\" href=\"#ref-2\">2<\/a><\/p>\n<\/div>\n<\/div>\n<div class=\"edit-link\"><a class=\"post-edit-link\" href=\"\">modifier<\/a><\/div>","protected":false},"excerpt":{"rendered":"<p>\u00a0\u00a0\u00a0\u00a0\u00a0\u00a0\u00a0\u00a0\u00a0\u00a0 \u00ab\u00a0Vous ne vous identifiez jamais \u00e0 l\u2019ombre projet\u00e9e par votre corps, ni \u00e0 son reflet, ni au corps vu en r\u00eave ou dans votre imagination. Pourquoi donc vous identifiez-vous \u00e0 ce corps vivant\u00a0?\u00a0\u00bb\u00a0\u00a0\u00a0\u00a0\u00a0\u00a0\u00a0\u00a0\u00a0\u00a0\u00a0\u00a0\u00a0\u00a0\u00a0\u00a0\u00a0\u00a0\u00a0\u00a0\u00a0 Shankara, \u00c9crits v\u00e9diques1.\u00a0\u00a0 \u00a0\u00a0\u00a0\u00a0\u00a0\u00a0\u00a0\u00a0\u00a0 L\u2019humain semble bien, de prime&#8230;<\/p>\n","protected":false},"author":1,"featured_media":0,"parent":1356,"menu_order":720,"comment_status":"open","ping_status":"open","template":"","meta":[],"tags":[],"_links":{"self":[{"href":"http:\/\/agoratheque.3zcom.com\/index.php?rest_route=\/wp\/v2\/pages\/2506"}],"collection":[{"href":"http:\/\/agoratheque.3zcom.com\/index.php?rest_route=\/wp\/v2\/pages"}],"about":[{"href":"http:\/\/agoratheque.3zcom.com\/index.php?rest_route=\/wp\/v2\/types\/page"}],"author":[{"embeddable":true,"href":"http:\/\/agoratheque.3zcom.com\/index.php?rest_route=\/wp\/v2\/users\/1"}],"replies":[{"embeddable":true,"href":"http:\/\/agoratheque.3zcom.com\/index.php?rest_route=%2Fwp%2Fv2%2Fcomments&post=2506"}],"version-history":[{"count":6,"href":"http:\/\/agoratheque.3zcom.com\/index.php?rest_route=\/wp\/v2\/pages\/2506\/revisions"}],"predecessor-version":[{"id":2518,"href":"http:\/\/agoratheque.3zcom.com\/index.php?rest_route=\/wp\/v2\/pages\/2506\/revisions\/2518"}],"up":[{"embeddable":true,"href":"http:\/\/agoratheque.3zcom.com\/index.php?rest_route=\/wp\/v2\/pages\/1356"}],"wp:attachment":[{"href":"http:\/\/agoratheque.3zcom.com\/index.php?rest_route=%2Fwp%2Fv2%2Fmedia&parent=2506"}],"wp:term":[{"taxonomy":"post_tag","embeddable":true,"href":"http:\/\/agoratheque.3zcom.com\/index.php?rest_route=%2Fwp%2Fv2%2Ftags&post=2506"}],"curies":[{"name":"wp","href":"https:\/\/api.w.org\/{rel}","templated":true}]}}