{"id":2757,"date":"2011-09-08T08:00:42","date_gmt":"2011-09-08T12:00:42","guid":{"rendered":"http:\/\/agoratheque.yprovencal.ep.profweb.qc.ca\/?page_id=2757"},"modified":"2011-09-08T14:03:19","modified_gmt":"2011-09-08T18:03:19","slug":"7-9-3-la-decouverte-de-la-volonte-efficace","status":"publish","type":"page","link":"http:\/\/agoratheque.3zcom.com\/?page_id=2757","title":{"rendered":"7.9.3 La d\u00e9couverte de la volont\u00e9 efficace"},"content":{"rendered":"<div>\n<p>\u00a0\u00a0\u00a0\u00a0\u00a0\u00a0\u00a0\u00a0\u00a0\u00a0\u00a0 L\u2019une des plus grandes d\u00e9couvertes (na\u00efves) de la modernit\u00e9 est que l\u2019initiative propre de l\u2019individu joue un r\u00f4le important dans ce qui rend effectif le d\u00e9veloppement du potentiel humain. On a d\u00e9sign\u00e9 ce r\u00f4le comme celui de la volont\u00e9 propre. On utilise les termes de \u00ab\u00a0vouloir\u00a0\u00bb ou de \u00ab volont\u00e9 \u00bb souvent dans le sens d\u2019une sorte de g\u00e9n\u00e9ration spontan\u00e9e. Il suffirait de \u00ab vouloir \u00bb pour \u00eatre en mesure de faire quelque chose ou d\u2019obtenir une certaine consid\u00e9ration, etc. Or, la r\u00e9alit\u00e9 n\u2019est pas si accommodante. L\u2019individu doit d\u2019abord d\u00e9velopper quelque chose en lui et parfois dans le monde environnant. Il n\u2019est pas s\u00fbr que cela puisse \u00eatre fait de fa\u00e7on effective m\u00eame si l\u2019individu en a r\u00e9ellement le potentiel. Toutefois il semble ind\u00e9niable que dans le contexte actuel de la soci\u00e9t\u00e9 moderne un grand nombre d\u2019individus peuvent devenir effectivement capables de beaucoup \u00e0 la seule condition de le vouloir, par exemple en montrant de la d\u00e9termination, en insistant, en faisant signer des p\u00e9titions, en fondant un mouvement&#8230;\u00a0\u00a0<\/p>\n<p>\u00a0\u00a0\u00a0\u00a0\u00a0\u00a0\u00a0\u00a0\u00a0\u00a0 Le principe actif de la d\u00e9mocratie semble li\u00e9 \u00e0 cette d\u00e9couverte du r\u00f4le de la volont\u00e9. La d\u00e9couverte est na\u00efve dans la mesure o\u00f9 l\u2019on croit \u00e0 la g\u00e9n\u00e9ration spontan\u00e9e de la volont\u00e9 et de son efficacit\u00e9, et que l\u2019on omet par le fait m\u00eame que beaucoup d\u2019individus restent ignor\u00e9s dans leur impuissance \u00e0 vouloir, ou \u00e0 \u00ab vouloir suffisamment \u00bb et de fa\u00e7on efficace. De toute \u00e9vidence, un certain nombre de personnes et de groupes ont besoin, pour se d\u00e9velopper, de quelque chose d\u2019autre, souvent un milieu diff\u00e9rent, un contexte diff\u00e9rent, qui diff\u00e8re de l\u2019environnement qui est actuellement le leur.\u00a0\u00a0<\/p>\n<p>\u00a0\u00a0\u00a0\u00a0\u00a0\u00a0\u00a0\u00a0\u00a0\u00a0\u00a0 L\u2019efficacit\u00e9 relativement grande de la volont\u00e9 a procur\u00e9 une grande impression de libert\u00e9 \u00e0 l\u2019humain de notre \u00e9poque. Il a pu ainsi d\u00e9velopper \u00e0 ce point son potentiel individuel, collectif ou global qu\u2019il tend \u00e0 magnifier et \u00e0 absolutiser la volont\u00e9, la libert\u00e9, l\u2019autonomie. Cette grande impression de libert\u00e9 provient sans doute en partie du fait que l\u2019on pressent confus\u00e9ment, mais de plus en plus intens\u00e9ment, que le potentiel humain est beaucoup plus grand que ce que l\u2019on a cru dans le pass\u00e9 et en comparaison avec ce qu\u2019on a pu en r\u00e9aliser. Il est fort probable qu\u2019une grande partie du potentiel, peut-\u00eatre la plus grande partie, ne peut \u00eatre r\u00e9alis\u00e9e de fa\u00e7on effective \u00e0 l\u2019\u00e9poque actuelle et demeurera \u00e0 l\u2019\u00e9tat de potentiel r\u00e9el encore pendant longtemps.<\/p>\n<p><a title=\"7.9.4 Les conditions fondamentales d\u2019une libert\u00e9 humaine\" href=\"http:\/\/mail.agoratheque.3zcom.com\/?page_id=2762\">Suite<\/a><\/p>\n<\/div>\n<div class=\"edit-link\"><a class=\"post-edit-link\" href=\"\">modifier<\/a><\/div>","protected":false},"excerpt":{"rendered":"<p>\u00a0\u00a0\u00a0\u00a0\u00a0\u00a0\u00a0\u00a0\u00a0\u00a0\u00a0 L\u2019une des plus grandes d\u00e9couvertes (na\u00efves) de la modernit\u00e9 est que l\u2019initiative propre de l\u2019individu joue un r\u00f4le important dans ce qui rend effectif le d\u00e9veloppement du potentiel humain. On a d\u00e9sign\u00e9 ce r\u00f4le comme celui de la volont\u00e9 propre. On utilise&#8230;<\/p>\n","protected":false},"author":1,"featured_media":0,"parent":2740,"menu_order":793,"comment_status":"open","ping_status":"open","template":"","meta":[],"tags":[],"_links":{"self":[{"href":"http:\/\/agoratheque.3zcom.com\/index.php?rest_route=\/wp\/v2\/pages\/2757"}],"collection":[{"href":"http:\/\/agoratheque.3zcom.com\/index.php?rest_route=\/wp\/v2\/pages"}],"about":[{"href":"http:\/\/agoratheque.3zcom.com\/index.php?rest_route=\/wp\/v2\/types\/page"}],"author":[{"embeddable":true,"href":"http:\/\/agoratheque.3zcom.com\/index.php?rest_route=\/wp\/v2\/users\/1"}],"replies":[{"embeddable":true,"href":"http:\/\/agoratheque.3zcom.com\/index.php?rest_route=%2Fwp%2Fv2%2Fcomments&post=2757"}],"version-history":[{"count":3,"href":"http:\/\/agoratheque.3zcom.com\/index.php?rest_route=\/wp\/v2\/pages\/2757\/revisions"}],"predecessor-version":[{"id":2764,"href":"http:\/\/agoratheque.3zcom.com\/index.php?rest_route=\/wp\/v2\/pages\/2757\/revisions\/2764"}],"up":[{"embeddable":true,"href":"http:\/\/agoratheque.3zcom.com\/index.php?rest_route=\/wp\/v2\/pages\/2740"}],"wp:attachment":[{"href":"http:\/\/agoratheque.3zcom.com\/index.php?rest_route=%2Fwp%2Fv2%2Fmedia&parent=2757"}],"wp:term":[{"taxonomy":"post_tag","embeddable":true,"href":"http:\/\/agoratheque.3zcom.com\/index.php?rest_route=%2Fwp%2Fv2%2Ftags&post=2757"}],"curies":[{"name":"wp","href":"https:\/\/api.w.org\/{rel}","templated":true}]}}