{"id":2807,"date":"2011-09-13T07:20:04","date_gmt":"2011-09-13T11:20:04","guid":{"rendered":"http:\/\/agoratheque.yprovencal.ep.profweb.qc.ca\/?page_id=2807"},"modified":"2011-09-13T09:04:32","modified_gmt":"2011-09-13T13:04:32","slug":"8-3-a-la-recherche-de-l%e2%80%99autre","status":"publish","type":"page","link":"http:\/\/agoratheque.3zcom.com\/?page_id=2807","title":{"rendered":"8.3 \u00c0 la recherche de l\u2019Autre"},"content":{"rendered":"<div>\n<p>\u00a0\u00a0\u00a0\u00a0\u00a0\u00a0\u00a0\u00a0\u00a0\u00a0\u00a0 Cette conception du no\u00e9tique soul\u00e8ve la question de l\u2019existence potentielle d\u2019autres entit\u00e9s capables d\u2019intelligence avanc\u00e9e dans l\u2019Univers. Le lien avec la recherche de type Seti est \u00e9vident<a id=\"ref-1\" href=\"#note-1\"><sup>1<\/sup><\/a>. Il s\u2019agira ici de voir en quoi la probl\u00e9matique du no\u00e9tique se rapproche de ce type de recherche et en quoi elle en diff\u00e8re fondamentalement.\u00a0<\/p>\n<p>\u00a0\u00a0\u00a0\u00a0\u00a0\u00a0\u00a0\u00a0\u00a0\u00a0\u00a0 La recherche Seti a \u00e9t\u00e9 inaugur\u00e9e en 1959, lorsque Philip Morrison et Giuseppe Coccone, de l\u2019Universit\u00e9 Cornell, ont mis sur pied le projet Ozma<a id=\"ref-2\" href=\"#note-2\"><sup>2<\/sup><\/a>. En 1960, Francis Drake, qui \u00e9tait alors un \u00e9tudiant en astronomie et un adepte du projet, proposa une formule \u2014 appel\u00e9e depuis l\u2019\u00ab\u00a0\u00e9quation de Drake\u00a0\u00bb \u2014 qui est pass\u00e9e \u00e0 l\u2019histoire r\u00e9cente. Cette formule devait permettre d\u2019estimer les probabilit\u00e9s de trouver une intelligence extraterrestre dans notre galaxie, la Voie lact\u00e9e. Elle aura servi \u00e0 la plupart des hypoth\u00e8ses faites sur l\u2019intelligence extraterrestre.\u00a0<\/p>\n<p><strong><em>L\u2019\u00e9quation de Drake<\/em><\/strong>\u00a0<\/p>\n<p>\u00a0\u00a0\u00a0\u00a0\u00a0\u00a0\u00a0\u00a0\u00a0\u00a0\u00a0 Il s\u2019agit d\u2019estimer le nombre de civilisations technologiques pr\u00e9sentes actuellement dans la Galaxie\u00a0au moyen d\u2019une formule compos\u00e9e de plusieurs facteurs (sept dans la formule originale)\u00a0:<\/p>\n<p>\u00a0N = R* f<sub>1<\/sub> f<sub>2<\/sub> f<sub>3<\/sub> \u00a0\u2026.,<\/p>\n<p>o\u00f9 R* est le taux de formation d\u2019\u00e9toiles dans la Galaxie. Les diff\u00e9rents f<sub>i <\/sub>\u00a0repr\u00e9sentent des fonctions telles que la fraction du nombre d\u2019\u00e9toiles de type solaire dans la Galaxie ou la fraction du nombre moyen de plan\u00e8tes par \u00e9toile, etc., et peuvent relever de l\u2019astrophysique, de la biologie ou d\u2019\u00e9tudes d\u2019ordre socioculturel. La variable N est cens\u00e9e repr\u00e9senter le nombre de \u00ab\u00a0civilisations technologiques\u00a0\u00bb dans la Galaxie, c\u2019est-\u00e0-dire le nombre de noosph\u00e8res susceptibles de communiquer au moyen d\u2019ondes \u00e9lectromagn\u00e9tiques, \u00e0 l\u2019image des \u00ab\u00a0Terriens\u00a0\u00bb, qui connaissent ce type de technologie et l\u2019utilisent depuis quelques d\u00e9cennies. De nombreuses autres formulations ont \u00e9t\u00e9 propos\u00e9es<a id=\"ref-3\" href=\"#note-3\"><sup>3<\/sup><\/a>.<\/p>\n<p>\u00a0\u00a0\u00a0\u00a0\u00a0\u00a0\u00a0\u00a0\u00a0\u00a0 Francis Drake avoua que son \u00e9quation \u00e9tait tr\u00e8s hypoth\u00e9tique. La plupart des sp\u00e9cialistes concern\u00e9s l\u2019ont m\u00eame jug\u00e9e subjective et arbitraire. Selon la tendance du sp\u00e9cialiste qui la suppute, la valeur estim\u00e9e de N est tant\u00f4t plut\u00f4t basse, tant\u00f4t plut\u00f4t \u00e9lev\u00e9e. La plus basse valeur de N est 1, ce qui repr\u00e9sente la situation o\u00f9 les Terriens sont les seuls \u00e0 \u00e9mettre des messages par le biais d\u2019ondes \u00e9lectromagn\u00e9tiques dans la Galaxie. Les estimations donnant \u00e0 N la valeur maximale obtiennent un nombre de l\u2019ordre de plusieurs milliards de soci\u00e9t\u00e9s technologiques distinctes.<\/p>\n<p>\u00a0\u00a0\u00a0\u00a0\u00a0\u00a0\u00a0\u00a0\u00a0\u00a0 Malgr\u00e9 son caract\u00e8re insolite, ce type de recherche occupe quelque 200 astronomes ou astrophysiciens, soit 2,5 % des chercheurs dans ce domaine<a id=\"ref-4\" href=\"#note-4\"><sup>4<\/sup><\/a>.\u00a0\u00a0<\/p>\n<p><strong><em>\u00a0 Le principe de banalit\u00e9<\/em>\u00a0<\/strong>\u00a0<\/p>\n<p>\u00a0\u00a0\u00a0\u00a0\u00a0\u00a0\u00a0\u00a0\u00a0 Ce type de recherche est bas\u00e9 sur certains pr\u00e9suppos\u00e9s. Par exemple, on a \u00e9nonc\u00e9 des principes de valeur heuristique qui constituent des arguments en faveur de la recherche de type Seti. L\u2019un des principaux arguments est le <em>principe de banalit\u00e9<\/em> \u00e0 l\u2019\u00e9chelle cosmique, selon lequel \u00ab\u00a0rien de sp\u00e9cial ne distingue la Terre ou les \u00eatres humains, qui sont repr\u00e9sentatifs de types d\u2019objets ou d\u2019\u00eatres qui peuvent aussi bien s\u2019\u00eatre d\u00e9velopp\u00e9s ailleurs dans l\u2019Univers<a id=\"ref-5\" href=\"#note-5\"><sup>5<\/sup><\/a>\u00a0\u00bb. Ce principe signifie en gros que la probabilit\u00e9 pour que se soit d\u00e9velopp\u00e9e une forme d\u2019intelligence semblable \u00e0 celle de l\u2019humain actuel est forte dans tout syst\u00e8me stellaire qui est semblable \u00e0 notre syst\u00e8me solaire. Il devrait donc y en avoir des millions dans notre seule Galaxie et des millions de milliards dans l\u2019Univers, toutes susceptibles d\u2019envoyer ou d\u2019avoir envoy\u00e9 des signaux, volontairement ou non, qui pourraient techniquement \u00eatre d\u00e9tectables \u00e0 une grande distance intra-galactique.<\/p>\n<p>\u00a0\u00a0\u00a0\u00a0\u00a0\u00a0\u00a0\u00a0\u00a0 Le principe de banalit\u00e9 s\u2019apparente au principe de suffisance, selon lequel \u00ab\u00a0la vie, telle que nous la connaissons, appara\u00eet facilement partout o\u00f9 existe un terrain favorable<a id=\"ref-6\" href=\"#note-6\"><sup>6<\/sup><\/a>\u00a0\u00bb. Une extension du ce principe de suffisance \u00e0 la vie intelligente avanc\u00e9e permet de fonder pratiquement la recherche Seti.<\/p>\n<p>\u00a0\u00a0\u00a0\u00a0\u00a0\u00a0\u00a0\u00a0\u00a0 Ces deux principes se trouvent apparemment contredits par les observations qui ont \u00e9t\u00e9 faites jusqu\u2019\u00e0 pr\u00e9sent. Les probabilit\u00e9s r\u00e9elles de l\u2019existence de la vie intelligente se sont r\u00e9v\u00e9l\u00e9es inf\u00e9rieures \u00e0 ce qu\u2019on avait d\u2019abord cru plausible. Il existe peut-\u00eatre, de fa\u00e7on non n\u00e9gligeable pour l\u2019avenir de la recherche, des possibilit\u00e9s r\u00e9elles de d\u00e9couvrir l\u2019existence d\u2019une intelligence extraterrestre, mais ce serait \u00e0 plus long terme et, peut-\u00eatre, d\u2019une autre fa\u00e7on ou d\u2019apr\u00e8s d\u2019autres interpr\u00e9tations de l\u2019intelligence susceptible de se manifester \u00e0 nous.\u00a0<\/p>\n<p>\u00a0 <strong><em>Le point de vue d\u2019autres chercheurs\u00a0<\/em><\/strong><\/p>\n<p>\u00a0\u00a0\u00a0\u00a0\u00a0\u00a0\u00a0\u00a0\u00a0 Les biologistes semblent en g\u00e9n\u00e9ral beaucoup plus sceptiques que les astronomes ou les astrophysiciens quant \u00e0 la possibilit\u00e9 d\u2019une communication avec une vie intelligente extraterrestre et souvent quant \u00e0 la possibilit\u00e9 m\u00eame de leur existence. Leurs arguments s\u2019appuient en g\u00e9n\u00e9ral sur des \u00e9valuations sommaires de la probabilit\u00e9 que certaines conditions g\u00e9n\u00e9tiques ou environnementales soient remplies. Ainsi Stephen Jay Gould soutient que l\u2019apparition de la vie intelligente sur la Terre \u00e9tait au d\u00e9part peu probable. Car un processus aussi complexe est, selon lui, \u00ab\u00a0la somme d\u2019une telle s\u00e9rie d\u2019improbabilit\u00e9s qu\u2019il en devient lui-m\u00eame absolument improbable<a id=\"ref-7\" href=\"#note-7\"><sup>7<\/sup><\/a> \u00bb. \u00a0<\/p>\n<p>\u00a0\u00a0\u00a0\u00a0\u00a0\u00a0\u00a0\u00a0\u00a0\u00a0 Le psychologue Steven Pinker apporte un argument d\u2019un autre ordre. Il explique que les biologistes sont r\u00e9ticents \u00e0 appuyer ce qu\u2019ils voient comme une croyance populaire appuy\u00e9e sur le sentiment religieux selon laquelle l\u2019homme doit \u00eatre le but de l\u2019\u00e9volution<a id=\"ref-8\" href=\"#note-8\"><sup>8<\/sup><\/a>.<\/p>\n<p>\u00a0\u00a0\u00a0\u00a0\u00a0\u00a0\u00a0\u00a0\u00a0\u00a0 D\u2019autres encore croient que des formes de vie extraterrestres intelligentes existent, mais qu\u2019il est hautement improbable qu\u2019elles pratiquent \u00ab\u00a0notre type de science<a id=\"ref-9\" href=\"#note-9\"><sup>9<\/sup><\/a>\u00a0\u00bb.\u00a0<\/p>\n<p>\u00a0\u00a0\u00a0\u00a0\u00a0\u00a0\u00a0\u00a0\u00a0\u00a0\u00a0 On a oppos\u00e9 encore d\u2019autres arguments au bien-fond\u00e9 du projet Seti. Certains avancent que, si d\u2019autres civilisations avanc\u00e9es existaient dans la Galaxie, le syst\u00e8me solaire aurait \u00e9t\u00e9 colonis\u00e9 depuis longtemps. Leur avance technologique probable leur aurait permis de se manifester partout dans la Galaxie en quelques millions d\u2019ann\u00e9es, ce qui est relativement peu par rapport aux longues dur\u00e9es du pass\u00e9. De surcro\u00eet, la recherche de type Seti existe depuis 40 ans, sans r\u00e9sultat positif<a id=\"ref-10\" href=\"#note-10\"><sup>10<\/sup><\/a>.\u00a0\u00a0<\/p>\n<p><strong><em>L\u2019hypoth\u00e8se T<sub>ia<\/sub> et le principe de n\u00e9cessit\u00e9<\/em><\/strong>\u00a0<\/p>\n<p>\u00a0\u00a0\u00a0\u00a0\u00a0\u00a0\u00a0\u00a0\u00a0 Par contraste avec l\u2019approche de la recherche Seti, l\u2019hypoth\u00e8se <em>T<sub>ia<\/sub><\/em> va de pair avec le \u00ab\u00a0<em>principe de n\u00e9cessit\u00e9<\/em>\u00a0\u00bb, o\u00f9 le mot \u00ab\u00a0principe\u00a0\u00bb a plut\u00f4t le sens d\u2019une proposition admise en tant que r\u00e8gle logique \u00e9l\u00e9mentaire. Il s\u2019agit en fait d\u2019une implication logique \u00e0 partir du concept de potentiel r\u00e9el. Selon le principe de n\u00e9cessit\u00e9, il est n\u00e9cessaire mais non suffisant que certaines conditions \u2014d\u2019ailleurs inconnues \u2014 existent dans un certain milieu, plan\u00e9taire ou autre, pour que la vie y apparaisse et s\u2019y d\u00e9veloppe avec une probabilit\u00e9 appr\u00e9ciable. Le m\u00eame principe de n\u00e9cessit\u00e9 s\u2019applique \u00e9galement \u00e0 l\u2019existence du milieu appropri\u00e9. Il est n\u00e9cessaire, mais non suffisant, que certaines conditions soient satisfaites pour que ce type de milieu existe.<\/p>\n<p>\u00a0\u00a0\u00a0\u00a0\u00a0\u00a0\u00a0\u00a0\u00a0\u00a0 On ignore en effet quelle \u00e9tait la probabilit\u00e9 r\u00e9elle initiale de la vie, mais on peut \u00eatre s\u00fbr d\u2019une chose, elle n\u2019\u00e9tait pas nulle. Par exemple, nous pouvons poser que le milieu le plus appropri\u00e9 \u00e9tait un syst\u00e8me stellaire dont l\u2019\u00e9toile est simple (ni double ni multiple) et du m\u00eame type spectral G que le Soleil. Cette probabilit\u00e9 n\u2019\u00e9tait s\u00fbrement pas nulle, mais peut-\u00eatre \u00e9tait-elle si faible qu\u2019elle ne se trouvait compens\u00e9e que par le nombre total d\u2019\u00e9toiles de type G dans tout l\u2019Univers observable. Ce nombre est grosso modo de l\u2019ordre du millier de milliards de milliards de possibilit\u00e9s a priori.<\/p>\n<p>\u00a0\u00a0\u00a0\u00a0\u00a0\u00a0\u00a0\u00a0\u00a0 Ce nombre est approximatif mais son niveau de pr\u00e9cision suffit \u00e0 en \u00e9tablir le super-ordre, qui est deux<a id=\"ref-11\" href=\"#note-11\"><sup>11<\/sup><\/a>. Ce nombre d\u2019\u00e9toiles de type G ne suffirait pas \u00e0 compenser la faiblesse de la probabilit\u00e9 que l\u2019homo sapiens soit reproduit dans un endroit et \u00e0 un moment quelconque dans l\u2019Univers. Ainsi que nous l\u2019avons vu, en effet, cette improbabilit\u00e9 est du super-ordre trois. En revanche il se pourrait bien qu\u2019il puisse compenser l\u2019improbabilit\u00e9 de l\u2019apparition d\u2019une seconde <em>intelligence avanc\u00e9e<\/em> dans cet Univers, laquelle ne serait alors pas n\u00e9cessairement l\u2019homo sapiens. Il se pourrait donc que l\u2019exp\u00e9rience de type Seti doive \u00eatre \u00e9largie \u00e0 l\u2019ensemble de l\u2019Univers, ce que notre technologie ne nous permet pas encore de faire. Si elle y parvenait un jour, alors nos chances de contact augmenteraient \u00e9videmment de fa\u00e7on consid\u00e9rable, ce qui pourrait alors donner lieu \u00e0 une renaissance de ce type de recherche.<\/p>\n<p>\u00a0\u00a0\u00a0\u00a0\u00a0\u00a0\u00a0\u00a0\u00a0\u00a0 La probabilit\u00e9 d\u2019apparition de la vie et de son \u00e9volution sur un certain nombre de milliards d\u2019ann\u00e9es (par exemple, 3 ou 4 milliards d\u2019ann\u00e9es) \u00e9tait peut-\u00eatre aussi petite que l\u2019inverse du super-ordre deux. Cette probabilit\u00e9, qui est inf\u00e9rieure \u00e0 un dix milliardi\u00e8me, est \u00e9videmment tr\u00e8s petite d\u2019apr\u00e8s les normes habituelles, mais elle suffirait \u00e0 rendre appr\u00e9ciable la probabilit\u00e9 pour qu\u2019au moins <em>une<\/em> noosph\u00e8re d\u2019intelligence avanc\u00e9e soit apparue un jour dans cet Univers, qui serait bien s\u00fbr la n\u00f4tre. C\u2019est ce qu\u2019implique le principe de n\u00e9cessit\u00e9, rien de plus.<\/p>\n<div><a title=\"8.3.1 L\u2019hypoth\u00e8se Tia en comparaison avec celle de Francis Drake\" href=\"http:\/\/mail.agoratheque.3zcom.com\/?page_id=2813\">Suite<\/a><\/div>\n<p><a id=\"note-1\" href=\"#ref-1\">1<\/a>\u00a0Seti est le sigle de \u00ab\u00a0<em>Search for extraterrestrial intelligence<\/em>\u00a0\u00bb, soit la recherche de l\u2019intelligence extraterrestre par la communication au moyen d\u2019ondes \u00e9lectromagn\u00e9tiques. <a id=\"note-1\" href=\"#ref-1\">1<\/a><\/p>\n<div id=\"ftn2\">\n<p><a id=\"note-2\" href=\"#ref-2\">2<\/a>\u00a0Ozma est le nom de la princesse d\u2019Oz, le pays mythique dans <em>Le magicien d\u2019Oz<\/em>, par L. Frank Baum (1900). <a id=\"note-2\" href=\"#ref-2\">2<\/a><\/p>\n<p><a id=\"note-3\" href=\"#ref-3\">3<\/a>\u00a0Cf. <em>The Search for Extraterrestrial Intelligence<\/em>, K. Kellermann et G. Seielstad, \u00e9diteurs, Green Bank (\u00c9tats-Unis, Virginie occidentale), NRAO, 1986. <a id=\"note-3\" href=\"#ref-3\">3<\/a><\/p>\n<\/div>\n<div id=\"ftn4\">\n<p><a id=\"note-4\" href=\"#ref-4\">4<\/a>\u00a0Voir par exemple les explications et les commentaires d\u2019Andr\u00e9 Brack et B\u00e9n\u00e9dicte Leclercq dans leur ouvrage <em>La vie est-elle universelle? Des premiers \u00eatres vivants \u00e0 l\u2019exploration spatiale<\/em>, Paris, EDP Sciences, 2003, chapitre 16. <a id=\"note-4\" href=\"#ref-4\">4<\/a><\/p>\n<\/div>\n<div id=\"ftn5\">\n<p><a id=\"note-5\" href=\"#ref-5\">5<\/a>\u00a0Cette formulation est inspir\u00e9e de celle de John L. Casti alors qu\u2019il examine et commente la recherche Seti (John L. Casti, <em>Paradigmes perdus. La science en question<\/em>, Inter\u00c9ditions, 1991, chapitre 6: \u00ab\u00a0O\u00f9 sont-ils\u00a0?\u00a0\u00bb, voir en particulier les pages 311-312). <a id=\"note-5\" href=\"#ref-5\">5<\/a><\/p>\n<\/div>\n<div id=\"ftn6\">\n<p><a id=\"note-6\" href=\"#ref-6\">6<\/a>\u00a0Cette formulation est de John L. Casti (<em>ibid.<\/em>, p. 314). <a id=\"note-6\" href=\"#ref-6\">6<\/a><\/p>\n<\/div>\n<div id=\"ftn7\">\n<p><a id=\"note-7\" href=\"#ref-7\">7<\/a>\u00a0Stephen Jay Gould, <em>Le sourire du flamant rose. R\u00e9flexions sur l\u2019histoire naturelle<\/em>, (<em>The Flamingo\u2019s Smile<\/em>, 1985; traduction de Dominique Tayssi\u00e9 avec le concours de Marcel Blanc), Paris, Seuil, 1988, pp. 427 et 441-442. La position de Gould n\u2019est cependant pas tr\u00e8s claire puisqu\u2019il laisse entendre qu\u2019il appuie la recherche de type Seti sans y croire vraiment, mais que cependant il estime possible qu\u2019une civilisation technologique existe ailleurs (<em>Ibid.<\/em>, p. 441 et 448). D\u2019autres biologistes, tels qu\u2019Ernst Mayr et George Gaylord Simpson, arrivent \u00e0 des conclusions n\u00e9gatives similaires \u00e0 celle de Gould ou sont encore plus sceptiques que lui. Cf. John Casti, <em>Paradigmes perdus. La science en question<\/em>, <em>op. cit.<\/em>, p. 368. <a id=\"note-7\" href=\"#ref-7\">7<\/a><\/p>\n<\/div>\n<div id=\"ftn8\">\n<p><a id=\"note-8\" href=\"#ref-8\">8<\/a>\u00a0Steven Pinker, <em>Comment fonctionne l\u2019esprit<\/em>, Paris, Odile Jacob, 2005, p. 165. Pinker est un psycholinguiste et il enseigne la psychologie au MIT. <a id=\"note-8\" href=\"#ref-8\">8<\/a><em>\u00a0<\/em><\/p>\n<\/div>\n<div id=\"ftn9\">\n<p><a id=\"note-9\" href=\"#ref-9\">9<\/a>\u00a0John Casti, <em>Paradigmes perdus. La science en question<\/em>, <em>op. cit.<\/em>, p. 372. <a id=\"note-9\" href=\"#ref-9\">9<\/a><\/p>\n<\/div>\n<div id=\"ftn10\">\n<p><a id=\"note-10\" href=\"#ref-10\">10<\/a>\u00a0Cf. par exemple Andr\u00e9 Brack et B\u00e9n\u00e9dicte Leclercq (<em>La vie est-elle universelle? Des premiers \u00eatres vivants \u00e0 l\u2019exploration spatiale<\/em>, <em>op. cit.<\/em>, p. 193 et suiv.). <a id=\"note-10\" href=\"#ref-10\">10<\/a><\/p>\n<\/div>\n<div id=\"ftn11\">\n<p><a id=\"note-11\" href=\"#ref-11\">11<\/a>\u00a0Le nombre un millier de milliards de milliards, c\u2019est-\u00e0-dire 10<sup>21<\/sup>, est en effet compris entre 10<sup>10<\/sup> et 10exp(10<sup>10<\/sup>), ce qui le situe au super-ordre deux\u00a0; voir la <a title=\"5.6 Les super-ordres de grandeur\" href=\"http:\/\/mail.agoratheque.3zcom.com\/?page_id=2068\" target=\"_blank\">section 5.6<\/a>. <a id=\"note-11\" href=\"#ref-11\">11<\/a><\/p>\n<\/div>\n<\/div>\n<div class=\"edit-link\"><a class=\"post-edit-link\" href=\"\">modifier<\/a><\/div>","protected":false},"excerpt":{"rendered":"<p>\u00a0\u00a0\u00a0\u00a0\u00a0\u00a0\u00a0\u00a0\u00a0\u00a0\u00a0 Cette conception du no\u00e9tique soul\u00e8ve la question de l\u2019existence potentielle d\u2019autres entit\u00e9s capables d\u2019intelligence avanc\u00e9e dans l\u2019Univers. Le lien avec la recherche de type Seti est \u00e9vident1. Il s\u2019agira ici de voir en quoi la probl\u00e9matique du no\u00e9tique se rapproche de ce&#8230;<\/p>\n","protected":false},"author":1,"featured_media":0,"parent":1359,"menu_order":830,"comment_status":"open","ping_status":"open","template":"","meta":[],"tags":[],"_links":{"self":[{"href":"http:\/\/agoratheque.3zcom.com\/index.php?rest_route=\/wp\/v2\/pages\/2807"}],"collection":[{"href":"http:\/\/agoratheque.3zcom.com\/index.php?rest_route=\/wp\/v2\/pages"}],"about":[{"href":"http:\/\/agoratheque.3zcom.com\/index.php?rest_route=\/wp\/v2\/types\/page"}],"author":[{"embeddable":true,"href":"http:\/\/agoratheque.3zcom.com\/index.php?rest_route=\/wp\/v2\/users\/1"}],"replies":[{"embeddable":true,"href":"http:\/\/agoratheque.3zcom.com\/index.php?rest_route=%2Fwp%2Fv2%2Fcomments&post=2807"}],"version-history":[{"count":5,"href":"http:\/\/agoratheque.3zcom.com\/index.php?rest_route=\/wp\/v2\/pages\/2807\/revisions"}],"predecessor-version":[{"id":2819,"href":"http:\/\/agoratheque.3zcom.com\/index.php?rest_route=\/wp\/v2\/pages\/2807\/revisions\/2819"}],"up":[{"embeddable":true,"href":"http:\/\/agoratheque.3zcom.com\/index.php?rest_route=\/wp\/v2\/pages\/1359"}],"wp:attachment":[{"href":"http:\/\/agoratheque.3zcom.com\/index.php?rest_route=%2Fwp%2Fv2%2Fmedia&parent=2807"}],"wp:term":[{"taxonomy":"post_tag","embeddable":true,"href":"http:\/\/agoratheque.3zcom.com\/index.php?rest_route=%2Fwp%2Fv2%2Ftags&post=2807"}],"curies":[{"name":"wp","href":"https:\/\/api.w.org\/{rel}","templated":true}]}}