{"id":357,"date":"2011-06-18T11:46:59","date_gmt":"2011-06-18T15:46:59","guid":{"rendered":"http:\/\/agoratheque.yprovencal.ep.profweb.qc.ca\/?page_id=357"},"modified":"2011-06-18T11:47:04","modified_gmt":"2011-06-18T15:47:04","slug":"charte-du-respect","status":"publish","type":"page","link":"http:\/\/agoratheque.3zcom.com\/?page_id=357","title":{"rendered":"Charte du respect"},"content":{"rendered":"<p><em>Charte du respect dans les forums actifs\u00a0(en classe ou sur Internet)<\/em>\u00a0<\/p>\n<p>Les participants doivent respecter les autres d\u2019apr\u00e8s les trois points suivants\u00a0:\u00a0\u00a0<\/p>\n<p>1.\u00a0\u00a0\u00a0\u00a0\u00a0 Ils respectent l\u2019opinion exprim\u00e9e par les autres quelle que soit cette opinion.\u00a0\u00a0<\/p>\n<p>2.\u00a0\u00a0\u00a0\u00a0\u00a0 Ils peuvent critiquer ces opinions \u2014 et ils sont m\u00eame invit\u00e9s \u00e0 le faire \u2014, \u00e9tant entendu que toute critique doit \u00eatre faite dans le respect de celui dont on critique l\u2019opinion, c\u2019est-\u00e0-dire dans la recherche commune d\u2019un terrain d\u2019entente.\u00a0\u00a0<\/p>\n<p>3.\u00a0\u00a0\u00a0\u00a0\u00a0\u00a0En outre, dans le respect des autres en g\u00e9n\u00e9ral, ils ne doivent\u00a0pas chercher \u00e0\u00a0d\u00e9nigrer qui que ce soit\u00a0ni quelque groupe que ce soit.<\/p>\n<div class=\"edit-link\"><a class=\"post-edit-link\" href=\"\">modifier<\/a><\/div>","protected":false},"excerpt":{"rendered":"<p>Charte du respect dans les forums actifs\u00a0(en classe ou sur Internet)\u00a0 Les participants doivent respecter les autres d\u2019apr\u00e8s les trois points suivants\u00a0:\u00a0\u00a0 1.\u00a0\u00a0\u00a0\u00a0\u00a0 Ils respectent l\u2019opinion exprim\u00e9e par les autres quelle que soit cette opinion.\u00a0\u00a0 2.\u00a0\u00a0\u00a0\u00a0\u00a0 Ils peuvent critiquer ces opinions \u2014 et&#8230;<\/p>\n","protected":false},"author":1,"featured_media":0,"parent":342,"menu_order":0,"comment_status":"open","ping_status":"open","template":"","meta":[],"tags":[],"_links":{"self":[{"href":"http:\/\/agoratheque.3zcom.com\/index.php?rest_route=\/wp\/v2\/pages\/357"}],"collection":[{"href":"http:\/\/agoratheque.3zcom.com\/index.php?rest_route=\/wp\/v2\/pages"}],"about":[{"href":"http:\/\/agoratheque.3zcom.com\/index.php?rest_route=\/wp\/v2\/types\/page"}],"author":[{"embeddable":true,"href":"http:\/\/agoratheque.3zcom.com\/index.php?rest_route=\/wp\/v2\/users\/1"}],"replies":[{"embeddable":true,"href":"http:\/\/agoratheque.3zcom.com\/index.php?rest_route=%2Fwp%2Fv2%2Fcomments&post=357"}],"version-history":[{"count":3,"href":"http:\/\/agoratheque.3zcom.com\/index.php?rest_route=\/wp\/v2\/pages\/357\/revisions"}],"predecessor-version":[{"id":360,"href":"http:\/\/agoratheque.3zcom.com\/index.php?rest_route=\/wp\/v2\/pages\/357\/revisions\/360"}],"up":[{"embeddable":true,"href":"http:\/\/agoratheque.3zcom.com\/index.php?rest_route=\/wp\/v2\/pages\/342"}],"wp:attachment":[{"href":"http:\/\/agoratheque.3zcom.com\/index.php?rest_route=%2Fwp%2Fv2%2Fmedia&parent=357"}],"wp:term":[{"taxonomy":"post_tag","embeddable":true,"href":"http:\/\/agoratheque.3zcom.com\/index.php?rest_route=%2Fwp%2Fv2%2Ftags&post=357"}],"curies":[{"name":"wp","href":"https:\/\/api.w.org\/{rel}","templated":true}]}}