{"id":415,"date":"2011-06-21T05:42:49","date_gmt":"2011-06-21T09:42:49","guid":{"rendered":"http:\/\/agoratheque.yprovencal.ep.profweb.qc.ca\/?page_id=415"},"modified":"2019-02-18T09:11:16","modified_gmt":"2019-02-18T13:11:16","slug":"vous-cherchez-un-terme-un-nom-un-concept","status":"publish","type":"page","link":"http:\/\/agoratheque.3zcom.com\/?page_id=415","title":{"rendered":"Vous cherchez un terme, un nom, un concept?"},"content":{"rendered":"<ul>\n<li>A\n<ul>\n<li><a title=\"Mouvement \u00e9thique d\u2019action sur le monde (M\u00c9AM)\" href=\"http:\/\/mail.agoratheque.3zcom.com\/?page_id=3183\">action<\/a><\/li>\n<li><a title=\"1.1.1 D\u00e9finition de la science adisciplinaire\" href=\"http:\/\/mail.agoratheque.3zcom.com\/?page_id=1317\">adisciplinarit\u00e9<\/a><\/li>\n<li><a title=\"Attitude d\u2019aide ou de condamnation\" href=\"http:\/\/mail.agoratheque.3zcom.com\/?page_id=1258\">attitude d&rsquo;aide ou de condamnation<\/a><\/li>\n<li><a title=\"Le respect des personnes et des groupes dans leur autonomie\" href=\"http:\/\/mail.agoratheque.3zcom.com\/?page_id=641\">autonomie<\/a><\/li>\n<\/ul>\n<\/li>\n<li>C\n<ul>\n<li><a href=\"http:\/\/touteslesnations.yprovencal.profweb.ca\/?page_id=11\">Charte de la Soci\u00e9t\u00e9 de Toutes les Nations (STN)<\/a><\/li>\n<li><a title=\"Charte du respect\" href=\"http:\/\/mail.agoratheque.3zcom.com\/?page_id=357\">Charte du respect<\/a><\/li>\n<li><a title=\"L\u2019importance de ne pas condamner moralement\" href=\"http:\/\/mail.agoratheque.3zcom.com\/?page_id=748\">condamnation morale<\/a><\/li>\n<li><a title=\"Conscience\" href=\"http:\/\/mail.agoratheque.3zcom.com\/?page_id=423\">conscience<\/a><\/li>\n<li><a title=\"Explications suppl\u00e9mentaires : Le concept de convergence\" href=\"http:\/\/mail.agoratheque.3zcom.com\/?page_id=2287\">convergence<\/a><\/li>\n<li><a title=\"La criminalisation\" href=\"http:\/\/mail.agoratheque.3zcom.com\/?page_id=25\">criminalisation<\/a><\/li>\n<li><a title=\"Projet Felix culpa\" href=\"http:\/\/mail.agoratheque.3zcom.com\/?page_id=20\">culpabilisation<\/a><\/li>\n<li><a title=\"IV- De la culpabilit\u00e9\" href=\"http:\/\/mail.agoratheque.3zcom.com\/?page_id=1075\">culpabilit\u00e9 (th\u00e9ologie)<\/a><\/li>\n<li><a title=\"Difficult\u00e9s conceptuelles\" href=\"http:\/\/mail.agoratheque.3zcom.com\/?page_id=828\">culture morale<\/a><\/li>\n<\/ul>\n<\/li>\n<li>D\n<ul>\n<li><a title=\"Projet Felix culpa\" href=\"http:\/\/mail.agoratheque.3zcom.com\/?page_id=20\">d\u00e9culpabilisation<\/a><\/li>\n<li><a title=\"La d\u00e9mocratie mondiale\" href=\"http:\/\/mail.agoratheque.3zcom.com\/?page_id=558\">d\u00e9mocratie mondiale (ou globale)<\/a><\/li>\n<li><a title=\"Diabolisation\" href=\"http:\/\/mail.agoratheque.3zcom.com\/?page_id=434\">diabolisation<\/a><\/li>\n<li><a title=\"Discussions sur Dieu\" href=\"http:\/\/mail.agoratheque.3zcom.com\/?page_id=438\">Dieu<\/a><\/li>\n<li><a title=\"Le respect de la diff\u00e9rence\" href=\"http:\/\/mail.agoratheque.3zcom.com\/?page_id=3298\">diff\u00e9rence (respect de la)<\/a><\/li>\n<li><a title=\"La diff\u00e9rence num\u00e9rique des groupes\" href=\"http:\/\/mail.agoratheque.3zcom.com\/?page_id=655\">diff\u00e9rence num\u00e9rique<\/a><\/li>\n<li><a title=\"Th\u00e8me: la dissidence\" href=\"http:\/\/mail.agoratheque.3zcom.com\/?page_id=1478\">dissidence<\/a><\/li>\n<\/ul>\n<\/li>\n<li>E\n<ul>\n<li><a href=\"http:\/\/mail.agoratheque.3zcom.com\/?page_id=5654\">enfant-humanit\u00e9<\/a><\/li>\n<li><a title=\"Lettre ouverte aux femmes et aux hommes politiques\" href=\"http:\/\/mail.agoratheque.3zcom.com\/?page_id=3602\">environnement (urgence climatique)<\/a><\/li>\n<li><a title=\"Mouvement \u00e9thique d\u2019action sur le monde (M\u00c9AM)\" href=\"http:\/\/mail.agoratheque.3zcom.com\/?page_id=3183\">\u00e9thique<\/a><\/li>\n<li><a title=\"D\u00e9finition de l\u2019\u00e9thocentrisme\" href=\"http:\/\/mail.agoratheque.3zcom.com\/?page_id=666\">\u00e9thocentrisme<\/a><\/li>\n<li><a title=\"1.2 Une \u00e9volution globale\" href=\"http:\/\/mail.agoratheque.3zcom.com\/?page_id=1624\">\u00e9volution globale<\/a><\/li>\n<\/ul>\n<\/li>\n<li>F\n<ul>\n<li><a title=\"Projet Felix culpa\" href=\"http:\/\/mail.agoratheque.3zcom.com\/?page_id=20\">Felix culpa (projet)<\/a><\/li>\n<li><a title=\"Lettre ouverte aux f\u00e9ministes\" href=\"http:\/\/mail.agoratheque.3zcom.com\/?page_id=2975\">F\u00e9ministes (Lettre ouverte aux)<\/a><\/li>\n<li><a title=\"Forums remarquables\" href=\"http:\/\/mail.agoratheque.3zcom.com\/?page_id=70\">Forums remarquables<\/a><\/li>\n<\/ul>\n<\/li>\n<li>G\n<ul>\n<li><a href=\"http:\/\/mail.agoratheque.3zcom.com\/?page_id=1832\">GAP<\/a><\/li>\n<li><a title=\"Commentaire d\u2019Andr\u00e9 Gauthier\" href=\"http:\/\/mail.agoratheque.3zcom.com\/?page_id=231\">Gauthier Andr\u00e9<\/a><\/li>\n<li><a title=\"\u00a7 5 La Grande Bible\" href=\"http:\/\/mail.agoratheque.3zcom.com\/?page_id=892\">Grande Bible<\/a><\/li>\n<li><a title=\"Difficult\u00e9s conceptuelles\" href=\"http:\/\/mail.agoratheque.3zcom.com\/?page_id=828\">groupe<\/a><\/li>\n<\/ul>\n<\/li>\n<li>I\n<ul>\n<li><a title=\"5.7 Le concept d\u2019intelligence avanc\u00e9e\" href=\"http:\/\/mail.agoratheque.3zcom.com\/?page_id=2105\">intelligence avanc\u00e9e<\/a><\/li>\n<\/ul>\n<\/li>\n<li>J\n<ul>\n<li><a title=\"Lettre ouverte aux Juifs d\u2019ici, d\u2019Isra\u00ebl ou d\u2019ailleurs\" href=\"http:\/\/mail.agoratheque.3zcom.com\/?page_id=3580\">Juifs (Lettre ouverte aux)<\/a><\/li>\n<\/ul>\n<\/li>\n<li>L\n<ul>\n<li><a title=\"Lettres ouvertes\" href=\"http:\/\/mail.agoratheque.3zcom.com\/?page_id=2241\">Lettres ouvertes<\/a><\/li>\n<li><a title=\"7.9 La libert\u00e9 reconsid\u00e9r\u00e9e\" href=\"http:\/\/mail.agoratheque.3zcom.com\/?page_id=2740\">libert\u00e9<\/a><\/li>\n<\/ul>\n<\/li>\n<li>M\n<ul>\n<li><a title=\"\u00a7 48 Le probl\u00e8me du mal\" href=\"http:\/\/mail.agoratheque.3zcom.com\/?page_id=1223\">mal (probl\u00e8me du)<\/a><\/li>\n<li><a title=\"Quelques manifestations d\u2019id\u00e9es originales\" href=\"http:\/\/mail.agoratheque.3zcom.com\/?page_id=363\">Manifeste<\/a><\/li>\n<li><a href=\"http:\/\/mail.agoratheque.3zcom.com\/?page_id=5073\">Math\u00e9matiques id\u00e9om\u00e9triques<\/a><\/li>\n<li><a title=\"L\u2019importance de ne pas condamner moralement\" href=\"http:\/\/mail.agoratheque.3zcom.com\/?page_id=748\">morale (condamnation)<\/a><\/li>\n<li><a title=\"Mouvement \u00e9thique d\u2019action sur le monde (M\u00c9AM)\" href=\"http:\/\/mail.agoratheque.3zcom.com\/?page_id=3183\">Mouvement M\u00c9MO<\/a><\/li>\n<\/ul>\n<\/li>\n<li>N\n<ul>\n<li><a title=\"Les nazis\" href=\"http:\/\/mail.agoratheque.3zcom.com\/?page_id=30\">nazis<\/a><\/li>\n<li><a title=\"Le cas du Nig\u00e9ria\" href=\"http:\/\/mail.agoratheque.3zcom.com\/?page_id=631\">Nig\u00e9ria<\/a><\/li>\n<\/ul>\n<\/li>\n<li>O\n<ul>\n<li><a title=\"Un besoin de l\u2019humanit\u00e9\" href=\"http:\/\/mail.agoratheque.3zcom.com\/?page_id=1295\">Ouellet Florian<\/a><\/li>\n<\/ul>\n<\/li>\n<li>P\n<ul>\n<li><a title=\"Lettre ouverte aux femmes et aux hommes politiques\" href=\"http:\/\/mail.agoratheque.3zcom.com\/?page_id=3602\">politiques (Lettre ouverte aux femmes et aux hommes)<\/a><\/li>\n<li><a title=\"1.6 Le potentiel r\u00e9el\" href=\"http:\/\/mail.agoratheque.3zcom.com\/?page_id=1666\">potentiel r\u00e9el<\/a><\/li>\n<li><a title=\"Potentiel transfini\" href=\"http:\/\/mail.agoratheque.3zcom.com\/?page_id=458\">potentiel transfini<\/a><\/li>\n<li><a href=\"http:\/\/mail.agoratheque.3zcom.com\/?page_id=5488\">pr\u00e9dictions id\u00e9om\u00e9triques<\/a><\/li>\n<li><a title=\"Manifeste pour un progressisme mondial et \u00e0 long terme\" href=\"http:\/\/mail.agoratheque.3zcom.com\/?page_id=378\">progressisme<\/a><\/li>\n<li><a title=\"Projet Felix culpa\" href=\"http:\/\/mail.agoratheque.3zcom.com\/?page_id=20\">projet Felix culpa<\/a><\/li>\n<li><a title=\"Un projet d\u2019envergure\" href=\"http:\/\/mail.agoratheque.3zcom.com\/?page_id=1298\">Proven\u00e7al Louise<\/a><\/li>\n<\/ul>\n<\/li>\n<li>Q\n<ul>\n<li><a title=\"La question du Qu\u00e9bec\" href=\"http:\/\/mail.agoratheque.3zcom.com\/?page_id=463\">Qu\u00e9bec (question du)<\/a><\/li>\n<\/ul>\n<\/li>\n<li>R\n<ul>\n<li><a href=\"http:\/\/touteslesnations.yprovencal.profweb.ca\/\" target=\"_self\">R\u00e9f\u00e9rendum mondial pour une Soci\u00e9t\u00e9 de Toutes les Nations<\/a><\/li>\n<li><a title=\"\u00a7 53 L\u2019id\u00e9e de religion radicale\" href=\"http:\/\/mail.agoratheque.3zcom.com\/?page_id=1250\">religion<\/a><\/li>\n<li><a title=\"Le respect de la diff\u00e9rence\" href=\"http:\/\/mail.agoratheque.3zcom.com\/?page_id=3298\">respect de la diff\u00e9rence<\/a><\/li>\n<li><a title=\"Le respect des personnes et des groupes dans leur autonomie\" href=\"http:\/\/mail.agoratheque.3zcom.com\/?page_id=641\">respect (de l&rsquo;autonomie)<\/a><\/li>\n<li><a title=\"Mouvement \u00e9thique d\u2019action sur le monde (M\u00c9AM)\" href=\"http:\/\/mail.agoratheque.3zcom.com\/?page_id=3183\">respect (principes du)<\/a><\/li>\n<li><a title=\"Projet Felix culpa\" href=\"http:\/\/mail.agoratheque.3zcom.com\/?page_id=20\">responsabilisation<\/a><\/li>\n<\/ul>\n<\/li>\n<li><span style=\"line-height: 1.5em;\">S<\/span>\n<ul>\n<li><a title=\"Manifeste pour une science sans s\u00e9paration disciplinaire\" href=\"http:\/\/mail.agoratheque.3zcom.com\/?page_id=382\">science<\/a><\/li>\n<li><a title=\"Singleton\" href=\"http:\/\/mail.agoratheque.3zcom.com\/?page_id=3714\">singleton<\/a><\/li>\n<li><a style=\"line-height: 1.5em;\" href=\"http:\/\/touteslesnations.yprovencal.profweb.ca\/?page_id=11\">Soci\u00e9t\u00e9 de Toutes les Nations (STN)<\/a><\/li>\n<li><a href=\"http:\/\/touteslesnations.yprovencal.profweb.ca\/\" target=\"_self\">souscription (r\u00e9f\u00e9rendum par)<\/a><\/li>\n<li><a title=\"5.6 Les super-ordres de grandeur\" href=\"http:\/\/mail.agoratheque.3zcom.com\/?page_id=2068\">super-ordre de grandeur<\/a><\/li>\n<\/ul>\n<\/li>\n<li>T\n<ul>\n<li><a title=\"Explications suppl\u00e9mentaires : L\u2019usufruit et la nue-propri\u00e9t\u00e9 des territoires\" href=\"http:\/\/mail.agoratheque.3zcom.com\/?page_id=2675\">Territoire (usufruit et nue-propri\u00e9t\u00e9)<\/a><\/li>\n<\/ul>\n<\/li>\n<li>V\n<ul>\n<li><a href=\"http:\/\/mail.agoratheque.3zcom.com\/?page_id=6262\">Violence<\/a><\/li>\n<\/ul>\n<\/li>\n<li>W\n<ul>\n<li><a title=\"5.5 Le paradoxe de Wallace\" href=\"http:\/\/mail.agoratheque.3zcom.com\/?page_id=2044\">Wallace (paradoxe de)<\/a><\/li>\n<\/ul>\n<\/li>\n<\/ul>\n<div class=\"edit-link\"><a class=\"post-edit-link\" href=\"\">modifier<\/a><\/div>","protected":false},"excerpt":{"rendered":"<p>A action adisciplinarit\u00e9 attitude d&rsquo;aide ou de condamnation autonomie C Charte de la Soci\u00e9t\u00e9 de Toutes les Nations (STN) Charte du respect condamnation morale conscience convergence criminalisation culpabilisation culpabilit\u00e9 (th\u00e9ologie) culture morale D d\u00e9culpabilisation d\u00e9mocratie mondiale (ou globale) diabolisation Dieu diff\u00e9rence (respect de&#8230;<\/p>\n","protected":false},"author":1,"featured_media":0,"parent":0,"menu_order":100,"comment_status":"open","ping_status":"open","template":"","meta":[],"tags":[],"_links":{"self":[{"href":"http:\/\/agoratheque.3zcom.com\/index.php?rest_route=\/wp\/v2\/pages\/415"}],"collection":[{"href":"http:\/\/agoratheque.3zcom.com\/index.php?rest_route=\/wp\/v2\/pages"}],"about":[{"href":"http:\/\/agoratheque.3zcom.com\/index.php?rest_route=\/wp\/v2\/types\/page"}],"author":[{"embeddable":true,"href":"http:\/\/agoratheque.3zcom.com\/index.php?rest_route=\/wp\/v2\/users\/1"}],"replies":[{"embeddable":true,"href":"http:\/\/agoratheque.3zcom.com\/index.php?rest_route=%2Fwp%2Fv2%2Fcomments&post=415"}],"version-history":[{"count":80,"href":"http:\/\/agoratheque.3zcom.com\/index.php?rest_route=\/wp\/v2\/pages\/415\/revisions"}],"predecessor-version":[{"id":6345,"href":"http:\/\/agoratheque.3zcom.com\/index.php?rest_route=\/wp\/v2\/pages\/415\/revisions\/6345"}],"wp:attachment":[{"href":"http:\/\/agoratheque.3zcom.com\/index.php?rest_route=%2Fwp%2Fv2%2Fmedia&parent=415"}],"wp:term":[{"taxonomy":"post_tag","embeddable":true,"href":"http:\/\/agoratheque.3zcom.com\/index.php?rest_route=%2Fwp%2Fv2%2Ftags&post=415"}],"curies":[{"name":"wp","href":"https:\/\/api.w.org\/{rel}","templated":true}]}}