{"id":5459,"date":"2016-10-03T09:55:59","date_gmt":"2016-10-03T13:55:59","guid":{"rendered":"http:\/\/mail.agoratheque.3zcom.com\/?page_id=5459"},"modified":"2024-10-08T16:26:49","modified_gmt":"2024-10-08T20:26:49","slug":"revue-dideometrie","status":"publish","type":"page","link":"http:\/\/agoratheque.3zcom.com\/?page_id=5459","title":{"rendered":"Articles d&rsquo;id\u00e9om\u00e9trie"},"content":{"rendered":"<p>Num\u00e9ro 30, \u00e9t\u00e9 2024<\/p>\n<ul>\n<li class=\"page_item page-item-8431\"><a href=\"http:\/\/mail.agoratheque.3zcom.com\/?page_id=8507\">L&rsquo;enfant qui grandit<\/a><\/li>\n<\/ul>\n<p>Num\u00e9ro 29, \u00e9t\u00e9 2024<\/p>\n<ul>\n<li class=\"page_item page-item-8431\"><a href=\"http:\/\/mail.agoratheque.3zcom.com\/?page_id=8431\">La recherche de communication\u00a0: appels\u2026pri\u00e8res\u2026 SETI\u2026<\/a><\/li>\n<\/ul>\n<p>Num\u00e9ro 28, Printemps 2024<\/p>\n<ul>\n<li class=\"page_item page-item-7584\"><a href=\"http:\/\/mail.agoratheque.3zcom.com\/?page_id=8282\">La mise en abyme<\/a><\/li>\n<\/ul>\n<ul>\n<li class=\"page_item page-item-7584\"><a href=\"http:\/\/mail.agoratheque.3zcom.com\/?page_id=8277\">Le hasard pr\u00e9adapt\u00e9<\/a><\/li>\n<\/ul>\n<p>Num\u00e9ro 27, Hiver 2024<\/p>\n<ul>\n<li class=\"page_item page-item-7584\"><a href=\"http:\/\/mail.agoratheque.3zcom.com\/?page_id=8231\">Paradoxes de l&rsquo;\u00e9thique<\/a><\/li>\n<\/ul>\n<ul>\n<li class=\"page_item page-item-7584\"><a href=\"http:\/\/mail.agoratheque.3zcom.com\/?page_id=8182\">Questions interdites<\/a><\/li>\n<\/ul>\n<p>Num\u00e9ro 26, Automne 2023<\/p>\n<ul>\n<li class=\"page_item page-item-7584\"><a href=\"http:\/\/mail.agoratheque.3zcom.com\/?page_id=8145\">Les mots de l&rsquo;enfant<\/a><\/li>\n<\/ul>\n<p>Num\u00e9ro 25, \u00c9t\u00e9 2023<\/p>\n<ul>\n<li class=\"page_item page-item-7584\"><a href=\"http:\/\/mail.agoratheque.3zcom.com\/?page_id=8086\">Histoire et m\u00e9moire<\/a><\/li>\n<li><a href=\"http:\/\/mail.agoratheque.3zcom.com\/?page_id=8038\">Les nombres id\u00e9els<\/a><\/li>\n<\/ul>\n<p>Num\u00e9ro 24, Printemps 2023<\/p>\n<ul>\n<li class=\"page_item page-item-7584\"><a href=\"http:\/\/mail.agoratheque.3zcom.com\/?page_id=7977\">Les monstres<\/a><\/li>\n<\/ul>\n<p>Num\u00e9ro 23, Hiver 2023<\/p>\n<ul>\n<li class=\"page_item page-item-7584\"><a href=\"http:\/\/mail.agoratheque.3zcom.com\/?page_id=7884\">Recherches ludiques VI: La logique des id\u00e9es scientifiques<\/a><\/li>\n<li><a href=\"http:\/\/mail.agoratheque.3zcom.com\/?page_id=7915\">Recherches ludiques VII: Th\u00e9orie du chercheur<\/a><\/li>\n<\/ul>\n<p>Num\u00e9ro 22, Automne 2022<\/p>\n<ul>\n<li class=\"page_item page-item-7584\"><a href=\"http:\/\/mail.agoratheque.3zcom.com\/?page_id=7751\">Recherches ludiques I<\/a><\/li>\n<li><a href=\"http:\/\/mail.agoratheque.3zcom.com\/?page_id=7761\">Recherches ludiques I (suite)<\/a><\/li>\n<li><a href=\"http:\/\/mail.agoratheque.3zcom.com\/?page_id=7850\">Recherches ludiques IV: L&rsquo;enfant contestataire<\/a><\/li>\n<\/ul>\n<p>Num\u00e9ro 21, Automne 2022<\/p>\n<ul>\n<li class=\"page_item page-item-7584\"><a href=\"http:\/\/mail.agoratheque.3zcom.com\/?page_id=7734\">Sur la recherche en id\u00e9om\u00e9trie<\/a><\/li>\n<\/ul>\n<p>Num\u00e9ro 20, \u00c9t\u00e9 2022<\/p>\n<ul>\n<li class=\"page_item page-item-7584\"><a href=\"http:\/\/mail.agoratheque.3zcom.com\/?page_id=7584\">Les rires de l\u2019enfant<\/a><\/li>\n<li class=\"page_item page-item-7598\"><a href=\"http:\/\/mail.agoratheque.3zcom.com\/?page_id=7598\">Les pleurs de l\u2019enfant<\/a><\/li>\n<li class=\"page_item page-item-7630\"><a href=\"http:\/\/mail.agoratheque.3zcom.com\/?page_id=7630\">L\u2019acc\u00e9l\u00e9ration de l\u2019histoire<\/a><\/li>\n<li><a href=\"http:\/\/mail.agoratheque.3zcom.com\/?page_id=7655\">La soci\u00e9t\u00e9 de consommation<\/a><\/li>\n<li><a href=\"http:\/\/mail.agoratheque.3zcom.com\/?page_id=7680\">La question du climat<\/a><\/li>\n<\/ul>\n<p>Num\u00e9ro 19, Printemps 2022<\/p>\n<ul>\n<li><a href=\"http:\/\/mail.agoratheque.3zcom.com\/?page_id=7552\">Le probl\u00e8me de l&rsquo;unification th\u00e9orique<\/a><\/li>\n<\/ul>\n<p>Num\u00e9ro 18, Printemps 2022<\/p>\n<ul>\n<li><a href=\"http:\/\/mail.agoratheque.3zcom.com\/?page_id=7530\">Repenser le cr\u00e9ationnisme et ses suites<\/a><\/li>\n<\/ul>\n<p>Num\u00e9ro 17, Hiver 2022<\/p>\n<ul>\n<li class=\"page_item page-item-7501\"><a href=\"http:\/\/mail.agoratheque.3zcom.com\/?page_id=7501\">Communiquer scientifiquement ou repenser la vulgarisation<\/a><\/li>\n<\/ul>\n<ul>\n<li class=\"page_item page-item-7359\"><a href=\"http:\/\/mail.agoratheque.3zcom.com\/?page_id=7440\">Penser l&rsquo;espace et le temps<\/a><\/li>\n<\/ul>\n<p>Num\u00e9ro 16, Automne 2021<\/p>\n<ul>\n<li class=\"page_item page-item-7359\"><a href=\"http:\/\/mail.agoratheque.3zcom.com\/?page_id=7359\">La conscience globale de l\u2019humanit\u00e9<\/a><\/li>\n<\/ul>\n<p>Num\u00e9ro 15, \u00c9t\u00e9 2021<\/p>\n<ul>\n<li><a href=\"http:\/\/mail.agoratheque.3zcom.com\/?page_id=7304\">Le chant de la m\u00e8re<\/a><\/li>\n<\/ul>\n<p>Num\u00e9ro 14, Printemps 2021<\/p>\n<ul>\n<li><a href=\"http:\/\/mail.agoratheque.3zcom.com\/?page_id=7279\">Le silence incompris du ciel<\/a><\/li>\n<li><\/li>\n<\/ul>\n<p>Num\u00e9ro 13, Hiver 2021<\/p>\n<ul>\n<li><a href=\"http:\/\/mail.agoratheque.3zcom.com\/?page_id=7169\">La conscience en progr\u00e8s de l&rsquo;enfant<\/a><\/li>\n<\/ul>\n<p>Num\u00e9ro 12, Automne 2020<\/p>\n<ul>\n<li><a href=\"http:\/\/mail.agoratheque.3zcom.com\/?page_id=7144\">Aper\u00e7us d&#8217;embryo-psychologie<\/a><\/li>\n<li><a href=\"http:\/\/mail.agoratheque.3zcom.com\/?page_id=7114\">Aper\u00e7us d\u2019id\u00e9omath\u00e9matiques<\/a><\/li>\n<li><a href=\"http:\/\/mail.agoratheque.3zcom.com\/?page_id=7049\">I- L\u2019acc\u00e8s \u00e0 la conscience de l\u2019enfant<\/a><\/li>\n<li class=\"page_item page-item-7062\"><a href=\"http:\/\/mail.agoratheque.3zcom.com\/?page_id=7062\">II- Le go\u00fbt et la statistique<\/a><\/li>\n<li class=\"page_item page-item-7070\"><a href=\"http:\/\/mail.agoratheque.3zcom.com\/?page_id=7070\">III-\u00a0 Intelligence humaine et intelligence artificielle<\/a><\/li>\n<li class=\"page_item page-item-7078\"><a href=\"http:\/\/mail.agoratheque.3zcom.com\/?page_id=7078\">IV-\u00a0\u00a0\u00a0\u00a0 L\u2019inspiration des chercheurs<\/a><\/li>\n<li class=\"page_item page-item-7090\"><a href=\"http:\/\/mail.agoratheque.3zcom.com\/?page_id=7090\">V-\u00a0\u00a0\u00a0\u00a0\u00a0 La vulgarisation pour tous<\/a><\/li>\n<li class=\"page_item page-item-7101\"><a href=\"http:\/\/mail.agoratheque.3zcom.com\/?page_id=7101\">VI-\u00a0\u00a0\u00a0 Aper\u00e7u de la pens\u00e9e dans et par une autre sorte de langage<\/a><\/li>\n<\/ul>\n<p>Num\u00e9ro 11, Printemps 2020<\/p>\n<ul>\n<li><a href=\"http:\/\/mail.agoratheque.3zcom.com\/?page_id=6906\">Y a-t-il quelqu&rsquo;un l\u00e0-haut? Une (belle) r\u00e9ponse originale \u00e0 une vieille question<\/a><\/li>\n<\/ul>\n<p>Num\u00e9ro 10, Hiver 2020<\/p>\n<ul>\n<li><a href=\"http:\/\/mail.agoratheque.3zcom.com\/?page_id=6865\">Temps et m\u00e9tamorphose<\/a><\/li>\n<\/ul>\n<p>Num\u00e9ro 9, Automne 2019<\/p>\n<ul>\n<li><a href=\"http:\/\/mail.agoratheque.3zcom.com\/?page_id=6749\">La pens\u00e9e r\u00e9f\u00e9rentielle. La mystique diffuse<\/a><\/li>\n<li><a href=\"http:\/\/mail.agoratheque.3zcom.com\/?page_id=6786\">La pens\u00e9e r\u00e9f\u00e9rentielle. L\u2019enfant mystique<\/a><\/li>\n<\/ul>\n<p>Num\u00e9ro 8, Hiver 2019<\/p>\n<ul>\n<li><a href=\"http:\/\/mail.agoratheque.3zcom.com\/?page_id=6262\">Pr\u00e9cisions sur le Projet Respect: autonomie, environnement, violence&#8230;<\/a><\/li>\n<\/ul>\n<p>Num\u00e9ro 7, Automne 2018<\/p>\n<ul>\n<li><a href=\"http:\/\/mail.agoratheque.3zcom.com\/?page_id=6229\">L&rsquo;\u00e9thique \u00e9valuative<\/a><\/li>\n<\/ul>\n<p>Num\u00e9ro 6, \u00c9t\u00e9 2018<\/p>\n<ul>\n<li><a href=\"http:\/\/mail.agoratheque.3zcom.com\/?page_id=6124\">Annexe sur l&rsquo;id\u00e9om\u00e9trie en tant que premier savoir<\/a><\/li>\n<li><a href=\"http:\/\/mail.agoratheque.3zcom.com\/?page_id=6177\">Nos crimes ordinaires<\/a><\/li>\n<\/ul>\n<p>Num\u00e9ro 5, Printemps 2018<\/p>\n<ul>\n<li><a href=\"http:\/\/mail.agoratheque.3zcom.com\/?page_id=6041\">D&rsquo;o\u00f9 venons-nous?&#8230;<\/a><\/li>\n<li><a href=\"http:\/\/mail.agoratheque.3zcom.com\/?page_id=6093\">Quel effet cela fait-il d&rsquo;\u00eatre id\u00e9om\u00e8tre?<\/a><\/li>\n<\/ul>\n<p>Num\u00e9ro 4, Hiver 2018<\/p>\n<ul>\n<li class=\"page_item page-item-5073\"><a href=\"http:\/\/mail.agoratheque.3zcom.com\/?page_id=6028\">La Grande convergence<\/a><\/li>\n<\/ul>\n<p>Num\u00e9ro 3, Automne 2017<\/p>\n<ul>\n<li class=\"page_item page-item-5073\"><a href=\"http:\/\/mail.agoratheque.3zcom.com\/?page_id=5955\">La vie r\u00e9f\u00e9rentielle<\/a><\/li>\n<\/ul>\n<p>Num\u00e9ro 2, Printemps 2017<\/p>\n<ul>\n<li class=\"page_item page-item-5073\"><a href=\"http:\/\/mail.agoratheque.3zcom.com\/?page_id=5488\">Pr\u00e9dictions id\u00e9om\u00e9triques<\/a><\/li>\n<li class=\"page_item page-item-5073\"><a href=\"http:\/\/mail.agoratheque.3zcom.com\/?page_id=5839\">D\u00e9it\u00e9s \u00e9tranges et famili\u00e8res<\/a><\/li>\n<li class=\"page_item page-item-5073\"><a href=\"http:\/\/mail.agoratheque.3zcom.com\/?page_id=5885\">La conscience<\/a><\/li>\n<\/ul>\n<p>Num\u00e9ro 1, Automne 2016<\/p>\n<ul>\n<li class=\"page_item page-item-5073\"><a href=\"http:\/\/mail.agoratheque.3zcom.com\/?page_id=5073\">Introduction aux math\u00e9matiques id\u00e9om\u00e9triques<\/a><\/li>\n<\/ul>\n<p>Rappels:<\/p>\n<ul>\n<li><a title=\"Quelques manifestations d\u2019id\u00e9es originales\" href=\"http:\/\/mail.agoratheque.3zcom.com\/?page_id=363\">Quelques manifestations d&rsquo;id\u00e9es originales<\/a><\/li>\n<li><a title=\"Mouvement \u00e9thique mondial (M\u00c9MO)\" href=\"http:\/\/mail.agoratheque.3zcom.com\/?page_id=3183\">Mouvement \u00e9thique mondial (M\u00e9mo)<\/a><\/li>\n<li><a title=\"SAS Syst\u00e8me d\u2019aide s\u00e9mantique\" href=\"http:\/\/mail.agoratheque.3zcom.com\/?page_id=4663\">IEML et id\u00e9om\u00e9trie: le SAS<\/a><\/li>\n<li><a title=\"Forums remarquables\" href=\"http:\/\/mail.agoratheque.3zcom.com\/?page_id=70\">Forums remarquables<\/a><\/li>\n<\/ul>\n<div class=\"edit-link\"><a class=\"post-edit-link\" href=\"\">modifier<\/a><\/div>","protected":false},"excerpt":{"rendered":"<p>Num\u00e9ro 30, \u00e9t\u00e9 2024 L&rsquo;enfant qui grandit Num\u00e9ro 29, \u00e9t\u00e9 2024 La recherche de communication\u00a0: appels\u2026pri\u00e8res\u2026 SETI\u2026 Num\u00e9ro 28, Printemps 2024 La mise en abyme Le hasard pr\u00e9adapt\u00e9 Num\u00e9ro 27, Hiver 2024 Paradoxes de l&rsquo;\u00e9thique Questions interdites Num\u00e9ro 26, Automne 2023 Les mots&#8230;<\/p>\n","protected":false},"author":1,"featured_media":0,"parent":0,"menu_order":0,"comment_status":"closed","ping_status":"closed","template":"","meta":[],"tags":[],"_links":{"self":[{"href":"http:\/\/agoratheque.3zcom.com\/index.php?rest_route=\/wp\/v2\/pages\/5459"}],"collection":[{"href":"http:\/\/agoratheque.3zcom.com\/index.php?rest_route=\/wp\/v2\/pages"}],"about":[{"href":"http:\/\/agoratheque.3zcom.com\/index.php?rest_route=\/wp\/v2\/types\/page"}],"author":[{"embeddable":true,"href":"http:\/\/agoratheque.3zcom.com\/index.php?rest_route=\/wp\/v2\/users\/1"}],"replies":[{"embeddable":true,"href":"http:\/\/agoratheque.3zcom.com\/index.php?rest_route=%2Fwp%2Fv2%2Fcomments&post=5459"}],"version-history":[{"count":70,"href":"http:\/\/agoratheque.3zcom.com\/index.php?rest_route=\/wp\/v2\/pages\/5459\/revisions"}],"predecessor-version":[{"id":8531,"href":"http:\/\/agoratheque.3zcom.com\/index.php?rest_route=\/wp\/v2\/pages\/5459\/revisions\/8531"}],"wp:attachment":[{"href":"http:\/\/agoratheque.3zcom.com\/index.php?rest_route=%2Fwp%2Fv2%2Fmedia&parent=5459"}],"wp:term":[{"taxonomy":"post_tag","embeddable":true,"href":"http:\/\/agoratheque.3zcom.com\/index.php?rest_route=%2Fwp%2Fv2%2Ftags&post=5459"}],"curies":[{"name":"wp","href":"https:\/\/api.w.org\/{rel}","templated":true}]}}