{"id":5858,"date":"2017-03-31T11:25:52","date_gmt":"2017-03-31T15:25:52","guid":{"rendered":"http:\/\/mail.agoratheque.3zcom.com\/?page_id=5858"},"modified":"2017-03-31T13:12:57","modified_gmt":"2017-03-31T17:12:57","slug":"predictions-ideometriques-2","status":"publish","type":"page","link":"http:\/\/agoratheque.3zcom.com\/?page_id=5858","title":{"rendered":"Pr\u00e9dictions id\u00e9om\u00e9triques dans diff\u00e9rents textes"},"content":{"rendered":"<p><a href=\"http:\/\/mail.agoratheque.3zcom.com\/?page_id=5874\">English version<\/a><\/p>\n<p><a href=\"http:\/\/mail.agoratheque.3zcom.com\/?page_id=5488\">Pr\u00e9dictions id\u00e9om\u00e9triques<\/a>\u00a0(18 f\u00e9vrier 2017)<\/p>\n<p><a href=\"http:\/\/mail.agoratheque.3zcom.com\/?page_id=5839\">D\u00e9it\u00e9s \u00e9tranges et famili\u00e8res<\/a><\/p>\n<div class=\"edit-link\"><a class=\"post-edit-link\" href=\"\">modifier<\/a><\/div>","protected":false},"excerpt":{"rendered":"<p>English version Pr\u00e9dictions id\u00e9om\u00e9triques\u00a0(18 f\u00e9vrier 2017) D\u00e9it\u00e9s \u00e9tranges et famili\u00e8res modifier<\/p>\n","protected":false},"author":1,"featured_media":0,"parent":0,"menu_order":0,"comment_status":"closed","ping_status":"closed","template":"","meta":[],"tags":[],"_links":{"self":[{"href":"http:\/\/agoratheque.3zcom.com\/index.php?rest_route=\/wp\/v2\/pages\/5858"}],"collection":[{"href":"http:\/\/agoratheque.3zcom.com\/index.php?rest_route=\/wp\/v2\/pages"}],"about":[{"href":"http:\/\/agoratheque.3zcom.com\/index.php?rest_route=\/wp\/v2\/types\/page"}],"author":[{"embeddable":true,"href":"http:\/\/agoratheque.3zcom.com\/index.php?rest_route=\/wp\/v2\/users\/1"}],"replies":[{"embeddable":true,"href":"http:\/\/agoratheque.3zcom.com\/index.php?rest_route=%2Fwp%2Fv2%2Fcomments&post=5858"}],"version-history":[{"count":4,"href":"http:\/\/agoratheque.3zcom.com\/index.php?rest_route=\/wp\/v2\/pages\/5858\/revisions"}],"predecessor-version":[{"id":5880,"href":"http:\/\/agoratheque.3zcom.com\/index.php?rest_route=\/wp\/v2\/pages\/5858\/revisions\/5880"}],"wp:attachment":[{"href":"http:\/\/agoratheque.3zcom.com\/index.php?rest_route=%2Fwp%2Fv2%2Fmedia&parent=5858"}],"wp:term":[{"taxonomy":"post_tag","embeddable":true,"href":"http:\/\/agoratheque.3zcom.com\/index.php?rest_route=%2Fwp%2Fv2%2Ftags&post=5858"}],"curies":[{"name":"wp","href":"https:\/\/api.w.org\/{rel}","templated":true}]}}