{"id":636,"date":"2011-06-28T13:53:45","date_gmt":"2011-06-28T17:53:45","guid":{"rendered":"http:\/\/agoratheque.yprovencal.ep.profweb.qc.ca\/?page_id=636"},"modified":"2011-06-30T14:52:18","modified_gmt":"2011-06-30T18:52:18","slug":"remarque-sur-la-notion-dethnie","status":"publish","type":"page","link":"http:\/\/agoratheque.3zcom.com\/?page_id=636","title":{"rendered":"Remarque sur la notion d&rsquo;ethnie"},"content":{"rendered":"<p>Le vocable d\u2019ethnie poss\u00e8de, au sein des sciences sociales, un statut tr\u00e8s particulier. Ainsi, le chercheur J.-L. Amselle d\u00e9crit la situation en ces termes\u00a0: \u00ab\u00a0Alors que la d\u00e9finition de l\u2019ethnie \u00e9tudi\u00e9e devrait constituer l\u2019interrogation \u00e9pist\u00e9mologique fondamentale de toute \u00e9tude monographique et qu\u2019en un sens tous les autres aspects devraient en d\u00e9couler, on s\u2019aper\u00e7oit qu\u2019il existe souvent un hiatus entre un chapitre liminaire, qui, pour peu qu\u2019on s\u2019y attarde, montre le flou relatif de l\u2019objet, et le reste de l\u2019ouvrage, o\u00f9 les consid\u00e9rations sur l\u2019organisation parentale et la structure religieuse font preuve de la plus belle assurance.\u00a0[\u2026] Hormis la proximit\u00e9 de la notion d\u2019ethnie avec celle de \u00ab\u00a0race\u00a0\u00bb, on voit combien <span style=\"text-decoration: underline;\">sa d\u00e9finition est entach\u00e9e d\u2019ethnocentrisme et<\/span> combien elle est <span style=\"text-decoration: underline;\">tributaire de l\u2019\u00c9tat-nation \u00e0 caract\u00e8re territorial<\/span> [je souligne], d\u2019un \u00c9tat au rabais. Distinguer en abaissant \u00e9tait bien la pr\u00e9occupation de la pens\u00e9e coloniale. [\u2026] un d\u00e9bat souterrain n\u2019a cess\u00e9 d\u2019agiter la sociologie et l\u2019anthropologie sur cette question\u2026<a id=\"ref-1\" href=\"#note-1\"><sup>1<\/sup><\/a>\u00a0\u00bb<\/p>\n<p>Une telle situation paradoxale s\u2019\u00e9claire lorsqu\u2019on fait intervenir le concept de culture morale. D\u2019une part, on peut expliquer le flou de la notion d\u2019ethnie par le fait qu\u2019on a tent\u00e9 en vain de la d\u00e9finir au moyen de traits qualitatifs tels que la race, la langue, certaines coutumes ou certains traits d\u2019organisation sociale. D\u2019autre part, la situation d\u2019irrespect entre les cultures morales rend assez bien compte de l\u2019ethnocentrisme dont fait \u00e9tat Amselle, lequel n\u2019est qu\u2019une des versions multiples de l\u2019\u00e9thocentrisme.<\/p>\n<div>\n<div id=\"ftn1\">\n<p><a id=\"note-1\" href=\"#ref-1\">1<\/a> Jean-Loup Amselle, \u00ab\u00a0Ethnie\u00a0\u00bb, <em>Encyclopaedia Universalis<\/em> en ligne, le 23 septembre 2009. Jean-Loup Amselle est directeur d\u2019\u00e9tudes \u00e0 l\u2019\u00c9cole pratique des hautes \u00e9tudes en sciences sociales. <a id=\"note-1\" href=\"#ref-1\">1<\/a><\/p>\n<\/div>\n<\/div>\n<div class=\"edit-link\"><a class=\"post-edit-link\" href=\"\">modifier<\/a><\/div>","protected":false},"excerpt":{"rendered":"<p>Le vocable d\u2019ethnie poss\u00e8de, au sein des sciences sociales, un statut tr\u00e8s particulier. Ainsi, le chercheur J.-L. Amselle d\u00e9crit la situation en ces termes\u00a0: \u00ab\u00a0Alors que la d\u00e9finition de l\u2019ethnie \u00e9tudi\u00e9e devrait constituer l\u2019interrogation \u00e9pist\u00e9mologique fondamentale de toute \u00e9tude monographique et qu\u2019en un&#8230;<\/p>\n","protected":false},"author":1,"featured_media":0,"parent":631,"menu_order":0,"comment_status":"open","ping_status":"open","template":"","meta":[],"tags":[],"_links":{"self":[{"href":"http:\/\/agoratheque.3zcom.com\/index.php?rest_route=\/wp\/v2\/pages\/636"}],"collection":[{"href":"http:\/\/agoratheque.3zcom.com\/index.php?rest_route=\/wp\/v2\/pages"}],"about":[{"href":"http:\/\/agoratheque.3zcom.com\/index.php?rest_route=\/wp\/v2\/types\/page"}],"author":[{"embeddable":true,"href":"http:\/\/agoratheque.3zcom.com\/index.php?rest_route=\/wp\/v2\/users\/1"}],"replies":[{"embeddable":true,"href":"http:\/\/agoratheque.3zcom.com\/index.php?rest_route=%2Fwp%2Fv2%2Fcomments&post=636"}],"version-history":[{"count":4,"href":"http:\/\/agoratheque.3zcom.com\/index.php?rest_route=\/wp\/v2\/pages\/636\/revisions"}],"predecessor-version":[{"id":638,"href":"http:\/\/agoratheque.3zcom.com\/index.php?rest_route=\/wp\/v2\/pages\/636\/revisions\/638"}],"up":[{"embeddable":true,"href":"http:\/\/agoratheque.3zcom.com\/index.php?rest_route=\/wp\/v2\/pages\/631"}],"wp:attachment":[{"href":"http:\/\/agoratheque.3zcom.com\/index.php?rest_route=%2Fwp%2Fv2%2Fmedia&parent=636"}],"wp:term":[{"taxonomy":"post_tag","embeddable":true,"href":"http:\/\/agoratheque.3zcom.com\/index.php?rest_route=%2Fwp%2Fv2%2Ftags&post=636"}],"curies":[{"name":"wp","href":"https:\/\/api.w.org\/{rel}","templated":true}]}}