{"id":670,"date":"2011-06-29T08:55:47","date_gmt":"2011-06-29T12:55:47","guid":{"rendered":"http:\/\/agoratheque.yprovencal.ep.profweb.qc.ca\/?page_id=670"},"modified":"2016-06-01T13:01:10","modified_gmt":"2016-06-01T17:01:10","slug":"lattitude-de-condamnation","status":"publish","type":"page","link":"http:\/\/agoratheque.3zcom.com\/?page_id=670","title":{"rendered":"L&rsquo;attitude de condamnation"},"content":{"rendered":"<div class=\"PageContent\">\n<h1 style=\"text-indent: 35.4pt; background: #ffffee; margin-left: 0cm;\"><span style=\"font-family: 'Times New Roman','serif'; font-size: 12pt;\">L\u2019attitude de condamnation est courante dans les soci\u00e9t\u00e9s modernes. Elle se manifeste de bien des fa\u00e7ons. Un cas r\u00e9pandu consiste \u00e0 juger une personne d\u2019apr\u00e8s son appartenance \u00e0 un groupe rival. Les cas les plus fr\u00e9quents ne sont plus ceux qui consistaient \u00e0 m\u00e9juger les juifs, les noirs ou les homosexuels. L\u00e0-dessus il faut reconna\u00eetre qu\u2019il y a eu une certaine \u00e9volution positive des m\u0153urs, du moins dans bon nombre de soci\u00e9t\u00e9s d\u00e9mocratiques. L\u2019attitude de condamnation ne se r\u00e9duit toutefois pas \u00e0 la discrimination. Elle est beaucoup plus g\u00e9n\u00e9rale. On la retrouve d\u00e8s qu\u2019un ou plusieurs membres d\u2019une soci\u00e9t\u00e9 d\u00e9crivent et jugent dans un esprit de condamnation la soci\u00e9t\u00e9 ou certains groupes sociaux \u00e0 l\u2019int\u00e9rieur de la soci\u00e9t\u00e9. Ses manifestations les plus \u00e9videntes de nos jours concernent les m\u0153urs politiques. Dans toutes les d\u00e9mocraties, des partis politiques s\u2019affrontent en d\u00e9montrant l\u2019attitude de condamnation de fa\u00e7on \u00e9gale et r\u00e9ciproque, aussi bien dans les partis r\u00e9put\u00e9s progressistes que dans les partis dits conservateurs. Ce sch\u00e8me est clairement reconnaissable, par exemple,\u00a0dans le cas de l\u2019opposition des d\u00e9mocrates et des r\u00e9publicains aux \u00c9tats-Unis.<\/span><\/p>\n<p><span style=\"font-family: 'Times New Roman','serif'; font-size: 12pt;\">\u00a0\u00a0\u00a0\u00a0\u00a0\u00a0\u00a0\u00a0\u00a0\u00a0\u00a0\u00a0\u00a0\u00a0\u00a0\u00a0\u00a0\u00a0\u00a0\u00a0\u00a0\u00a0\u00a0 <em>Les enseignements m\u00e9connus de la psychologie sociale<\/em><\/span><\/p>\n<p><span style=\"font-family: 'Times New Roman','serif'; font-size: 12pt;\">D\u2019apr\u00e8s les recherches\u00a0en psychologie sociale, l\u2019individu tend \u00e0 voir comme \u00ab\u00a0positif\u00a0\u00bb son groupe d&rsquo;appartenance,\u00a0c&rsquo;est-\u00e0-dire qu&rsquo;il tend \u00e0 le voir comme\u00a0\u00ab\u00a0bon\u00a0\u00bb, \u00ab\u00a0heureux\u00a0\u00bb ou \u00ab\u00a0b\u00e9n\u00e9fique\u00a0\u00bb. On a d\u00e9couvert \u00e9galement que le sentiment d\u2019appartenance peut susciter une <em>d\u00e9rive identitaire<\/em> consistant \u00e0 adopter une attitude d\u2019indiff\u00e9rence ou d\u2019hostilit\u00e9 envers les autres groupes <a id=\"ref-1\" href=\"#note-1\"><sup>1<\/sup><\/a>. <\/span><\/p>\n<p><span style=\"font-family: 'Times New Roman','serif'; font-size: 12pt;\">Il y a ici, toutefois, encore un flou entre identit\u00e9 qualitative (valeurs, normes, etc.) et <em><a title=\"La diff\u00e9rence num\u00e9rique des groupes\" href=\"http:\/\/mail.agoratheque.3zcom.com\/?page_id=655\">identit\u00e9 num\u00e9rique<\/a><\/em> de groupe, celle selon laquelle le groupe se d\u00e9veloppe et peut\u00a0transformer librement ses moeurs ou ses lois, etc. C\u2019est la raison pour laquelle le concept d\u2019\u00e9thocentrisme manque encore lourdement \u00e0 la critique moderne des attitudes d&rsquo;exclusion. <\/span><span style=\"font-family: 'Times New Roman','serif'; font-size: 12pt;\">Les individus tendent \u00e9galement et surtout \u00e0 consid\u00e9rer seulement leur propre groupe comme l\u00e9gitime, honn\u00eate et authentiquement humain. <\/span><\/p>\n<p><span style=\"font-family: 'Times New Roman','serif'; font-size: 12pt;\">Il semble possible d\u2019interpr\u00e9ter les lacunes conceptuelles de la psychologie sociale telle qu\u2019elle s\u2019est d\u00e9velopp\u00e9e jusqu\u2019\u00e0 pr\u00e9sent\u00a0en terme d\u2019<em>\u00e9thocentrisme disciplinaire<\/em>. Pour que cette discipline fasse librement de ce concept un objet d\u2019\u00e9tude, il faudrait qu\u2019elle cesse d\u2019\u00eatre une simple discipline sp\u00e9cialis\u00e9e et qu\u2019elle puisse s\u2019observer elle-m\u00eame. <\/span><span style=\"font-family: 'Times New Roman','serif'; font-size: 12pt;\">En revanche,\u00a0il semble que\u00a0le m\u00eame type d\u2019\u00e9thocentrisme disciplinaire dans les autres disciplines\u00a0explique pourquoi les d\u00e9couvertes de la psychologie sociale restent relativement m\u00e9connues des autres chercheurs. <\/span><span style=\"font-family: 'Times New Roman','serif'; font-size: 12pt;\">Ici, nous consid\u00e9rerons\u00a0l<\/span><span style=\"font-family: 'Times New Roman','serif'; font-size: 12pt;\">\u2019irrespect entre les groupes comme un fait constatable d\u2019apr\u00e8s une conceptualisation <em><a title=\"Manifeste pour une science sans s\u00e9paration disciplinaire\" href=\"http:\/\/mail.agoratheque.3zcom.com\/?page_id=382\">adisciplinaire<\/a> <\/em>f\u00e9conde en rapports explicatifs. <\/span><\/p>\n<p><span style=\"font-family: 'Times New Roman','serif'; font-size: 12pt;\">Lorsqu\u2019on fait montre de l\u2019attitude de condamnation, on ne se contente pas de critiquer de fa\u00e7on \u00e0 corriger des erreurs, mais on accuse la partie adverse, parti politique ou groupe social, de malhonn\u00eatet\u00e9. Par exemple, il est fr\u00e9quent que, tout en affectant d\u2019\u00eatre franc et honn\u00eate, on condamne assez g\u00e9n\u00e9ralement et de part et d\u2019autre la mauvaise foi des t\u00e9nors du parti adverse. On\u00a0acceptera peut-\u00eatre cette fa\u00e7on de faire en expliquant qu\u2019en politique, \u00ab\u00a0c\u2019est comme cela\u00a0\u00bb et qu\u2019\u00a0\u00ab\u00a0il faut jouer le jeu\u00a0\u00bb si on veut avoir quelque chance de battre l\u2019adversaire et de gagner les \u00e9lections.\u00a0<\/span><\/p>\n<p><span style=\"font-family: 'Times New Roman','serif'; font-size: 12pt;\">Il est \u00e9vident qu\u2019une critique constructive consisterait plut\u00f4t, par exemple, \u00e0 chercher d\u00e9lib\u00e9r\u00e9ment \u00e0 discuter sans chercher \u00e0 nuire \u00e0 l\u2019autre parti, sans attaquer ce qu\u2019il d\u00e9fend ni d\u00e9nigrer son image. Et, si ce qu\u2019il d\u00e9fend est franchement faux, alors il faut amener les gens de l\u2019autre parti, et tous ceux qui pensent comme eux ou seraient pr\u00eats \u00e0 les appuyer, comme des humains capables d\u2019apprendre et de corriger leurs erreurs. Certes, il importe de faire la critique s\u00e9v\u00e8re des erreurs graves qui donnent lieu \u00e0 l\u2019intol\u00e9rance ou \u00e0 la criminalisation, voire la diabolisation. Cependant cette critique devrait toujours \u00eatre faite dans le but d\u2019aider l\u2019autre de fa\u00e7on qu\u2019il en arrive lui-m\u00eame \u00e0 comprendre pourquoi ses croyances ou ses convictions sont fausses et contraires au respect.<\/span><\/p>\n<p><span style=\"font-family: 'Times New Roman','serif'; font-size: 12pt;\">La critique de condamnation semble avoir pour fonction de r\u00e9cup\u00e9rer ceux des citoyens qui condamnent la soci\u00e9t\u00e9 ou un sous-groupe de cette soci\u00e9t\u00e9. Un effet de \u00ab\u00a0raccordement\u00a0\u00bb se produit qui consiste \u00e0 rallier m\u00eame certains des dissidents qui condamnent\u00a0la soci\u00e9t\u00e9 pour des raisons particuli\u00e8res, propres \u00e0 leur culture morale. En bref, l\u2019attitude de condamnation repr\u00e9sente un m\u00e9canisme social de r\u00e9cup\u00e9ration de la dissidence \u00e0 l\u2019int\u00e9rieur d\u2019une soci\u00e9t\u00e9 moderne complexe <a id=\"ref-2\" href=\"#note-2\"><sup>2<\/sup><\/a>. \u00a0\u00a0\u00a0\u00a0\u00a0\u00a0\u00a0\u00a0\u00a0\u00a0\u00a0\u00a0\u00a0\u00a0\u00a0\u00a0\u00a0\u00a0\u00a0\u00a0\u00a0 \u00a0\u00a0\u00a0\u00a0\u00a0\u00a0\u00a0\u00a0\u00a0\u00a0\u00a0\u00a0\u00a0\u00a0\u00a0\u00a0\u00a0\u00a0\u00a0\u00a0\u00a0\u00a0\u00a0 <\/span><\/p>\n<p><span style=\"font-family: 'Times New Roman','serif'; font-size: 12pt;\">Il faudrait nous en tenir \u00e0 une critique sans condamnation morale. S\u2019il s\u2019agit d\u2019actions violentes, il nous faudrait les critiquer sans parti pris contre l\u2019un ou l\u2019autre des groupes en pr\u00e9sence. Il faut critiquer la violence chez l\u2019humain non comme s\u2019il s\u2019agit de crimes, mais plut\u00f4t d\u2019erreurs, de mauvais jugement, voire d\u2019attitude fanatique, laquelle n\u2019est qu\u2019une forme particuli\u00e8rement nocive de na\u00efvet\u00e9, non de malignit\u00e9 ou de diabolicit\u00e9. Ce sont les bases d\u2019un programme pour l\u2019avenir <a id=\"ref-3\" href=\"#note-3\"><sup>3<\/sup><\/a>. Il est \u00e9vident qu\u2019un important travail de sensibilisation aux enjeux \u00e9thiques et politiques du respect reste \u00e0 faire, en commen\u00e7ant par les observateurs de la sc\u00e8ne politique, notamment les journalistes, puis les hommes et les femmes politiques. <\/span><\/p>\n<p><span style=\"font-family: 'Times New Roman','serif'; font-size: 12pt;\">\u2022\u00a0<em><a title=\"Tableau comparatif des attitudes de coop\u00e9ration et de condamnation\" href=\"http:\/\/mail.agoratheque.3zcom.com\/?page_id=679\">Tableau comparatif des attitudes de coop\u00e9ration et de condamnation<\/a><\/em><\/span><\/h1>\n<hr size=\"1\" \/>\n<h1><a id=\"note-1\" href=\"#ref-1\">1<\/a> Voir \u00ab\u00a0La th\u00e9orie de l\u2019identit\u00e9 sociale\u00a0\u00bb d&rsquo;apr\u00e8s Tajfel, H. &amp; Turner J.C.<em>, The social identity of intergroup behaviour in S. Worchel &amp; W.G. Austin (Eds), Psychology of intergroup relations, <\/em>Nelson-Hall, 1986. <a id=\"note-1\" href=\"#ref-1\">1<\/a><\/h1>\n<div>\n<h1><a id=\"note-2\" href=\"#ref-2\">2<\/a> <span style=\"font-size: 10pt;\">Cette critique de l\u2019attitude de condamnation m\u2019a \u00e9t\u00e9 sugg\u00e9r\u00e9e en partie par l\u2019attitude des f\u00e9ministes envers les femmes en g\u00e9n\u00e9ral. En g\u00e9n\u00e9ral, elles pr\u00e9f\u00e8rent ne condamner aucune femme, y compris lorsque celle-ci se trouve dans l\u2019erreur.<\/span> <span style=\"font-size: 10pt;\">\u00a0\u00a0Le discours f\u00e9ministe est puissamment \u00e9thocentrique lorsqu\u2019il s\u2019en prend aux \u00ab\u00a0hommes\u00a0\u00bb\u00a0sans distinction\u00a0; il touche alors beaucoup de femmes. Les f\u00e9ministes ont critiqu\u00e9 de fa\u00e7on pertinente le marxisme et la lutte des classes. On peut \u00e0 cet \u00e9gard rappeler la phrase de Flora Tristan\u00a0(1803-1844)\u00a0: \u00ab\u00a0L\u2019homme le plus opprim\u00e9 peut opprimer un \u00eatre qui est sa femme\u00a0; elle est le prol\u00e9taire du prol\u00e9taire\u00a0\u00bb.<\/span>\u00a0<a id=\"note-2\" href=\"#ref-2\">2<\/a><\/h1>\n<div id=\"ftn3\">\n<h1><a id=\"note-3\" href=\"#ref-3\">3<\/a> Le lecteur int\u00e9ress\u00e9 devrait prendre connaissance des chapitres 5, 6 et 7 de <em><a title=\"La diabolisation\" href=\"http:\/\/mail.agoratheque.3zcom.com\/?page_id=148\">La diabolisation<\/a><\/em>. <a id=\"note-3\" href=\"#ref-3\">3<\/a><\/h1>\n<\/div>\n<\/div>\n<\/div>\n<div class=\"edit-link\"><a class=\"post-edit-link\" href=\"\">modifier<\/a><\/div>","protected":false},"excerpt":{"rendered":"<p>L\u2019attitude de condamnation est courante dans les soci\u00e9t\u00e9s modernes. Elle se manifeste de bien des fa\u00e7ons. Un cas r\u00e9pandu consiste \u00e0 juger une personne d\u2019apr\u00e8s son appartenance \u00e0 un groupe rival. Les cas les plus fr\u00e9quents ne sont plus ceux qui consistaient \u00e0&#8230;<\/p>\n","protected":false},"author":1,"featured_media":0,"parent":666,"menu_order":0,"comment_status":"open","ping_status":"open","template":"","meta":[],"tags":[],"_links":{"self":[{"href":"http:\/\/agoratheque.3zcom.com\/index.php?rest_route=\/wp\/v2\/pages\/670"}],"collection":[{"href":"http:\/\/agoratheque.3zcom.com\/index.php?rest_route=\/wp\/v2\/pages"}],"about":[{"href":"http:\/\/agoratheque.3zcom.com\/index.php?rest_route=\/wp\/v2\/types\/page"}],"author":[{"embeddable":true,"href":"http:\/\/agoratheque.3zcom.com\/index.php?rest_route=\/wp\/v2\/users\/1"}],"replies":[{"embeddable":true,"href":"http:\/\/agoratheque.3zcom.com\/index.php?rest_route=%2Fwp%2Fv2%2Fcomments&post=670"}],"version-history":[{"count":12,"href":"http:\/\/agoratheque.3zcom.com\/index.php?rest_route=\/wp\/v2\/pages\/670\/revisions"}],"predecessor-version":[{"id":672,"href":"http:\/\/agoratheque.3zcom.com\/index.php?rest_route=\/wp\/v2\/pages\/670\/revisions\/672"}],"up":[{"embeddable":true,"href":"http:\/\/agoratheque.3zcom.com\/index.php?rest_route=\/wp\/v2\/pages\/666"}],"wp:attachment":[{"href":"http:\/\/agoratheque.3zcom.com\/index.php?rest_route=%2Fwp%2Fv2%2Fmedia&parent=670"}],"wp:term":[{"taxonomy":"post_tag","embeddable":true,"href":"http:\/\/agoratheque.3zcom.com\/index.php?rest_route=%2Fwp%2Fv2%2Ftags&post=670"}],"curies":[{"name":"wp","href":"https:\/\/api.w.org\/{rel}","templated":true}]}}