{"id":723,"date":"2011-06-29T17:36:26","date_gmt":"2011-06-29T21:36:26","guid":{"rendered":"http:\/\/agoratheque.yprovencal.ep.profweb.qc.ca\/?page_id=723"},"modified":"2011-06-29T17:38:28","modified_gmt":"2011-06-29T21:38:28","slug":"les-prises-de-position-problematiques-des-scientifiques","status":"publish","type":"page","link":"http:\/\/agoratheque.3zcom.com\/?page_id=723","title":{"rendered":"Les prises de position probl\u00e9matiques des scientifiques"},"content":{"rendered":"<p>Les prises de position des scientifiques sont elles-m\u00eames probl\u00e9matiques. Par exemple, les recommandations faites par le Groupe d\u2019experts intergouvernemental sur l\u2019\u00e9volution du climat\u00a0(GIEC)\u00a0ne sont pas \u00e0 l\u2019abri de la critique. C\u2019est \u00e0 la demande du G7 que ce groupe a \u00e9t\u00e9 form\u00e9 par des organismes de l\u2019ONU. Certains des experts mandat\u00e9s ont critiqu\u00e9 les conclusions du rapport en mettant en cause la cr\u00e9dibilit\u00e9 scientifique du GIEC \u00e9tant donn\u00e9 les soubassements politiques des motivations de membres du Groupe <a id=\"ref-1\" href=\"#note-1\"><sup>1<\/sup><\/a>. Et, de toutes fa\u00e7ons, les conclusions d\u2019un rapport fait de fa\u00e7on objective ne pouvaient que refl\u00e9ter les incertitudes des scientifiques en ce qui concerne des sujets aussi complexes et, en tout \u00e9tat de cause, ce genre de rapport rel\u00e8ve a priori de pr\u00e9occupations humaines dans lesquelles les consid\u00e9rations politiques ne pouvaient \u00eatre absentes. Tout cela fausse le jeu de la discussion rationnelle et d\u00e9mocratique.\u00a0<\/p>\n<div>\n<div id=\"ftn1\">\n<p><a id=\"note-1\" href=\"#ref-1\">1<\/a> Cf. Christopher W. Landsea, Bruce A. Harper, Karl Hoarau et John A. Knaff, \u00ab\u00a0Can We Detect Trends in Extreme Tropical Cyclones?\u00a0\u00bb, dans\u00a0<em><a title=\"Pour la Science\" href=\"http:\/\/fr.wikipedia.org\/wiki\/Pour_la_Science\">Pour la Science<\/a><\/em>, vol.\u00a0313, n<sup>o<\/sup>\u00a05786, 2006, p.\u00a0452 &#8211; 454. <a id=\"note-1\" href=\"#ref-1\">1<\/a><\/p>\n<\/div>\n<\/div>\n<div class=\"edit-link\"><a class=\"post-edit-link\" href=\"\">modifier<\/a><\/div>","protected":false},"excerpt":{"rendered":"<p>Les prises de position des scientifiques sont elles-m\u00eames probl\u00e9matiques. Par exemple, les recommandations faites par le Groupe d\u2019experts intergouvernemental sur l\u2019\u00e9volution du climat\u00a0(GIEC)\u00a0ne sont pas \u00e0 l\u2019abri de la critique. C\u2019est \u00e0 la demande du G7 que ce groupe a \u00e9t\u00e9 form\u00e9 par&#8230;<\/p>\n","protected":false},"author":1,"featured_media":0,"parent":720,"menu_order":0,"comment_status":"open","ping_status":"open","template":"","meta":[],"tags":[],"_links":{"self":[{"href":"http:\/\/agoratheque.3zcom.com\/index.php?rest_route=\/wp\/v2\/pages\/723"}],"collection":[{"href":"http:\/\/agoratheque.3zcom.com\/index.php?rest_route=\/wp\/v2\/pages"}],"about":[{"href":"http:\/\/agoratheque.3zcom.com\/index.php?rest_route=\/wp\/v2\/types\/page"}],"author":[{"embeddable":true,"href":"http:\/\/agoratheque.3zcom.com\/index.php?rest_route=\/wp\/v2\/users\/1"}],"replies":[{"embeddable":true,"href":"http:\/\/agoratheque.3zcom.com\/index.php?rest_route=%2Fwp%2Fv2%2Fcomments&post=723"}],"version-history":[{"count":3,"href":"http:\/\/agoratheque.3zcom.com\/index.php?rest_route=\/wp\/v2\/pages\/723\/revisions"}],"predecessor-version":[{"id":726,"href":"http:\/\/agoratheque.3zcom.com\/index.php?rest_route=\/wp\/v2\/pages\/723\/revisions\/726"}],"up":[{"embeddable":true,"href":"http:\/\/agoratheque.3zcom.com\/index.php?rest_route=\/wp\/v2\/pages\/720"}],"wp:attachment":[{"href":"http:\/\/agoratheque.3zcom.com\/index.php?rest_route=%2Fwp%2Fv2%2Fmedia&parent=723"}],"wp:term":[{"taxonomy":"post_tag","embeddable":true,"href":"http:\/\/agoratheque.3zcom.com\/index.php?rest_route=%2Fwp%2Fv2%2Ftags&post=723"}],"curies":[{"name":"wp","href":"https:\/\/api.w.org\/{rel}","templated":true}]}}