{"id":731,"date":"2011-06-30T05:43:28","date_gmt":"2011-06-30T09:43:28","guid":{"rendered":"http:\/\/agoratheque.yprovencal.ep.profweb.qc.ca\/?page_id=731"},"modified":"2014-10-03T19:00:44","modified_gmt":"2014-10-03T23:00:44","slug":"l%e2%80%99incapacite-humaine-de-modifier-le-climat-ou-d%e2%80%99attenuer-les-changements-climatiques","status":"publish","type":"page","link":"http:\/\/agoratheque.3zcom.com\/?page_id=731","title":{"rendered":"L\u2019incapacit\u00e9 humaine de modifier le climat ou d\u2019att\u00e9nuer les changements climatiques"},"content":{"rendered":"<div id=\"attachment_4574\" style=\"width: 130px\" class=\"wp-caption alignnone\"><a href=\"http:\/\/mail.agoratheque.3zcom.com\/wp-content\/uploads\/2011\/06\/manifeste-prog-supervolcan-pinatubo.jpg\"><img aria-describedby=\"caption-attachment-4574\" decoding=\"async\" loading=\"lazy\" class=\"size-full wp-image-4574\" src=\"http:\/\/mail.agoratheque.3zcom.com\/wp-content\/uploads\/2011\/06\/manifeste-prog-supervolcan-pinatubo.jpg\" alt=\"L'\u00e9ruption du Pinatubo en 1991L'\u00e9ruptioL'\u00e9ruption du Pinatubo en 1991n du Pinatubo en 1991\" width=\"120\" height=\"120\" \/><\/a><p id=\"caption-attachment-4574\" class=\"wp-caption-text\">L&rsquo;\u00e9ruption du Pinatubo en 1991<\/p><\/div>\n<p>La probl\u00e9matique actuelle comporte en fait plusieurs sortes d\u2019incertitudes. Il y a les incertitudes concernant la compr\u00e9hension scientifique de l\u2019atmosph\u00e8re<a id=\"ref-1\" href=\"#note-1\"><sup>1<\/sup><\/a>. Ensuite, on est dans l\u2019ignorance en ce concerne l\u2019importance de l\u2019influence des activit\u00e9s humaines sur le climat. De ce fait, on ignore si l\u2019humain est vraiment capable techniquement d\u2019att\u00e9nuer le r\u00e9chauffement climatique de m\u00eame que ce qu\u2019il devrait faire pour y parvenir. Sur un autre plan, on n\u2019est pas vraiment en mesure, non plus, de pr\u00e9voir le comportement de l\u2019humain lui-m\u00eame. Aucun mod\u00e8le n\u2019existe l\u00e0-dessus et il manque de situations comparables dans le pass\u00e9 de l\u2019histoire <a id=\"ref-2\" href=\"#note-2\"><sup>2<\/sup><\/a>. Par exemple, on ne peut pr\u00e9voir si les humains arriveront \u00e0 s\u2019entendre entre eux afin d\u2019adopter un programme ou un agenda commun, tant il existe de la m\u00e9fiance et de l\u2019incompr\u00e9hension en ce qui concerne les rapports internationaux et, plus g\u00e9n\u00e9ralement, \u00a0entre groupes, soit entre les tendances ou les partis politiques, entre les nations ou entre les pays d\u00e9velopp\u00e9s et les pays en voie de d\u00e9veloppement.\u00a0Enfin, on n\u2019a pas m\u00eame de crit\u00e8res communs d\u2019ordre \u00e9thique ou politique (ou, pour certains, religieux) qui permettraient d\u2019\u00e9tablir rationnellement quelle serait la <em>meilleure<\/em> voie \u00e0 suivre. Compte tenu de la prolif\u00e9ration possible d\u2019armes de destructions massives, une grande catastrophe due \u00e0 l\u2019intol\u00e9rance ou \u00e0 l\u2019irrespect ne serait-elle pas humainement plus \u00e0 craindre que toute catastrophe environnementale\u00a0?<\/p>\n<p>\u2022 <em><a title=\"Les catastrophes dues \u00e0 l\u2019\u00e9thocentrisme\" href=\"http:\/\/mail.agoratheque.3zcom.com\/?page_id=739\">Les catastrophes dues \u00e0 l\u2019\u00e9thocentrisme<\/a><\/em><\/p>\n<p><a id=\"note-1\" href=\"#ref-1\">1<\/a> On d\u00e9nombre au moins trois sources principales d\u2019incertitude en ce qui concerne les mod\u00e8les informatiques utilis\u00e9s, soit la mod\u00e9lisation des nuages, les ph\u00e9nom\u00e8nes de petite \u00e9chelle (cellules orageuses, effets de relief) et la mod\u00e9lisation de l\u2019interface entre les oc\u00e9ans et l\u2019atmosph\u00e8re. Cf. W. Collins, R. Colman, J. Haywood, M. Manning et Ph. Mote, \u00ab\u00a0R\u00e9chauffement climatique, le temps des certitudes\u00a0\u00bb, dans <em><a title=\"Pour la Science\" href=\"http:\/\/fr.wikipedia.org\/wiki\/Pour_la_Science\">Pour la Science<\/a><\/em>, n<sup>o<\/sup>\u00a0360, octobre 2007, p.\u00a068-75. <a id=\"note-1\" href=\"#ref-1\">1<\/a><\/p>\n<div>\n<div id=\"ftn2\">\n<p><a id=\"note-2\" href=\"#ref-2\">2<\/a> On mentionne parfois le r\u00e9chauffement climatique du haut Moyen \u00c2ge (\u00e9poque carolingienne), qui se serait fait sentir sur une partie du globe dont l\u2019Europe de l\u2019Ouest. Les humains de cette \u00e9poque ont r\u00e9ussi, semble-t-il, \u00e0 s\u2019y adapter harmonieusement. Ils n\u2019avaient certes encore aucune capacit\u00e9 effective d\u2019att\u00e9nuer ce r\u00e9chauffement, \u00e0 supposer qu\u2019ils l\u2019aient souhait\u00e9. <a id=\"note-2\" href=\"#ref-2\">2<\/a><\/p>\n<\/div>\n<\/div>\n<div class=\"edit-link\"><a class=\"post-edit-link\" href=\"\">modifier<\/a><\/div>","protected":false},"excerpt":{"rendered":"<p>La probl\u00e9matique actuelle comporte en fait plusieurs sortes d\u2019incertitudes. Il y a les incertitudes concernant la compr\u00e9hension scientifique de l\u2019atmosph\u00e8re1. Ensuite, on est dans l\u2019ignorance en ce concerne l\u2019importance de l\u2019influence des activit\u00e9s humaines sur le climat. De ce fait, on ignore si&#8230;<\/p>\n","protected":false},"author":1,"featured_media":0,"parent":728,"menu_order":0,"comment_status":"open","ping_status":"open","template":"","meta":[],"tags":[],"_links":{"self":[{"href":"http:\/\/agoratheque.3zcom.com\/index.php?rest_route=\/wp\/v2\/pages\/731"}],"collection":[{"href":"http:\/\/agoratheque.3zcom.com\/index.php?rest_route=\/wp\/v2\/pages"}],"about":[{"href":"http:\/\/agoratheque.3zcom.com\/index.php?rest_route=\/wp\/v2\/types\/page"}],"author":[{"embeddable":true,"href":"http:\/\/agoratheque.3zcom.com\/index.php?rest_route=\/wp\/v2\/users\/1"}],"replies":[{"embeddable":true,"href":"http:\/\/agoratheque.3zcom.com\/index.php?rest_route=%2Fwp%2Fv2%2Fcomments&post=731"}],"version-history":[{"count":6,"href":"http:\/\/agoratheque.3zcom.com\/index.php?rest_route=\/wp\/v2\/pages\/731\/revisions"}],"predecessor-version":[{"id":4575,"href":"http:\/\/agoratheque.3zcom.com\/index.php?rest_route=\/wp\/v2\/pages\/731\/revisions\/4575"}],"up":[{"embeddable":true,"href":"http:\/\/agoratheque.3zcom.com\/index.php?rest_route=\/wp\/v2\/pages\/728"}],"wp:attachment":[{"href":"http:\/\/agoratheque.3zcom.com\/index.php?rest_route=%2Fwp%2Fv2%2Fmedia&parent=731"}],"wp:term":[{"taxonomy":"post_tag","embeddable":true,"href":"http:\/\/agoratheque.3zcom.com\/index.php?rest_route=%2Fwp%2Fv2%2Ftags&post=731"}],"curies":[{"name":"wp","href":"https:\/\/api.w.org\/{rel}","templated":true}]}}