{"id":7915,"date":"2023-02-26T17:34:52","date_gmt":"2023-02-26T21:34:52","guid":{"rendered":"http:\/\/mail.agoratheque.3zcom.com\/?page_id=7915"},"modified":"2023-05-17T18:00:01","modified_gmt":"2023-05-17T22:00:01","slug":"theorie-du-chercheur","status":"publish","type":"page","link":"http:\/\/agoratheque.3zcom.com\/?page_id=7915","title":{"rendered":"Th\u00e9orie du chercheur"},"content":{"rendered":"<p style=\"text-align: center;\">Recherches ludiques VII<\/p>\n<p style=\"text-align: center;\">F\u00e9vrier 2023<\/p>\n<p style=\"text-align: center;\"><em>L\u2019id\u00e9om\u00e9trie en tant que m\u00e9thode de recherche en g\u00e9n\u00e9ral inclut la recherche scientifique et le questionnement philosophique sous la forme du jeu. <\/em><\/p>\n<p><strong>I\u00a0\u00a0 \u00a0\u00a0\u00a0\u00a0 La th\u00e9orie du neurone<\/strong><\/p>\n<p>En 1887, Santiago y Cajal utilise un nouveau proc\u00e9d\u00e9 qui vient d\u2019\u00eatre invent\u00e9, une coloration du syst\u00e8me nerveux, qui lui appara\u00eet alors comme une \u00ab\u00a0organisation discontinue de la mati\u00e8re nerveuse\u00a0\u00bb (1889). Cette conception est tout \u00e0 fait contraire \u00e0 l\u2019id\u00e9e de structure en r\u00e9seau continu qui est courante alors. On la nommera <em>th\u00e9orie du neurone <\/em>(1891). Elle repr\u00e9sente les cellules du syst\u00e8me nerveux comme ind\u00e9pendantes les unes des autres, chacune ayant son individualit\u00e9 propre tout en s\u2019associant aux autres. Cette th\u00e9orie sera bient\u00f4t au fondement de la neurophysiologie moderne.<\/p>\n<p>La\u00a0th\u00e9orie du neurone peut se r\u00e9sumer ici au concept selon lequel le\u00a0syst\u00e8me nerveux\u00a0est constitu\u00e9 de cellules individuelles discr\u00e8tes et autonomes.<\/p>\n<table>\n<tbody>\n<tr>\n<td width=\"288\"><strong>Th\u00e9orie du neurone<\/strong><\/td>\n<td width=\"288\"><strong>Th\u00e9orie du chercheur <\/strong><\/td>\n<\/tr>\n<tr>\n<td width=\"288\">Le neurone appara\u00eet comme une cellule ind\u00e9pendante, chacune ayant son individualit\u00e9 propre et son autonomie.<\/td>\n<td width=\"288\">Le chercheur appara\u00eet comme l\u2019\u00e9l\u00e9ment de la recherche, chacun ayant sa propre identit\u00e9 et son autonomie.<\/td>\n<\/tr>\n<\/tbody>\n<\/table>\n<p style=\"text-align: center;\">Id\u00e9otableau sur la &lt;th\u00e9orie du chercheur&gt;<\/p>\n<p>&nbsp;<\/p>\n<table>\n<tbody>\n<tr>\n<td width=\"288\"><strong><u>Th\u00e9orie du neurone<\/u><\/strong><\/td>\n<td width=\"288\"><strong><u>Th\u00e9orie du chercheur<\/u><\/strong><\/td>\n<\/tr>\n<tr>\n<td width=\"288\">\u00c9tude de la cellule biologique (biologie cellulaire, cytologie \u2026)<\/td>\n<td width=\"288\">\u00c9tude de l\u2019\u00eatre humain (sciences humaines, philosophie\u2026)<\/td>\n<\/tr>\n<tr>\n<td width=\"288\">\u00c9tude des contraintes \u00e9volutives, incluant les r\u00e9gulations par le m\u00e9tabolisme, le syst\u00e8me nerveux, le syst\u00e8me immunitaire\u2026<\/td>\n<td width=\"288\">\u00c9tude de l\u2019\u00e9volution des r\u00e9gulations dans l\u2019histoire, incluant l\u2019\u00e9conomie, les technologies, le droit\u2026<\/td>\n<\/tr>\n<\/tbody>\n<\/table>\n<p style=\"text-align: center;\">Id\u00e9otableau sur &lt;l\u2019\u00e9volution et ses contraintes&gt;<\/p>\n<p>Le syst\u00e8me nerveux permet l&rsquo;adaptation du comportement \u00e0 l&rsquo;environnement en collectant diverses informations sensorielles. Il d\u00e9termine les actions \u00e0 entreprendre.<\/p>\n<table>\n<tbody>\n<tr>\n<td width=\"288\"><strong>Th\u00e9orie du neurone<\/strong><\/td>\n<td width=\"288\"><strong>Th\u00e9orie du chercheur <\/strong><\/td>\n<\/tr>\n<tr>\n<td width=\"288\">Adaptation du neurone \u00e0 l\u2019environnement en mobilisant le syst\u00e8me nerveux pour collecter les informations sensorielles et en d\u00e9terminant les actions n\u00e9cessaires au d\u00e9veloppement de l\u2019organisme<\/td>\n<td width=\"288\">Adaptation de l\u2019\u00eatre humain aux environnements successifs par l\u2019institution de l\u2019\u00e9cole et de la formation, et par la recherche continuelle du savoir et des techniques au moyen de la publication et de la diffusion de l\u2019information<\/td>\n<\/tr>\n<\/tbody>\n<\/table>\n<p style=\"text-align: center;\">Id\u00e9otableau sur l\u2019&lt;activit\u00e9 et les fonctions du chercheur&gt;<\/p>\n<p>Comme on le sait, les neurones regroupent dans leur corps cellulaire le noyau et tout l\u2019appareil capable de synth\u00e9tiser les prot\u00e9ines et d\u2019effectuer le m\u00e9tabolisme. Ils se caract\u00e9risent surtout par leurs neurites, c\u2019est-\u00e0-dire l\u2019axone (un par neurone) et des milliers de dendrites (en moyenne 7000 par neurone)<em>.<\/em><em>\u00a0<\/em><\/p>\n<table>\n<tbody>\n<tr>\n<td width=\"288\"><strong>Th\u00e9orie du neurone<\/strong><em><strong>\u00a0<\/strong><\/em><\/td>\n<td width=\"288\"><strong>Th\u00e9orie du chercheur<\/strong><\/td>\n<\/tr>\n<tr>\n<td width=\"288\"><em>Neurone <\/em><\/td>\n<td width=\"288\"><em>Chercheur<\/em><em style=\"font-family: inherit; font-size: inherit;\">\u00a0<\/em><\/td>\n<\/tr>\n<tr>\n<td width=\"288\"><em>Grand nombre de dendrites<\/em><em>\u00a0<\/em><\/td>\n<td width=\"288\"><em>Grand nombre de lectures effectu\u00e9es<\/em><\/td>\n<\/tr>\n<tr>\n<td width=\"288\"><em>Un axone<\/em><em>\u00a0<\/em><\/td>\n<td width=\"288\"><em>Une \u0153uvre publi\u00e9e<\/em><\/td>\n<\/tr>\n<\/tbody>\n<\/table>\n<p style=\"text-align: center;\">Id\u00e9otableau sur le &lt;chercheur, ses lectures et son \u0153uvre publi\u00e9e&gt;<\/p>\n<p>Les dendrites re\u00e7oivent les\u00a0signaux \u00e9lectriques et chimiques provenant de neurones eff\u00e9rents et aboutissant au neurone aff\u00e9rent. L&rsquo;axone transporte des signaux \u00e9lectriques vers d&rsquo;autres neurones, sur des distances qui peuvent atteindre des dizaines de milliers de fois la taille de son corps cellulaire. Les axones peuvent contacter les neurites d&rsquo;autres neurones ou les cellules de l\u2019interface, telles que les fibres musculaires, par le fonctionnement des synapses. Un neurone peut compter plusieurs milliers de synapses sur ses dendrites et son axone. Par coh\u00e9rence, on peut voir que l\u2019id\u00e9e de synapse correspond \u00e0 l\u2019id\u00e9e de r\u00e9f\u00e9rence en tant que telle.<em>\u00a0<\/em><\/p>\n<table>\n<tbody>\n<tr>\n<td width=\"288\"><strong><u>Jeune enfant<\/u><\/strong><\/td>\n<td width=\"288\"><strong><u>Humanit\u00e9 actuelle<\/u><\/strong><em>\u00a0<\/em><\/td>\n<\/tr>\n<tr>\n<td width=\"288\"><em>Neurone a<\/em><\/td>\n<td width=\"288\"><em>Chercheur A<\/em><em>\u00a0<\/em><\/td>\n<\/tr>\n<tr>\n<td width=\"288\"><em>S<\/em><em>ynapse axonale du neurone a au neurone b<\/em><em>\u00a0<\/em><\/td>\n<td width=\"288\"><em>R\u00e9f\u00e9rence \u00e0 A par un chercheur B<\/em><em>\u00a0<\/em><\/td>\n<\/tr>\n<tr>\n<td width=\"288\"><em>Synapse dendritique du neurone a \u00e0 travers laquelle un signal provient du neurone c<\/em><em>\u00a0<\/em><\/td>\n<td width=\"288\"><em>R\u00e9f\u00e9rence \u00e0 C par le chercheur A<\/em><em>\u00a0<\/em><\/td>\n<\/tr>\n<\/tbody>\n<\/table>\n<p style=\"text-align: center;\">Id\u00e9otableau sur les &lt;r\u00e9f\u00e9rences&gt;<\/p>\n<table>\n<tbody>\n<tr>\n<td width=\"288\"><em>\u00a0<\/em><em>c \u21d2<\/em><em>\u00a0a \u21d2<\/em><em>\u00a0b<\/em><\/td>\n<td width=\"288\"><em>C \u21d2<\/em><em>\u00a0A \u21d2<\/em><em>\u00a0B<\/em><\/td>\n<\/tr>\n<\/tbody>\n<\/table>\n<p style=\"text-align: center;\">Id\u00e9otableau sur les trois \u00e9l\u00e9ments de la &lt;structure r\u00e9f\u00e9rentielle&gt;<\/p>\n<p><em>Cellules multipotentes<\/em><\/p>\n<p>Des cellules effectuent une migration dans l\u2019ensemble du syst\u00e8me nerveux de l\u2019enfant au cours de son d\u00e9veloppement et donnent naissance d\u00e9j\u00e0 \u00e0 une grande diversit\u00e9 de types cellulaires. Elle se poursuivra jusqu\u2019\u00e0 l\u2019\u00e2ge adulte. Par correspondance, les premiers supports de l\u2019\u00e9criture sont utilis\u00e9s par des chercheurs potentiels non encore sp\u00e9cialis\u00e9s d\u2019apr\u00e8s des r\u00e9f\u00e9rences explicites, mais susceptibles de devenir des bases de r\u00e9f\u00e9rence stables pour l\u2019histoire future.<\/p>\n<table>\n<tbody>\n<tr>\n<td width=\"288\"><strong><u>Jeune enfant au d\u00e9but de la formation de son syst\u00e8me nerveux<\/u><\/strong><\/td>\n<td width=\"288\"><strong><u>Humanit\u00e9 au d\u00e9but de la production de documents \u00e9crits<\/u><\/strong><\/td>\n<\/tr>\n<tr>\n<td width=\"288\">Cellules transitoires et multipotentes<\/td>\n<td width=\"288\">Chercheurs non sp\u00e9cialis\u00e9s des d\u00e9buts et susceptibles de devenir des r\u00e9f\u00e9rences explicites<\/td>\n<\/tr>\n<\/tbody>\n<\/table>\n<p style=\"text-align: center;\">Id\u00e9otableau sur les &lt;chercheurs potentiellement r\u00e9f\u00e9rentiels&gt;<\/p>\n<p>Les potentialit\u00e9s r\u00e9elles des \u00e9l\u00e9ments d\u2019une embryo-histoire des d\u00e9buts incluaient d\u2019autres histoires que celle qui s\u2019est effectivement r\u00e9alis\u00e9e depuis le d\u00e9but de notre histoire. On peut tenter d\u2019imaginer la philosophie sans Platon ou Kant, la science sans Newton ou Einstein. Une r\u00e9silience humaine pourrait constituer une solution de rechange, mais ce serait quelque chose d\u2019autre, une autre histoire tout aussi conforme aux potentialit\u00e9s r\u00e9elles initiales d\u2019une vie intelligente.<\/p>\n<p>Chaque neurone a une fonction effectivement potentielle qui lui sera propre. Par correspondance, chaque chercheur a d\u00e8s le d\u00e9part une assez grande autonomie pour apporter sa contribution originale propre dans un domaine. Ce sera \u00e9ventuellement une affaire de probabilit\u00e9s.<\/p>\n<p>Un neurone typique se compose d&rsquo;un corps cellulaire, le soma, d\u2019un grand nombre de dendrites\u00a0et d&rsquo;un axone.\u00a0Les publications d\u2019un chercheur potentiel, et ses lectures inspirantes constituent ce chercheur en tant que r\u00e9f\u00e9rentiel.<\/p>\n<p><em>Pertinence des investissements pour la recherche<\/em><\/p>\n<p>De nos jours, la recherche repr\u00e9sente un investissement porteur de d\u00e9veloppements \u00e0 venir, mais sans consid\u00e9rer le long terme, qui reste encore inaccessible \u00e0 notre entendement. La demande d\u2019\u00e9valuation des chercheurs est forte, mais sans consid\u00e9ration de l\u2019audace qui leur est n\u00e9cessaire. On est pr\u00eat \u00e0 payer pour des m\u00e9thodes qui fonctionnent sans qu\u2019on ne sache comment ni pourquoi. Il persiste un grave probl\u00e8me de vulgarisation, y compris des d\u00e9fauts de compr\u00e9hension des th\u00e9ories d\u00e9couvertes et de ce qui est r\u00e9ellement d\u00e9couvert.<\/p>\n<table>\n<tbody>\n<tr>\n<td width=\"288\"><strong>Th\u00e9orie du neurone<\/strong><\/td>\n<td width=\"288\"><strong>Th\u00e9orie du chercheur <\/strong><\/td>\n<\/tr>\n<tr>\n<td width=\"288\">\u00c9nergie du glucose requise imm\u00e9diatement pour le fonctionnement du cerveau dans le court terme conscient CT<\/td>\n<td width=\"288\">Investissement requis pour une recherche potentielle encore inconnue dans le long terme LT<\/td>\n<\/tr>\n<\/tbody>\n<\/table>\n<p style=\"text-align: center;\">Id\u00e9otableau sur l\u2019&lt;investissement pour la recherche&gt;<\/p>\n<p>Dans ce contexte, on distinguera ici une \u00e9valuation scientifique \u00ab\u00a0par les pairs\u00a0\u00bb dans le court terme comme pour r\u00e9duire la science \u00e0 vis\u00e9e \u00ab\u00a0gestionnaire\u00a0\u00bb, et une \u00e9valuation comprise par les pairs qui seront r\u00e9ellement en mesure d\u2019\u00e9valuer l\u2019importance de la recherche dans le long terme de l\u2019histoire. C\u2019est la recherche consubstantielle \u00e0 la d\u00e9marche scientifique en tant que telle.<\/p>\n<p>Il est quasi impossible d\u2019\u00e9valuer la recherche au pr\u00e9sent. Par exemples, c\u2019est seulement dans la longue dur\u00e9e qu\u2019on a pu \u00e9valuer les d\u00e9couvertes de Thal\u00e8s de Milet, de Nicolas de Cues, de George Cantor\u2026 Les \u00ab\u00a0pairs\u00a0\u00bb du jour ont par exemple rejet\u00e9 les nombres n\u00e9gatifs, les nombres imaginaires et les nombres transfinis\u2026 Les \u00e9valuateurs sur le long terme LT sauront ce qui aura compt\u00e9.<\/p>\n<p>Thal\u00e8s\u00a0aura \u00e9t\u00e9 reconnu d\u2019abord comme l&rsquo;un des piliers fondateurs de l&rsquo;astronomie puis comme un fondateur de l\u2019astronomie ancienne en tant que recherche. Nicolas de Cues\u00a0est aujourd\u2019hui reconnu en raison de son ouvrage <em>De la docte ignorance<\/em>\u00a0(1440) qui passa inaper\u00e7u en son temps; il aura rompu avec la distinction aristot\u00e9licienne entre les mondes supralunaire et sublunaire. Quant \u00e0 la notion de quantit\u00e9 n\u00e9gative, elle sera rest\u00e9e longtemps \u00ab\u00a0absurde\u00a0\u00bb ou \u00ab\u00a0fausse\u00a0\u00bb. Les nombres n\u00e9gatifs n\u2019acqui\u00e8rent leur importance que dans le cours du\u00a0xix<sup>e<\/sup>\u00a0si\u00e8cle, et n\u2019auront \u00e9t\u00e9 pleinement accept\u00e9s qu&rsquo;au\u00a0xx<sup>e<\/sup>\u00a0si\u00e8cle.<\/p>\n<p>Il faut une solide formation en histoire des sciences et de la philosophie pour juger de la r\u00e9alit\u00e9 de certaines id\u00e9es telles que celle des nombres id\u00e9els (id\u00e9om\u00e9triques) eux-m\u00eames. L\u2019id\u00e9e d\u2019expert dans un domaine d\u2019\u00e9tude perd tout son sens dans la mesure o\u00f9 l\u2019expert juge dans le court terme CT. L\u2019expert (du latin <em>experiri<\/em>, \u00ab faire l&rsquo;essai de \u00bb) doit savoir qu\u2019une critique du f\u00e9tichisme de la pens\u00e9e au pr\u00e9sent est effectivement possible.<\/p>\n<ul>\n<li>Rappel\u00a0: Le f\u00e9tichisme du pr\u00e9sent consiste\u00a0en gros \u00e0 ignorer ou n\u00e9gliger l\u2019existence m\u00eame d\u2019une r\u00e9f\u00e9rentialit\u00e9 future. Cf.\u00a0<em>Le Dieu imparfait<\/em>, 2006, chapitres 2, ou l\u2019<a href=\"http:\/\/mail.agoratheque.3zcom.com\/?page_id=6124\">Annexe sur l\u2019id\u00e9om\u00e9trie en tant que premier savoir<\/a><\/li>\n<li>Rappel sur la temporalit\u00e9\u00a0:<\/li>\n<\/ul>\n<p>Les expressions mT, CT et LT signifient respectivement tr\u00e8s court terme (par exemple, les influx neuronaux, en fractions de secondes), court terme (temps ordinaire des actions individuelles, en seconde et minutes jusqu\u2019aux ann\u00e9es) et long terme (temps de l\u2019histoire, en d\u00e9cennies, en si\u00e8cles ou mill\u00e9naires). Elles repr\u00e9sentent les \u00e9l\u00e9ments de la s\u00e9quence id\u00e9om\u00e9trique\u00a0: mT =&gt;&gt; CT =&gt;&gt; LT<\/p>\n<table>\n<tbody>\n<tr>\n<td><strong><u>Le neurone dans son activit\u00e9 c\u00e9r\u00e9brale<\/u><\/strong><\/td>\n<td><strong><u>La personne dans son activit\u00e9 quotidienne<\/u><\/strong><\/td>\n<td><strong><u>L\u2019humanit\u00e9 dans le cours de l\u2019histoire<\/u><\/strong><\/td>\n<\/tr>\n<tr>\n<td>Tr\u00e8s court terme mT<\/td>\n<td>Court terme CT<\/td>\n<td>Long terme LT<\/td>\n<\/tr>\n<tr>\n<td>Exemples num\u00e9riques\u00a0: en courtes fractions de secondes<\/td>\n<td>Exemples num\u00e9riques\u00a0: en secondes, minutes ou ann\u00e9es<\/td>\n<td>Exemples num\u00e9riques\u00a0: en d\u00e9cennies, si\u00e8cles ou mill\u00e9naires<\/td>\n<\/tr>\n<tr>\n<td>Exemple concret\u00a0: \u00c0 un certain moment mT, choix op\u00e9r\u00e9 (de fa\u00e7on plus ou moins consciente) d\u2019un mot, parmi plusieurs d\u00e9j\u00e0 m\u00e9moris\u00e9s dans le cerveau, dans une conversation normale<\/td>\n<td>Exemple concret\u00a0: Maintenant, aujourd\u2019hui CT<\/td>\n<td>Exemple concret\u00a0: \u00c0 l\u2019\u00e9poque actuelle LT<\/td>\n<\/tr>\n<\/tbody>\n<\/table>\n<p style=\"text-align: center;\">Id\u00e9otableau sur les &lt;temporalit\u00e9s&gt;<\/p>\n<p>La recherche se comprend ainsi comme gestes dans le court terme (CT), mais comme potentiels d\u2019action neuronaux dans le tr\u00e8s court terme (mT), et qui vise l\u2019inscription dans l\u2019histoire, dans le long terme (LT).<\/p>\n<p>L\u2019id\u00e9otableau sur &lt;T&gt;\u00a0r\u00e9sume l\u2019id\u00e9os\u00e9quence\u00a0: mT =&gt;&gt; CT =&gt;&gt; LT.<\/p>\n<p><em>\u00a0<\/em><em>La Revue d\u2019id\u00e9om\u00e9trie<\/em><\/p>\n<p>La Revue d\u2019id\u00e9om\u00e9trie rel\u00e8ve de la presse \u00e9crite dans le long terme LT, publi\u00e9e de fa\u00e7on p\u00e9riodique dans le court terme CT. On pourrait d\u00e9fendre une th\u00e8se selon laquelle la Revue d\u2019id\u00e9om\u00e9trie se trouve actuellement la seule revue scientifique, c\u2019est-\u00e0-dire r\u00e9ellement conforme \u00e0 ce qu\u2019est l\u2019id\u00e9e de la science, un authentique savoir sur la r\u00e9alit\u00e9 et le r\u00e9ellement possible.<\/p>\n<p><em>Le chercheur<\/em><\/p>\n<p>Le chercheur est de fa\u00e7on g\u00e9n\u00e9rale une personne qui poursuit des activit\u00e9s intellectuelles dans des domaines d\u2019\u00e9tude. Il peut avoir le titre d\u2019universitaire, de professeur ou d\u2019enseignant, ou n\u2019avoir aucun de ces titres.<\/p>\n<p>Le chercheur devrait en principe avoir une certaine connaissance de l\u2019ensemble de la recherche et non seulement de quelques domaines sp\u00e9cialis\u00e9s en particulier.<\/p>\n<p>Remarque\u00a0: La recherche inclura tout le monde et chacun gr\u00e2ce aux r\u00e9seaux sociaux et \u00e0 la communication id\u00e9om\u00e9trique, o\u00f9 tous sont \u00e9gaux pour leur capacit\u00e9 effective de publier dans une revue conforme \u00e0 l\u2019id\u00e9e de la science.<\/p>\n<p>Le probl\u00e8me ici tient \u00e0 l\u2019immaturit\u00e9 profonde du Gea actuel, dont se ressent la capacit\u00e9 des chercheurs d\u2019\u00eatre en accord avec l\u2019id\u00e9e de la science. Appelons ici chercheur celui qui se d\u00e9finit conform\u00e9ment \u00e0 l\u2019id\u00e9e de la science. Ainsi il reconna\u00eet que ses id\u00e9es prennent souvent la forme d\u2019hypoth\u00e8ses fausses, mais utiles parce qu\u2019elles le font avancer.<\/p>\n<p>Les premiers chercheurs sont ind\u00e9pendants au sens d\u2019un Gea plus avanc\u00e9 qui reconna\u00eet les autres chercheurs, et qui est susceptible de partager avec eux une grande avance sur leur \u00e9poque. Il peut \u00eatre ind\u00e9pendant CT sans l\u2019\u00eatre LT, ou l\u2019inverse.<\/p>\n<p>L\u2019acc\u00e8s \u00e0 la formation et \u00e0 l\u2019occupation de chercheur s\u2019est d\u00e9mocratis\u00e9 dans la modernit\u00e9 et s\u2019est institutionnalis\u00e9 sous la forme d\u2019organismes pour l&rsquo;avancement de la science.<\/p>\n<p>En particulier, la reconnaissance de la chercheure ou chercheuse, indique la voie. Les \u00e9tudes f\u00e9ministes repr\u00e9sentent d\u00e9sormais une partie incontournable de la recherche.<\/p>\n<p>On demande aux chercheuses et aux chercheurs d&rsquo;innover, d&rsquo;imaginer, de r\u00e9fl\u00e9chir, de savoir faire, de conna\u00eetre et, de plus en plus, de d\u00e9velopper leurs capacit\u00e9s d\u2019utilisation des techniques. On leur demandera bient\u00f4t de savoir d\u00e9nicher de nouvelles correspondances entre les objets et les th\u00e9ories math\u00e9matiques, et les notions et les concepts du d\u00e9veloppement g\u00e9n\u00e9ral du tr\u00e8s jeune enfant.<\/p>\n<p>Les chercheuses et les chercheurs doivent pouvoir communiquer et archiver les r\u00e9sultats obtenus, de les publier, entre autres, dans des\u00a0revues\u00a0sp\u00e9cialis\u00e9es dans leurs domaines d&rsquo;activit\u00e9. Avant publication, les articles sont soumis, en principe, \u00e0 des pairs capables d\u2019\u00e9valuer les textes et les travaux des chercheuses et des chercheurs.<\/p>\n<p><em>Le go\u00fbt<\/em><\/p>\n<p>\u00c9tant donn\u00e9 sa pertinence et son importance dans le d\u00e9veloppement du petit enfant, le sens du go\u00fbter gagnera en popularit\u00e9 et en pr\u00e9occupation aupr\u00e8s des chercheurs. La raison en est son id\u00e9ocorrespondance avec les statistiques en tant qu\u2019objets de connaissance et de pratique. Les chiffres \u00e0 \u00e9tudier porteront, par exemple, sur le nombre de documents scientifiques publi\u00e9s par un chercheur pour faire conna\u00eetre \u00e0 ses confr\u00e8res et ses cons\u0153urs le r\u00e9sultat de ses travaux. Les nombres de citations par les coll\u00e8gues ou des rapports d\u2019expertises dans lesquels un chercheur est impliqu\u00e9, ou le nombre de brevets auxquels son nom est associ\u00e9. On utilisera aussi des mesures de la pr\u00e9sence des chercheurs sur les\u00a0r\u00e9seaux sociaux\u00a0: nombre de citations, de\u00a0<em>j\u2019aime<\/em>, de t\u00e9l\u00e9chargements de leurs publications sur des serveurs informatiques, etc.<\/p>\n<table>\n<tbody>\n<tr>\n<td><strong><u>Go\u00fbt de l\u2019enfant<\/u><\/strong><\/td>\n<td><strong><u>Statistiques actuelles sur les chercheurs<\/u><\/strong><\/td>\n<\/tr>\n<tr>\n<td>Le nombre d\u2019axones<\/td>\n<td>Le nombre d\u2019articles publi\u00e9s<\/td>\n<\/tr>\n<tr>\n<td>Le nombre de synapses axonales<\/td>\n<td>Le nombre de citations par les pairs<\/td>\n<\/tr>\n<tr>\n<td>Le nombre d\u2019axones &lt;expertises&gt;<\/td>\n<td>Le nombre d&rsquo;expertises<\/td>\n<\/tr>\n<tr>\n<td>Le nombre d\u2019axones reli\u00e9s \u00e0 un ou plusieurs autres axones<\/td>\n<td>Le nombre de brevets auxquels son nom est associ\u00e9<\/td>\n<\/tr>\n<tr>\n<td>Le nombre de terminaisons axonales dans des r\u00e9seaux de neurones (&lt;likes&gt;, &lt;t\u00e9l\u00e9chargements&gt;\u2026)<\/td>\n<td>La visibilit\u00e9 du chercheur dans les r\u00e9seaux sociaux (likes, t\u00e9l\u00e9chargements\u2026)<\/td>\n<\/tr>\n<tr>\n<td>Le potentiel effectif de l\u2019influx nerveux impliqu\u00e9 dans le d\u00e9veloppement de l\u2019enfant, apparaissant dans les r\u00e9actions des autres<\/td>\n<td>L\u2019\u00e9valuation qualitative en tant qu\u2019\u00e9valuation du potentiel effectif du chercheur d\u2019apr\u00e8s ses d\u00e9couvertes originales<\/td>\n<\/tr>\n<tr>\n<td>Le potentiel r\u00e9el de l\u2019influx nerveux impliqu\u00e9 dans le d\u00e9veloppement de l\u2019enfant \u2013 accessible par le langage \u2013<\/td>\n<td>L\u2019\u00e9valuation qualitative \u2013 id\u00e9om\u00e9trique &#8212; en tant qu\u2019\u00e9valuation du potentiel r\u00e9el du chercheur<\/td>\n<\/tr>\n<\/tbody>\n<\/table>\n<p style=\"text-align: center;\">Id\u00e9otableau sur l\u2019&lt;\u00e9valuation quantitative&gt; du chercheur<\/p>\n<p>En fait, ce seront surtout les mots des autres qui feront comprendre \u00e0 l\u2019enfant que tel ou tel aliment est meilleur pour lui. Par correspondance, l\u2019id\u00e9om\u00e9trie prendra de plus en plus d\u2019importance afin de comprendre en quoi les statistiques peuvent \u00eatre trompeuses et peut-\u00eatre m\u00eame peu pertinentes afin d\u2019\u00e9valuer correctement les th\u00e9ories et les technologies encore \u00e0 d\u00e9couvrir.<\/p>\n<p>(<a href=\"http:\/\/mail.agoratheque.3zcom.com\/?page_id=7930\">Suite<\/a>)<\/p>\n<div class=\"edit-link\"><a class=\"post-edit-link\" href=\"\">modifier<\/a><\/div>","protected":false},"excerpt":{"rendered":"<p>Recherches ludiques VII F\u00e9vrier 2023 L\u2019id\u00e9om\u00e9trie en tant que m\u00e9thode de recherche en g\u00e9n\u00e9ral inclut la recherche scientifique et le questionnement philosophique sous la forme du jeu. I\u00a0\u00a0 \u00a0\u00a0\u00a0\u00a0 La th\u00e9orie du neurone En 1887, Santiago y Cajal utilise un nouveau proc\u00e9d\u00e9 qui&#8230;<\/p>\n","protected":false},"author":1,"featured_media":0,"parent":0,"menu_order":0,"comment_status":"closed","ping_status":"closed","template":"","meta":[],"tags":[],"_links":{"self":[{"href":"http:\/\/agoratheque.3zcom.com\/index.php?rest_route=\/wp\/v2\/pages\/7915"}],"collection":[{"href":"http:\/\/agoratheque.3zcom.com\/index.php?rest_route=\/wp\/v2\/pages"}],"about":[{"href":"http:\/\/agoratheque.3zcom.com\/index.php?rest_route=\/wp\/v2\/types\/page"}],"author":[{"embeddable":true,"href":"http:\/\/agoratheque.3zcom.com\/index.php?rest_route=\/wp\/v2\/users\/1"}],"replies":[{"embeddable":true,"href":"http:\/\/agoratheque.3zcom.com\/index.php?rest_route=%2Fwp%2Fv2%2Fcomments&post=7915"}],"version-history":[{"count":21,"href":"http:\/\/agoratheque.3zcom.com\/index.php?rest_route=\/wp\/v2\/pages\/7915\/revisions"}],"predecessor-version":[{"id":8034,"href":"http:\/\/agoratheque.3zcom.com\/index.php?rest_route=\/wp\/v2\/pages\/7915\/revisions\/8034"}],"wp:attachment":[{"href":"http:\/\/agoratheque.3zcom.com\/index.php?rest_route=%2Fwp%2Fv2%2Fmedia&parent=7915"}],"wp:term":[{"taxonomy":"post_tag","embeddable":true,"href":"http:\/\/agoratheque.3zcom.com\/index.php?rest_route=%2Fwp%2Fv2%2Ftags&post=7915"}],"curies":[{"name":"wp","href":"https:\/\/api.w.org\/{rel}","templated":true}]}}