{"id":8277,"date":"2024-04-19T17:36:05","date_gmt":"2024-04-19T21:36:05","guid":{"rendered":"http:\/\/mail.agoratheque.3zcom.com\/?page_id=8277"},"modified":"2024-06-27T16:24:20","modified_gmt":"2024-06-27T20:24:20","slug":"le-hasard-preadapte","status":"publish","type":"page","link":"http:\/\/agoratheque.3zcom.com\/?page_id=8277","title":{"rendered":"Le hasard pr\u00e9adapt\u00e9"},"content":{"rendered":"\n<p class=\"has-text-align-center\">Recherches ludiques XVII<\/p>\n\n\n\n<p class=\"has-text-align-center\">Avril 2024 <\/p>\n\n\n\n<p><\/p>\n\n\n\n<p>M\u00eame si la probabilit\u00e9 d\u2019\u00e9mergence de la vie sur Terre \u00e9tait presque nulle \u2013 ce qu\u2019on ignore \u2013, elle n\u2019\u00e9tait pas nulle. Se trouve ici en jeu la diff\u00e9rence entre ce qui \u00e9tait r\u00e9ellement possible et ce qui \u00e9tait impossible. Des univers possibles ne comportaient en eux, au d\u00e9part, aucun potentiel r\u00e9el de vie intelligente. Le n\u00f4tre comportait r\u00e9ellement cette possibilit\u00e9. Conform\u00e9ment \u00e0 ce que tous peuvent constater, il se distingue des autres par son <em>potentiel r\u00e9el<\/em> \u00e9volutif vers l\u2019intelligence.\u00a0 \u00a0<\/p>\n\n\n\n<p>Le potentiel r\u00e9el prend ici un sens pr\u00e9cis qui est celui de la m\u00e9canique quantique. De m\u00eame qu\u2019un atome d\u2019uranium 235 peut ou non se d\u00e9sint\u00e9grer avec une probabilit\u00e9 r\u00e9elle calculable, l\u2019univers initial \u00e9tait on non porteur d\u2019un potentiel r\u00e9el d\u2019\u00e9mergence de la vie intelligente.<\/p>\n\n\n\n<p>On conviendra ici d\u2019employer le mot \u00ab&nbsp;pr\u00e9adapter&nbsp;\u00bb, et ses d\u00e9riv\u00e9s tels que pr\u00e9adaptation, pr\u00e9adaptatif, etc., comme signifiant ce qui rend effectivement possible m\u00eame si la probabilit\u00e9 est tr\u00e8s faible, voire extr\u00eamement faible.<\/p>\n\n\n\n<p>La pr\u00e9adaptation a \u00e9t\u00e9 d\u00e9finie par les biologistes, depuis la fin des ann\u00e9es 1950, comme \u00e9tant la capacit\u00e9 d&rsquo;un caract\u00e8re (anatomique, physiologique, \u00e9thologique, ou autre) d\u2019\u00eatre utilis\u00e9 par le vivant pour une autre fonction que celle qu&rsquo;il avait au d\u00e9part. Par exemple, certains chercheurs ont fait l\u2019hypoth\u00e8se que les plumes des anc\u00eatres des&nbsp;<a href=\"https:\/\/www.universalis.fr\/encyclopedie\/oiseaux\/\">oiseaux<\/a>&nbsp;ont d&rsquo;abord surtout jou\u00e9 un r\u00f4le vital dans leur r\u00e9gulation thermique, avant de leur devenir indispensables pour voler. Dans le texte qui suit, ici, la pr\u00e9adaptation prend un sens plus g\u00e9n\u00e9ral et signifie que l\u2019Univers physique au d\u00e9part \u00e9tait physico-math\u00e9matiquement ajust\u00e9, au sens d\u2019un potentiel quantique, \u00e0 tout ce qui y est apparu effectivement par la suite.<\/p>\n\n\n\n<p><em>La mutagen\u00e8se et l\u2019\u00e9volution globale<\/em><\/p>\n\n\n\n<p>En g\u00e9n\u00e9ral, les biologistes ont tendance \u00e0 traiter les mutations comme des erreurs plut\u00f4t que comme un m\u00e9canisme normal de la nature. Il est vrai que, d\u2019un strict point de vue biologique, la mutagen\u00e8se pr\u00e9sente un caract\u00e8re al\u00e9atoire et non contr\u00f4lable. La raison en est que les mutations d\u00e9pendent d\u2019un ph\u00e9nom\u00e8ne purement physique dont les lois \u00e9chappent naturellement \u00e0 tout contr\u00f4le biologique. Cependant ce type de ph\u00e9nom\u00e8ne n\u2019\u00e9chappe nullement aux lois de la nature et s\u2019inscrit de fa\u00e7on rationnelle dans un sch\u00e9ma d\u2019explication g\u00e9n\u00e9rale. Comme les effets cumulatifs des mutations sont de la plus grande importance du point de vue de l\u2019\u00e9volution longue, il convient ici de consid\u00e9rer ce ph\u00e9nom\u00e8ne comme un \u00e9l\u00e9ment crucial de l\u2019\u00e9volution globale et, en particulier, de l\u2019\u00e9volution biologique.&nbsp;&nbsp;<\/p>\n\n\n\n<p>Par exemple, ce qu\u2019on appelle l\u2019\u00ab&nbsp;explosion du Cambrien&nbsp;\u00bb, c\u2019est-\u00e0-dire l\u2019apparition \u00ab&nbsp;soudaine&nbsp;\u00bb \u00e0 l\u2019\u00e9chelle g\u00e9ologique de la plupart des grands embranchements actuels de m\u00e9tazoaires, est aussi significatif que les extinctions massives. Comme dans le cas de l\u2019\u00e9mergence de la vie elle-m\u00eame, ce type d\u2019\u00e9v\u00e9nement ne s\u2019explique pas enti\u00e8rement par la s\u00e9lection naturelle darwinienne. Elle serait peut-\u00eatre due \u00e0 une plus grande concentration de l\u2019oxyg\u00e8ne dans l\u2019atmosph\u00e8re. Cela ne d\u00e9coule pas d\u2019erreurs mais bien d\u2019un univers pr\u00e9adapt\u00e9 au vivant et \u00e0 son \u00e9volution.<\/p>\n\n\n\n<p><em>Le hasard qui fait \u00eatre<\/em><em><\/em><\/p>\n\n\n\n<p>Toute personne existe d\u2019au moins trois fa\u00e7ons diff\u00e9rentes&nbsp;:<\/p>\n\n\n\n<p>1) par ce qu\u2019elle dit dans des \u00e9changes avec d\u2019autres, qu\u2019il s\u2019agisse par exemple de son opinion ou d\u2019un jeu de r\u00f4le, pour chacun des diff\u00e9rents mots qui lui viennent spontan\u00e9ment de son vocabulaire dans le tr\u00e8s court terme (mT) par une sorte de choix irr\u00e9fl\u00e9chi;<\/p>\n\n\n\n<p>2) par les projets con\u00e7us et entrepris par cette personne dans le court terme de sa vie (CT);<\/p>\n\n\n\n<p>3) \u00e9ventuellement par des \u0153uvres de sa part qui seront reconnues dans et pour le long terme, (LT).<\/p>\n\n\n\n<figure class=\"wp-block-table\"><table><tbody><tr><td><strong>mT<\/strong> (milliterme en fractions de seconde) &nbsp;<\/td><td>&nbsp;<strong>CT<\/strong> (court terme en heures, en jours ou en ann\u00e9es)<\/td><td><strong>LT<\/strong> (long terme en si\u00e8cles)<\/td><\/tr><tr><td>Pens\u00e9e cr\u00e9ative dans une conversation&nbsp;: l\u2019\u00e9mergence des mots appris dans sa pens\u00e9e &nbsp;<\/td><td>D\u00e9veloppement de nouvelles id\u00e9es pour un projet original dans le d\u00e9roulement de sa journ\u00e9e &nbsp;<\/td><td>Passage \u00e0 l\u2019histoire d\u2019une de ses publications scientifiques ou autres &nbsp;<\/td><\/tr><\/tbody><\/table><\/figure>\n\n\n\n<p>Id\u00e9otableau sur le r\u00f4le du hasard dans l\u2019&lt;ontologie personnelle&gt;<\/p>\n\n\n\n<p>Le hasard pr\u00e9adapt\u00e9 est bien plus qu\u2019un simple hasard. C\u2019est ce qui donne sens au pur hasard. On ne sait pas n\u00e9cessairement ce que cela signifie, mais on apprend que cela signifie quelque chose de remarquablement inclusif, comme l\u2019id\u00e9om\u00e9trie elle-m\u00eame.<\/p>\n\n\n\n<p class=\"has-text-align-center\">(())<\/p>\n\n\n<div class=\"edit-link\"><a class=\"post-edit-link\" href=\"\">modifier<\/a><\/div>","protected":false},"excerpt":{"rendered":"<p>Recherches ludiques XVII Avril 2024 M\u00eame si la probabilit\u00e9 d\u2019\u00e9mergence de la vie sur Terre \u00e9tait presque nulle \u2013 ce qu\u2019on ignore \u2013, elle n\u2019\u00e9tait pas nulle. Se trouve ici en jeu la diff\u00e9rence entre ce qui \u00e9tait r\u00e9ellement possible et ce qui&#8230;<\/p>\n","protected":false},"author":1,"featured_media":0,"parent":0,"menu_order":0,"comment_status":"closed","ping_status":"closed","template":"","meta":[],"tags":[],"_links":{"self":[{"href":"http:\/\/agoratheque.3zcom.com\/index.php?rest_route=\/wp\/v2\/pages\/8277"}],"collection":[{"href":"http:\/\/agoratheque.3zcom.com\/index.php?rest_route=\/wp\/v2\/pages"}],"about":[{"href":"http:\/\/agoratheque.3zcom.com\/index.php?rest_route=\/wp\/v2\/types\/page"}],"author":[{"embeddable":true,"href":"http:\/\/agoratheque.3zcom.com\/index.php?rest_route=\/wp\/v2\/users\/1"}],"replies":[{"embeddable":true,"href":"http:\/\/agoratheque.3zcom.com\/index.php?rest_route=%2Fwp%2Fv2%2Fcomments&post=8277"}],"version-history":[{"count":7,"href":"http:\/\/agoratheque.3zcom.com\/index.php?rest_route=\/wp\/v2\/pages\/8277\/revisions"}],"predecessor-version":[{"id":8427,"href":"http:\/\/agoratheque.3zcom.com\/index.php?rest_route=\/wp\/v2\/pages\/8277\/revisions\/8427"}],"wp:attachment":[{"href":"http:\/\/agoratheque.3zcom.com\/index.php?rest_route=%2Fwp%2Fv2%2Fmedia&parent=8277"}],"wp:term":[{"taxonomy":"post_tag","embeddable":true,"href":"http:\/\/agoratheque.3zcom.com\/index.php?rest_route=%2Fwp%2Fv2%2Ftags&post=8277"}],"curies":[{"name":"wp","href":"https:\/\/api.w.org\/{rel}","templated":true}]}}