{"id":854,"date":"2011-07-01T12:11:26","date_gmt":"2011-07-01T16:11:26","guid":{"rendered":"http:\/\/agoratheque.yprovencal.ep.profweb.qc.ca\/?page_id=854"},"modified":"2011-07-09T12:54:40","modified_gmt":"2011-07-09T16:54:40","slug":"manifeste-pour-un-dieu","status":"publish","type":"page","link":"http:\/\/agoratheque.3zcom.com\/?page_id=854","title":{"rendered":"Manifeste pour un Dieu&#8230; : Sommaire"},"content":{"rendered":"<h2><strong>\u00a0<\/strong>I\u00a0\u00a0\u00a0\u00a0\u00a0\u00a0\u00a0<a title=\"Manifeste pour un Dieu qui nous dise quelque chose\" href=\"http:\/\/mail.agoratheque.3zcom.com\/?page_id=386\">Une nouvelle id\u00e9e de la divinit\u00e9<\/a><\/h2>\n<p>\u00a0\u00a0\u00a0\u00a7 1\u00a0\u00a0\u00a0<a title=\"Manifeste pour un Dieu qui nous dise quelque chose\" href=\"http:\/\/mail.agoratheque.3zcom.com\/?page_id=386\">Une recherche radicale<\/a><\/p>\n<p>\u00a0\u00a0\u00a0\u00a7\u00a02\u00a0\u00a0\u00a0<a title=\"\u00a7 2 La foi radicale comme doute radical\" href=\"http:\/\/mail.agoratheque.3zcom.com\/?page_id=845\">La foi radicale comme doute radical<\/a><\/p>\n<p>\u00a0\u00a0\u00a0\u00a7 3\u00a0\u00a0\u00a0<a title=\"\u00a7 3 La r\u00e9f\u00e9rentialit\u00e9\" href=\"http:\/\/mail.agoratheque.3zcom.com\/?page_id=870\">La r\u00e9f\u00e9rentialit\u00e9<\/a><\/p>\n<p>\u00a0\u00a0\u00a0\u00a7\u00a04\u00a0\u00a0\u00a0<a title=\"\u00a7 4 Comprendre un Livre sacr\u00e9\" href=\"http:\/\/mail.agoratheque.3zcom.com\/?page_id=876\">Comprendre un Livre sacr\u00e9<\/a><\/p>\n<p>\u00a0\u00a0\u00a0\u00a7 5\u00a0\u00a0\u00a0<a title=\"\u00a7 5 La Grande Bible\" href=\"http:\/\/mail.agoratheque.3zcom.com\/?page_id=892\">La Grande Bible<\/a><\/p>\n<p>\u00a0\u00a0\u00a0\u00a7 6\u00a0\u00a0\u00a0<a title=\"\u00a7 6 Aspects politiques de la religion\" href=\"http:\/\/mail.agoratheque.3zcom.com\/?page_id=900\">Aspects politiques de la religion<\/a><\/p>\n<p>\u00a0\u00a0\u00a0\u00a7 7\u00a0\u00a0\u00a0<a title=\"\u00a7 7 L\u2019image parentale\" href=\"http:\/\/mail.agoratheque.3zcom.com\/?page_id=909\">L&rsquo;image parentale<\/a><\/p>\n<p>\u00a0\u00a0\u00a0\u00a7 8\u00a0\u00a0\u00a0<a title=\"\u00a7 8 Une th\u00e9ologie radicale\" href=\"http:\/\/mail.agoratheque.3zcom.com\/?page_id=928\">Une th\u00e9ologie radicale<\/a><\/p>\n<h2 style=\"text-align: left;\">II\u00a0\u00a0\u00a0\u00a0\u00a0\u00a0<a title=\"II- D\u00e9sacraliser pour croire\" href=\"http:\/\/mail.agoratheque.3zcom.com\/?page_id=919\">D\u00e9sacraliser pour croire<\/a><\/h2>\n<p style=\"text-align: left;\">\u00a0\u00a0\u00a0\u00a7 9\u00a0\u00a0\u00a0<a title=\"II- D\u00e9sacraliser pour croire\" href=\"http:\/\/mail.agoratheque.3zcom.com\/?page_id=919\">La d\u00e9sacralisation au coeur de la foi<\/a><\/p>\n<p style=\"text-align: left;\">\u00a0\u00a0\u00a0\u00a7 10\u00a0\u00a0\u00a0<a title=\"\u00a7 10 Le double aspect de la foi\" href=\"http:\/\/mail.agoratheque.3zcom.com\/?page_id=926\">Le double aspect de la foi<\/a><\/p>\n<p>\u00a0\u00a0\u00a0\u00a7 11\u00a0\u00a0\u00a0<a title=\"\u00a7 11 Dieu et les \u00ab \u00c9critures \u00bb\" href=\"http:\/\/mail.agoratheque.3zcom.com\/?page_id=954\">Dieu et les \u00ab \u00c9critures \u00bb<\/a><strong><a title=\"\u00a7 11 Dieu et les \u00ab \u00c9critures \u00bb\" href=\"http:\/\/mail.agoratheque.3zcom.com\/?page_id=954\">\u00a0<\/a>\u00a0\u00a0<\/strong><\/p>\n<p>\u00a0\u00a0\u00a0\u00a7 12\u00a0\u00a0\u00a0<a title=\"\u00a7 12 Dieu et les philosophes\" href=\"http:\/\/mail.agoratheque.3zcom.com\/?page_id=960\">Dieu et les philosophes<\/a><\/p>\n<p>\u00a0\u00a0\u00a0\u00a7\u00a013\u00a0\u00a0\u00a0<a title=\"\u00a7 13 La d\u00e9sacralisation du sacrifice\" href=\"http:\/\/mail.agoratheque.3zcom.com\/?page_id=965\">La d\u00e9sacralisation du sacrifice<\/a><\/p>\n<p>\u00a0\u00a0 \u00a7 14\u00a0\u00a0\u00a0<a title=\"\u00a7 14 Le Nouveau Testament\" href=\"http:\/\/mail.agoratheque.3zcom.com\/?page_id=975\">Le Nouveau Testament<\/a><\/p>\n<p>\u00a0\u00a0\u00a0\u00a7 15\u00a0\u00a0\u00a0<a title=\"\u00a7 15 La voix d\u2019un chr\u00e9tien libre\" href=\"http:\/\/mail.agoratheque.3zcom.com\/?page_id=981\">La voix d&rsquo;un chr\u00e9tien libre<\/a><\/p>\n<p>\u00a0\u00a0\u00a0\u00a7 16\u00a0\u00a0<a title=\"\u00a7 16 Sens et enchantement\" href=\"http:\/\/mail.agoratheque.3zcom.com\/?page_id=988\">\u00a0Sens et enchantement<\/a><\/p>\n<h2>III\u00a0\u00a0\u00a0\u00a0\u00a0\u00a0<a title=\"III De la Bible \u00e0 la Grande Bible\" href=\"http:\/\/mail.agoratheque.3zcom.com\/?page_id=994\">De la Bible \u00e0 la Grande Bible<\/a><\/h2>\n<p>\u00a0\u00a0\u00a0\u00a7 17\u00a0\u00a0\u00a0<a title=\"III De la Bible \u00e0 la Grande Bible\" href=\"http:\/\/mail.agoratheque.3zcom.com\/?page_id=994\">Les textes sacr\u00e9s<\/a><\/p>\n<p>\u00a0\u00a0\u00a0\u00a7 18\u00a0\u00a0\u00a0\u00a0<a title=\"\u00a7 18 Originalit\u00e9 et non-violence\" href=\"http:\/\/mail.agoratheque.3zcom.com\/?page_id=1002\">Originalit\u00e9 et non-violence\u00a0\u00a0<\/a><\/p>\n<p>\u00a0\u00a0\u00a0\u00a7 19\u00a0\u00a0\u00a0<a title=\"\u00a7 19 Le r\u00f4le des textes de r\u00e9f\u00e9rence dans les expansions\" href=\"http:\/\/mail.agoratheque.3zcom.com\/?page_id=1009\">Le r\u00f4le des textes de r\u00e9f\u00e9rence dans les expansions<\/a><\/p>\n<p>\u00a0\u00a0\u00a0\u00a7 20\u00a0\u00a0\u00a0<a title=\"\u00a7 20 La r\u00e9f\u00e9rence\" href=\"http:\/\/mail.agoratheque.3zcom.com\/?page_id=1018\">La r\u00e9f\u00e9rence<\/a><\/p>\n<p>\u00a0\u00a0\u00a0\u00a7 21\u00a0\u00a0\u00a0<a title=\"\u00a7 21 La Bible et la Grande Bible\" href=\"http:\/\/mail.agoratheque.3zcom.com\/?page_id=1024\">La Bible et la Grande Bible<\/a><\/p>\n<p>\u00a0\u00a0\u00a0\u00a7 22\u00a0\u00a0\u00a0<a title=\"\u00a7 22 Le Dieu de la r\u00e9f\u00e9rentialit\u00e9\" href=\"http:\/\/mail.agoratheque.3zcom.com\/?page_id=1032\">Le Dieu de la r\u00e9f\u00e9rentialit\u00e9<\/a><\/p>\n<p>\u00a0\u00a0\u00a0\u00a7 23\u00a0\u00a0\u00a0<a title=\"\u00a7 23 Le texte et le monde : l\u2019interpr\u00e9tation r\u00e9f\u00e9rentielle\" href=\"http:\/\/mail.agoratheque.3zcom.com\/?page_id=1038\">Le texte et le monde: l&rsquo;interpr\u00e9tation r\u00e9f\u00e9rentielle<\/a><\/p>\n<p>\u00a0\u00a0\u00a0\u00a7\u00a024\u00a0\u00a0\u00a0<a title=\"\u00a7 24 La mainmise sur la r\u00e9f\u00e9rentialit\u00e9\" href=\"http:\/\/mail.agoratheque.3zcom.com\/?page_id=1045\">La mainmise sur la r\u00e9f\u00e9rentialit\u00e9<\/a><\/p>\n<p>\u00a0\u00a0\u00a0\u00a7 25\u00a0\u00a0\u00a0<a title=\"\u00a7 25 Le proph\u00e9tisme\" href=\"http:\/\/mail.agoratheque.3zcom.com\/?page_id=1050\">Le proph\u00e9tisme<\/a><\/p>\n<p>\u00a0\u00a0\u00a0\u00a7 26\u00a0\u00a0\u00a0<a title=\"\u00a7 26 Les P\u00e8res de l\u2019\u00c9glise\" href=\"http:\/\/mail.agoratheque.3zcom.com\/?page_id=1060\">Les P\u00e8res de l&rsquo;\u00c9glise<\/a><\/p>\n<p>\u00a0\u00a0\u00a0\u00a7 27\u00a0\u00a0\u00a0<a title=\"\u00a7 27 Judas Iscariote\" href=\"http:\/\/mail.agoratheque.3zcom.com\/?page_id=1068\">Judas Iscariote<\/a><\/p>\n<h2>IV\u00a0\u00a0\u00a0\u00a0\u00a0\u00a0<a title=\"IV De la culpabilit\u00e9\" href=\"http:\/\/mail.agoratheque.3zcom.com\/?page_id=1075\">De la culpabilit\u00e9<\/a><\/h2>\n<p>\u00a0\u00a0\u00a0\u00a7 28\u00a0\u00a0\u00a0<a title=\"IV De la culpabilit\u00e9\" href=\"http:\/\/mail.agoratheque.3zcom.com\/?page_id=1075\">La tendance humaine \u00e0 la culpabilisation<\/a><\/p>\n<p>\u00a0\u00a0\u00a0\u00a7 29\u00a0\u00a0\u00a0<a title=\"\u00a7 29 Les raisons de groupe\" href=\"http:\/\/mail.agoratheque.3zcom.com\/?page_id=1082\">Les raisons de groupe<\/a><\/p>\n<p>\u00a0\u00a0\u00a0\u00a7 30\u00a0\u00a0\u00a0<a title=\"\u00a7 30 La \u00ab normalit\u00e9 \u00bb selon Dieu\" href=\"http:\/\/mail.agoratheque.3zcom.com\/?page_id=1089\">La \u00ab normalit\u00e9 \u00bb selon Dieu<\/a><\/p>\n<p>\u00a0\u00a0\u00a0\u00a7 31\u00a0\u00a0\u00a0<a title=\"\u00a7 31 La r\u00e9probation\" href=\"http:\/\/mail.agoratheque.3zcom.com\/?page_id=1095\">La r\u00e9probation<\/a><\/p>\n<p>\u00a0\u00a0\u00a0\u00a7\u00a032\u00a0\u00a0\u00a0<a title=\"\u00a7 32 Le p\u00e9ch\u00e9 originel\" href=\"http:\/\/mail.agoratheque.3zcom.com\/?page_id=1101\">Le p\u00e9ch\u00e9 originel<\/a>\u00a0<\/p>\n<p>\u00a0\u00a0\u00a0\u00a7 33\u00a0\u00a0\u00a0<a title=\"\u00a7 33 L\u2019amour et l\u2019amiti\u00e9 de Dieu ?\" href=\"http:\/\/mail.agoratheque.3zcom.com\/?page_id=1109\">L&rsquo;amour et l&rsquo;amiti\u00e9 de Dieu?<\/a><\/p>\n<p>\u00a0\u00a0\u00a0\u00a7 34\u00a0\u00a0\u00a0<a title=\"\u00a7 34 Justice humaine et justice divine\" href=\"http:\/\/mail.agoratheque.3zcom.com\/?page_id=1115\">Justice humaine et justice divine<\/a><\/p>\n<p>\u00a0\u00a0\u00a0\u00a7 35\u00a0\u00a0\u00a0<a title=\"\u00a7 35 La responsabilit\u00e9 radicale\" href=\"http:\/\/mail.agoratheque.3zcom.com\/?page_id=1125\">La responsabilit\u00e9 radicale<\/a>\u00a0<\/p>\n<h2>V\u00a0\u00a0\u00a0\u00a0\u00a0\u00a0<a title=\"V- Le mod\u00e8le parental\" href=\"http:\/\/mail.agoratheque.3zcom.com\/?page_id=1133\">Le mod\u00e8le parental<\/a><\/h2>\n<p>\u00a0\u00a0\u00a0\u00a7 36\u00a0\u00a0\u00a0<a title=\"V- Le mod\u00e8le parental\" href=\"http:\/\/mail.agoratheque.3zcom.com\/?page_id=1133\">Une autre id\u00e9e de la divinit\u00e9 parentale<\/a>\u00a0\u00a0\u00a0<\/p>\n<p>\u00a0\u00a0\u00a0\u00a7 37\u00a0\u00a0\u00a0<a href=\"https:\/\/lms2.decclic.qc.ca\/Pub\/F38E337E-4AB4-4459-8A51-E3429AA48AD9\/BE2C90C1-676D-44B4-9E08-E44FCC8B1313\" target=\"_self\">\u00c0 propos de la m\u00e9thode analogique<\/a><\/p>\n<p>\u00a0\u00a0\u00a0\u00a7 38\u00a0\u00a0\u00a0<a title=\"\u00a7 38 Le point de vue de Dieu\" href=\"http:\/\/mail.agoratheque.3zcom.com\/?page_id=1146\">Le point de vue de Dieu<\/a>\u00a0\u00a0\u00a0<\/p>\n<p>\u00a0\u00a0\u00a0\u00a7 39\u00a0\u00a0\u00a0<a title=\"\u00a7 39 La th\u00e9ologie de la cr\u00e9ation\" href=\"http:\/\/mail.agoratheque.3zcom.com\/?page_id=1152\">La th\u00e9ologie de la cr\u00e9ation<\/a><\/p>\n<p>\u00a0\u00a0\u00a0\u00a7 40\u00a0\u00a0\u00a0<a title=\"\u00a7 40 Le caract\u00e8re personnel de Dieu\" href=\"http:\/\/mail.agoratheque.3zcom.com\/?page_id=1159\">Le caract\u00e8re personnel de Dieu<\/a><\/p>\n<p>\u00a0\u00a0\u00a0\u00a7 41\u00a0\u00a0\u00a0<a title=\"\u00a7 41 La perfection de Dieu ?\" href=\"http:\/\/mail.agoratheque.3zcom.com\/?page_id=1167\">La perfection de Dieu?<\/a><\/p>\n<p>\u00a0\u00a0\u00a0\u00a7 42\u00a0\u00a0\u00a0<a title=\"\u00a7 42 L\u2019argument de saint Anselme\" href=\"http:\/\/mail.agoratheque.3zcom.com\/?page_id=1175\">L&rsquo;argument de saint Anselme<\/a><\/p>\n<p>\u00a0\u00a0\u00a0\u00a7 43\u00a0\u00a0\u00a0<a title=\"\u00a7 43 La toute-puissance\" href=\"http:\/\/mail.agoratheque.3zcom.com\/?page_id=1185\">La toute-puissance<\/a><\/p>\n<p>\u00a0\u00a0\u00a0\u00a7\u00a044\u00a0\u00a0\u00a0<a title=\"\u00a7 44 Le principe de normalit\u00e9\" href=\"http:\/\/mail.agoratheque.3zcom.com\/?page_id=1193\">Le principe de normalit\u00e9<\/a><\/p>\n<p>\u00a0\u00a0\u00a0\u00a7 45\u00a0\u00a0\u00a0<a title=\"\u00a7 45 L\u2019omniscience\" href=\"http:\/\/mail.agoratheque.3zcom.com\/?page_id=1200\">L&rsquo;omniscience<\/a><\/p>\n<p>\u00a0\u00a0\u00a0\u00a7 46\u00a0\u00a0\u00a0<a title=\"\u00a7 46 Les possibles\" href=\"http:\/\/mail.agoratheque.3zcom.com\/?page_id=1209\">Les possibles<\/a><\/p>\n<p>\u00a0\u00a0\u00a0\u00a7 47\u00a0\u00a0\u00a0<a title=\"\u00a7 47 Les d\u00e9it\u00e9s collectives et Dieu\" href=\"http:\/\/mail.agoratheque.3zcom.com\/?page_id=1216\">Les d\u00e9it\u00e9s collectives et Dieu<\/a><\/p>\n<p>\u00a0\u00a0\u00a0\u00a7 48\u00a0\u00a0\u00a0<a title=\"\u00a7 48 Le probl\u00e8me du mal\" href=\"http:\/\/mail.agoratheque.3zcom.com\/?page_id=1223\">Le probl\u00e8me du mal<\/a><\/p>\n<p>\u00a0\u00a0\u00a0\u00a7 49\u00a0\u00a0\u00a0<a href=\"https:\/\/lms2.decclic.qc.ca\/Pub\/F38E337E-4AB4-4459-8A51-E3429AA48AD9\/41B2231D-E3A9-45E7-B37B-1C037ED9F2FE\" target=\"_self\">Une th\u00e9odic\u00e9e<\/a><\/p>\n<p>\u00a0\u00a0\u00a0\u00a7 50\u00a0\u00a0\u00a0<a title=\"\u00a7 50 Une fonction sociale et \u00e9volutive de la souffrance ?\" href=\"http:\/\/mail.agoratheque.3zcom.com\/?page_id=1232\">Une fonction sociale et \u00e9volutive de la souffrance?<\/a><\/p>\n<p>\u00a0\u00a0\u00a0\u00a7 51\u00a0\u00a0\u00a0<a title=\"\u00a7 51 Qui donc est Dieu ?\" href=\"http:\/\/mail.agoratheque.3zcom.com\/?page_id=1240\">Qui donc est Dieu?<\/a><\/p>\n<p>\u00a0\u00a0\u00a0\u00a7 52\u00a0\u00a0\u00a0<a title=\"\u00a7 52 Autres \u00e9l\u00e9ments de solution\" href=\"http:\/\/mail.agoratheque.3zcom.com\/?page_id=1246\">Autres \u00e9l\u00e9ments de solution<\/a><\/p>\n<p>\u00a0\u00a0\u00a0\u00a7 53\u00a0\u00a0\u00a0<a title=\"\u00a7 53 L\u2019id\u00e9e de religion radicale\" href=\"http:\/\/mail.agoratheque.3zcom.com\/?page_id=1250\">L&rsquo;id\u00e9e de religion radicale<\/a><\/p>\n<div class=\"edit-link\"><a class=\"post-edit-link\" href=\"\">modifier<\/a><\/div>","protected":false},"excerpt":{"rendered":"<p>\u00a0I\u00a0\u00a0\u00a0\u00a0\u00a0\u00a0\u00a0Une nouvelle id\u00e9e de la divinit\u00e9 \u00a0\u00a0\u00a0\u00a7 1\u00a0\u00a0\u00a0Une recherche radicale \u00a0\u00a0\u00a0\u00a7\u00a02\u00a0\u00a0\u00a0La foi radicale comme doute radical \u00a0\u00a0\u00a0\u00a7 3\u00a0\u00a0\u00a0La r\u00e9f\u00e9rentialit\u00e9 \u00a0\u00a0\u00a0\u00a7\u00a04\u00a0\u00a0\u00a0Comprendre un Livre sacr\u00e9 \u00a0\u00a0\u00a0\u00a7 5\u00a0\u00a0\u00a0La Grande Bible \u00a0\u00a0\u00a0\u00a7 6\u00a0\u00a0\u00a0Aspects politiques de la religion \u00a0\u00a0\u00a0\u00a7 7\u00a0\u00a0\u00a0L&rsquo;image parentale \u00a0\u00a0\u00a0\u00a7 8\u00a0\u00a0\u00a0Une th\u00e9ologie radicale II\u00a0\u00a0\u00a0\u00a0\u00a0\u00a0D\u00e9sacraliser pour croire&#8230;<\/p>\n","protected":false},"author":1,"featured_media":0,"parent":386,"menu_order":0,"comment_status":"open","ping_status":"open","template":"","meta":[],"tags":[],"_links":{"self":[{"href":"http:\/\/agoratheque.3zcom.com\/index.php?rest_route=\/wp\/v2\/pages\/854"}],"collection":[{"href":"http:\/\/agoratheque.3zcom.com\/index.php?rest_route=\/wp\/v2\/pages"}],"about":[{"href":"http:\/\/agoratheque.3zcom.com\/index.php?rest_route=\/wp\/v2\/types\/page"}],"author":[{"embeddable":true,"href":"http:\/\/agoratheque.3zcom.com\/index.php?rest_route=\/wp\/v2\/users\/1"}],"replies":[{"embeddable":true,"href":"http:\/\/agoratheque.3zcom.com\/index.php?rest_route=%2Fwp%2Fv2%2Fcomments&post=854"}],"version-history":[{"count":63,"href":"http:\/\/agoratheque.3zcom.com\/index.php?rest_route=\/wp\/v2\/pages\/854\/revisions"}],"predecessor-version":[{"id":1255,"href":"http:\/\/agoratheque.3zcom.com\/index.php?rest_route=\/wp\/v2\/pages\/854\/revisions\/1255"}],"up":[{"embeddable":true,"href":"http:\/\/agoratheque.3zcom.com\/index.php?rest_route=\/wp\/v2\/pages\/386"}],"wp:attachment":[{"href":"http:\/\/agoratheque.3zcom.com\/index.php?rest_route=%2Fwp%2Fv2%2Fmedia&parent=854"}],"wp:term":[{"taxonomy":"post_tag","embeddable":true,"href":"http:\/\/agoratheque.3zcom.com\/index.php?rest_route=%2Fwp%2Fv2%2Ftags&post=854"}],"curies":[{"name":"wp","href":"https:\/\/api.w.org\/{rel}","templated":true}]}}